{"id":2,"date":"2020-02-27T20:26:08","date_gmt":"2020-02-27T18:26:08","guid":{"rendered":"https:\/\/blogi.eoppimispalvelut.fi\/a1900352\/?page_id=2"},"modified":"2020-03-02T21:51:34","modified_gmt":"2020-03-02T19:51:34","slug":"esimerkkisivu","status":"publish","type":"page","link":"https:\/\/blogi.eoppimispalvelut.fi\/a1900352\/esimerkkisivu\/","title":{"rendered":"Esittely"},"content":{"rendered":"<p>&nbsp;<\/p>\n<p>MOIKKA,<\/p>\n<p>blogia kirjoittelee Janica, ruuhkavuosia eteenp\u00e4in puskeva tytt\u00e4rien \u00e4iti ja monimuoto opiskelija Etel\u00e4- Suomesta. Blogin kirjoittaminen on itselleni uutta, ja osana Lapin ammattikorkeakoulun liiketalouden opintojani. Aikaisemmalta koulutukseltani olen myynnin ja asiakaspalvelun merkonomi, ja nyt haaveena olisi jonkinasteinen uranvaihto ja eteneminen koulutuksen my\u00f6t\u00e4 toisenlaisiin ty\u00f6teht\u00e4viin. Myynnin ja asiakaspalvelun t\u00f6it\u00e4 olen tehnyt vajaa parikymment\u00e4 vuotta, ja etenkin asiakaspalvelu on edelleenkin l\u00e4hell\u00e4 syd\u00e4nt\u00e4ni ja toivonkin voivani ty\u00f6llisty\u00e4 jatkossakin ainakin osittain niihin ty\u00f6teht\u00e4viin uusin haastein.<\/p>\n<p><img loading=\"lazy\" decoding=\"async\" class=\"aligncenter size-full wp-image-16\" src=\"https:\/\/blogi.eoppimispalvelut.fi\/a1900352\/files\/2020\/03\/Janica.jpg\" alt=\"\" width=\"480\" height=\"640\" srcset=\"https:\/\/blogi.eoppimispalvelut.fi\/a1900352\/files\/2020\/03\/Janica.jpg 480w, https:\/\/blogi.eoppimispalvelut.fi\/a1900352\/files\/2020\/03\/Janica-225x300.jpg 225w\" sizes=\"auto, (max-width: 480px) 100vw, 480px\" \/><br \/>Joskus kun el\u00e4m\u00e4ss\u00e4 tapahtuu suurempia muutoksia, kuten itselleni ty\u00f6rintamalla pari vuotta sitten loukkaannuttuani niin ettei sen aikainen ty\u00f6kuvani ollut en\u00e4\u00e4 sen j\u00e4lkeen mahdollista toteuttaa, on aika suunnata katse eteenp\u00e4in ja mietti\u00e4 mit\u00e4 sit\u00e4 tekisi isona, joten oli aika l\u00e4hte\u00e4 takaisin opintojen polulle toteuttamaan uusia haaveita. <br \/>Opiskelun ja muun el\u00e4m\u00e4n yhteensovittaminen ei aina ole niin mutkatonta, joskin lopulta se antaa paljon, enemm\u00e4n suorituksia, ponnistuksia, kiirett\u00e4, mutta my\u00f6s onnistumisen tunnetta oivalluksista ja opituista asioita, uusiin ihmisiin tutustumista ja omalla kohdallani my\u00f6s matkustelua. <br \/>Vapaa-ajan ongelmia ei voi totisesti sanoa, ett\u00e4 olisi, siltikin luonto, etenkin meri, veneily ja sienestys ovat itselle t\u00e4rkeit\u00e4, joskus joku sanonut sienihulluksikin :D. Asioita, joille koitan l\u00f6yt\u00e4\u00e4 aikaa hektisest\u00e4 arjesta lasten harrastusten; tenniksen, jalkapallon, laskettelun ja uinnin lis\u00e4ksi. Ruuanlaitto ja matkustelu sek\u00e4 koirat ovat ne muut niin t\u00e4rke\u00e4t vapaa-ajan aktiviteetit, on tullut kierrelty\u00e4 kymmeni\u00e4 kertoja pitkin maita ja mantuja Suomen rajojen ulkopuolellakin koirien kanssa ja vietetty\u00e4 tovi jos toinenkin pentulaatikon \u00e4\u00e4rell\u00e4. <br \/>Blogin sis\u00e4ll\u00f6t ovat osaltaan projektiamme koulussa, joten niiden aiheet liittyv\u00e4t suuresti opintomatkaani yritysostojen riskien maailmaan, jota toteutamme yhdess\u00e4 projekti ty\u00f6n\u00e4 Riskiryhm\u00e4 nimisess\u00e4 kokoonpanossa, jossa toimin yleisen\u00e4 avustajana, sek\u00e4 vastaan valmiiden materiaalien palautuksista.<\/p>\n","protected":false},"excerpt":{"rendered":"<p>&nbsp; MOIKKA, blogia kirjoittelee Janica, ruuhkavuosia eteenp\u00e4in puskeva tytt\u00e4rien \u00e4iti ja monimuoto opiskelija Etel\u00e4- Suomesta. Blogin kirjoittaminen on itselleni uutta, ja osana Lapin ammattikorkeakoulun liiketalouden opintojani. Aikaisemmalta koulutukseltani olen myynnin ja asiakaspalvelun merkonomi, ja nyt haaveena olisi jonkinasteinen uranvaihto ja &hellip; <a href=\"https:\/\/blogi.eoppimispalvelut.fi\/a1900352\/esimerkkisivu\/\">Continue reading <span class=\"meta-nav\">&rarr;<\/span><\/a><\/p>\n","protected":false},"author":4309,"featured_media":0,"parent":0,"menu_order":0,"comment_status":"closed","ping_status":"open","template":"","meta":{"_monsterinsights_skip_tracking":false,"_monsterinsights_sitenote_active":false,"_monsterinsights_sitenote_note":"","_monsterinsights_sitenote_category":0,"footnotes":""},"class_list":["post-2","page","type-page","status-publish","hentry"],"_links":{"self":[{"href":"https:\/\/blogi.eoppimispalvelut.fi\/a1900352\/wp-json\/wp\/v2\/pages\/2","targetHints":{"allow":["GET"]}}],"collection":[{"href":"https:\/\/blogi.eoppimispalvelut.fi\/a1900352\/wp-json\/wp\/v2\/pages"}],"about":[{"href":"https:\/\/blogi.eoppimispalvelut.fi\/a1900352\/wp-json\/wp\/v2\/types\/page"}],"author":[{"embeddable":true,"href":"https:\/\/blogi.eoppimispalvelut.fi\/a1900352\/wp-json\/wp\/v2\/users\/4309"}],"replies":[{"embeddable":true,"href":"https:\/\/blogi.eoppimispalvelut.fi\/a1900352\/wp-json\/wp\/v2\/comments?post=2"}],"version-history":[{"count":2,"href":"https:\/\/blogi.eoppimispalvelut.fi\/a1900352\/wp-json\/wp\/v2\/pages\/2\/revisions"}],"predecessor-version":[{"id":17,"href":"https:\/\/blogi.eoppimispalvelut.fi\/a1900352\/wp-json\/wp\/v2\/pages\/2\/revisions\/17"}],"wp:attachment":[{"href":"https:\/\/blogi.eoppimispalvelut.fi\/a1900352\/wp-json\/wp\/v2\/media?parent=2"}],"curies":[{"name":"wp","href":"https:\/\/api.w.org\/{rel}","templated":true}]}}