{"id":2386,"date":"2023-03-10T09:53:29","date_gmt":"2023-03-10T07:53:29","guid":{"rendered":"https:\/\/blogi.eoppimispalvelut.fi\/activearctic\/?page_id=2386"},"modified":"2023-03-10T09:55:27","modified_gmt":"2023-03-10T07:55:27","slug":"yhdessa-etana","status":"publish","type":"page","link":"https:\/\/blogi.eoppimispalvelut.fi\/activearctic\/yhdessa-etana\/","title":{"rendered":"Yhdess\u00e4-et\u00e4n\u00e4"},"content":{"rendered":"<p>[et_pb_section fb_built=&#8221;1&#8243; admin_label=&#8221;Kuva&#8221; _builder_version=&#8221;4.20.0&#8243; _module_preset=&#8221;default&#8221; background_enable_color=&#8221;off&#8221; background_enable_image=&#8221;off&#8221; module_alignment=&#8221;center&#8221; custom_margin=&#8221;0px||-1px||false|false&#8221; custom_padding=&#8221;0px||4px||false|false&#8221; collapsed=&#8221;off&#8221; global_colors_info=&#8221;{}&#8221;][et_pb_row _builder_version=&#8221;4.18.0&#8243; _module_preset=&#8221;default&#8221; width=&#8221;100%&#8221; max_width=&#8221;1958px&#8221; module_alignment=&#8221;center&#8221; custom_margin=&#8221;|auto|-2px|2px||&#8221; custom_padding=&#8221;0px|0px|18px|0px||&#8221; global_colors_info=&#8221;{}&#8221;][et_pb_column type=&#8221;4_4&#8243; _builder_version=&#8221;4.18.0&#8243; _module_preset=&#8221;default&#8221; global_colors_info=&#8221;{}&#8221;][et_pb_image src=&#8221;https:\/\/blogi.eoppimispalvelut.fi\/activearctic\/files\/2023\/03\/Yhdessa-etana-web-scaled.jpg&#8221; alt=&#8221;3 kuvaa per\u00e4kk\u00e4in: Mets\u00e4n maisemat Mets\u00e4nk\u00e4vij\u00e4stka, hymyilev\u00e4 tytt\u00f6, jolla on VR-Glasses, Mets\u00e4nK\u00e4vij\u00e4n j\u00e4rven maisemat&#8221; title_text=&#8221;Yhdess\u00e4-et\u00e4n\u00e4-web&#8221; _builder_version=&#8221;4.20.0&#8243; _module_preset=&#8221;default&#8221; width=&#8221;100%&#8221; max_width=&#8221;100%&#8221; global_colors_info=&#8221;{}&#8221;][\/et_pb_image][\/et_pb_column][\/et_pb_row][\/et_pb_section][et_pb_section fb_built=&#8221;1&#8243; admin_label=&#8221;Kehitt\u00e4misymp\u00e4rist\u00f6t&#8221; _builder_version=&#8221;4.20.0&#8243; _module_preset=&#8221;default&#8221; background_enable_image=&#8221;off&#8221; custom_margin=&#8221;1px|||||&#8221; custom_padding=&#8221;16px||6px|||&#8221; global_colors_info=&#8221;{}&#8221;][et_pb_row column_structure=&#8221;1_5,3_5,1_5&#8243; admin_label=&#8221;Mets\u00e4nk\u00e4vij\u00e4&#8221; _builder_version=&#8221;4.20.0&#8243; _module_preset=&#8221;default&#8221; min_height=&#8221;540.2px&#8221; custom_margin=&#8221;-10px|auto|0px|auto||&#8221; custom_padding=&#8221;10px|||||&#8221; global_colors_info=&#8221;{}&#8221;][et_pb_column type=&#8221;1_5&#8243; _builder_version=&#8221;4.20.0&#8243; _module_preset=&#8221;default&#8221; global_colors_info=&#8221;{}&#8221;][\/et_pb_column][et_pb_column type=&#8221;3_5&#8243; _builder_version=&#8221;4.20.0&#8243; _module_preset=&#8221;default&#8221; global_colors_info=&#8221;{}&#8221;][et_pb_text admin_label=&#8221;Mets\u00e4nk\u00e4vij\u00e4&#8221; _builder_version=&#8221;4.18.0&#8243; _module_preset=&#8221;default&#8221; custom_padding=&#8221;37px||38px|||&#8221; global_colors_info=&#8221;{}&#8221;]<\/p>\n<h2>Yhdess\u00e4 et\u00e4n\u00e4! \u2013 Hyvinvointia Lapin asukkaille<br \/><span><\/span><\/h2>\n<p>Yhdess\u00e4 et\u00e4n\u00e4 pilotin tapaamiset<br \/>pe 17.3.2023 klo 13\u201314 Et\u00e4jumppa ja yhteiset p\u00e4iv\u00e4kahvit<br \/>pe 31.3.2023 klo 13\u201314 Pelit arjen ilona<br \/>ma 17.4.2023 klo 13\u201314 Digiturvallisuus -esteett\u00f6myys digiasioissa<br \/>pe 28.4.2023 klo 13\u201314 Erityisryhmien et\u00e4jumppa<br \/>to 4.5.2023 klo 13\u201314 Hyvinvointialueen toiminta ja palvelut<br \/>ma 15.5.2023 klo 13\u201314 Hyvinvointil\u00e4hetti arkea tukemassa<\/p>\n<p>Laitamme teille kahta p\u00e4iv\u00e4\u00e4 ennen yhteist\u00e4 tapaamistamme teams-linkin<br \/>s\u00e4hk\u00f6postiinne. Linkist\u00e4 p\u00e4\u00e4sette liittym\u00e4\u00e4n yhteiseen tapaamiseen.<\/p>\n<p>Yhteyshenkil\u00f6t:<br \/>Tanja Marjanen-Korkala, tanja.marjanen-korkala@lapinamk.fi, 0401593683<br \/>Mira Oinas-M\u00e4enalanen, mira.oinas-m\u00e4enalanen@lapinamk.fi, 0405123630<\/p>\n<p>Tervetuloa mukaan osallistumaan ja kehitt\u00e4m\u00e4\u00e4n Lapin<br \/>alueemme asukkaiden hyvinvointia!<\/p>\n<p>[\/et_pb_text][\/et_pb_column][et_pb_column type=&#8221;1_5&#8243; _builder_version=&#8221;4.20.0&#8243; _module_preset=&#8221;default&#8221; global_colors_info=&#8221;{}&#8221;][\/et_pb_column][\/et_pb_row][\/et_pb_section]<\/p>\n","protected":false},"excerpt":{"rendered":"<p>Yhdess\u00e4 et\u00e4n\u00e4! \u2013 Hyvinvointia Lapin asukkaille Yhdess\u00e4 et\u00e4n\u00e4 pilotin tapaamisetpe 17.3.2023 klo 13\u201314 Et\u00e4jumppa ja yhteiset p\u00e4iv\u00e4kahvitpe 31.3.2023 klo 13\u201314 Pelit arjen ilonama 17.4.2023 klo 13\u201314 Digiturvallisuus -esteett\u00f6myys digiasioissape 28.4.2023 klo 13\u201314 Erityisryhmien et\u00e4jumppato 4.5.2023 klo 13\u201314 Hyvinvointialueen toiminta ja palvelutma 15.5.2023 klo 13\u201314 Hyvinvointil\u00e4hetti arkea tukemassa Laitamme teille kahta p\u00e4iv\u00e4\u00e4 ennen yhteist\u00e4 tapaamistamme teams-linkins\u00e4hk\u00f6postiinne. [&hellip;]<\/p>\n","protected":false},"author":19914,"featured_media":0,"parent":0,"menu_order":0,"comment_status":"closed","ping_status":"closed","template":"","meta":{"_et_pb_use_builder":"on","_et_pb_old_content":"","_et_gb_content_width":"","footnotes":""},"class_list":["post-2386","page","type-page","status-publish","hentry"],"yoast_head":"<!-- This site is optimized with the Yoast SEO plugin v27.4 - https:\/\/yoast.com\/product\/yoast-seo-wordpress\/ -->\n<title>Yhdess\u00e4-et\u00e4n\u00e4 - Active Arctic<\/title>\n<meta name=\"robots\" content=\"index, follow, max-snippet:-1, max-image-preview:large, max-video-preview:-1\" \/>\n<link rel=\"canonical\" href=\"https:\/\/blogi.eoppimispalvelut.fi\/activearctic\/yhdessa-etana\/\" \/>\n<meta property=\"og:locale\" content=\"fi_FI\" \/>\n<meta property=\"og:type\" content=\"article\" \/>\n<meta property=\"og:title\" content=\"Yhdess\u00e4-et\u00e4n\u00e4 - Active Arctic\" \/>\n<meta property=\"og:description\" content=\"Yhdess\u00e4 et\u00e4n\u00e4! \u2013 Hyvinvointia Lapin asukkaille Yhdess\u00e4 et\u00e4n\u00e4 pilotin tapaamisetpe 17.3.2023 klo 13\u201314 Et\u00e4jumppa ja yhteiset p\u00e4iv\u00e4kahvitpe 31.3.2023 klo 13\u201314 Pelit arjen ilonama 17.4.2023 klo 13\u201314 Digiturvallisuus -esteett\u00f6myys digiasioissape 28.4.2023 klo 13\u201314 Erityisryhmien et\u00e4jumppato 4.5.2023 klo 13\u201314 Hyvinvointialueen toiminta ja palvelutma 15.5.2023 klo 13\u201314 Hyvinvointil\u00e4hetti arkea tukemassa Laitamme teille kahta p\u00e4iv\u00e4\u00e4 ennen yhteist\u00e4 tapaamistamme teams-linkins\u00e4hk\u00f6postiinne. [&hellip;]\" \/>\n<meta property=\"og:url\" content=\"https:\/\/blogi.eoppimispalvelut.fi\/activearctic\/yhdessa-etana\/\" \/>\n<meta property=\"og:site_name\" content=\"Active Arctic\" \/>\n<meta property=\"article:modified_time\" content=\"2023-03-10T07:55:27+00:00\" \/>\n<meta name=\"twitter:card\" content=\"summary_large_image\" \/>\n<meta name=\"twitter:label1\" content=\"Est. reading time\" \/>\n\t<meta name=\"twitter:data1\" content=\"2 minutes\" \/>\n<script type=\"application\/ld+json\" class=\"yoast-schema-graph\">{\"@context\":\"https:\\\/\\\/schema.org\",\"@graph\":[{\"@type\":\"WebPage\",\"@id\":\"https:\\\/\\\/blogi.eoppimispalvelut.fi\\\/activearctic\\\/yhdessa-etana\\\/\",\"url\":\"https:\\\/\\\/blogi.eoppimispalvelut.fi\\\/activearctic\\\/yhdessa-etana\\\/\",\"name\":\"Yhdess\u00e4-et\u00e4n\u00e4 - Active Arctic\",\"isPartOf\":{\"@id\":\"https:\\\/\\\/blogi.eoppimispalvelut.fi\\\/activearctic\\\/#website\"},\"datePublished\":\"2023-03-10T07:53:29+00:00\",\"dateModified\":\"2023-03-10T07:55:27+00:00\",\"breadcrumb\":{\"@id\":\"https:\\\/\\\/blogi.eoppimispalvelut.fi\\\/activearctic\\\/yhdessa-etana\\\/#breadcrumb\"},\"inLanguage\":\"fi\",\"potentialAction\":[{\"@type\":\"ReadAction\",\"target\":[\"https:\\\/\\\/blogi.eoppimispalvelut.fi\\\/activearctic\\\/yhdessa-etana\\\/\"]}]},{\"@type\":\"BreadcrumbList\",\"@id\":\"https:\\\/\\\/blogi.eoppimispalvelut.fi\\\/activearctic\\\/yhdessa-etana\\\/#breadcrumb\",\"itemListElement\":[{\"@type\":\"ListItem\",\"position\":1,\"name\":\"Home\",\"item\":\"https:\\\/\\\/blogi.eoppimispalvelut.fi\\\/activearctic\\\/\"},{\"@type\":\"ListItem\",\"position\":2,\"name\":\"Yhdess\u00e4-et\u00e4n\u00e4\"}]},{\"@type\":\"WebSite\",\"@id\":\"https:\\\/\\\/blogi.eoppimispalvelut.fi\\\/activearctic\\\/#website\",\"url\":\"https:\\\/\\\/blogi.eoppimispalvelut.fi\\\/activearctic\\\/\",\"name\":\"Active Arctic\",\"description\":\"Digitaaliset ymp\u00e4rist\u00f6t ja ratkaisut harvaan asuttujen alueiden hyvinvoinnin ja yritysten tukena \",\"potentialAction\":[{\"@type\":\"SearchAction\",\"target\":{\"@type\":\"EntryPoint\",\"urlTemplate\":\"https:\\\/\\\/blogi.eoppimispalvelut.fi\\\/activearctic\\\/?s={search_term_string}\"},\"query-input\":{\"@type\":\"PropertyValueSpecification\",\"valueRequired\":true,\"valueName\":\"search_term_string\"}}],\"inLanguage\":\"fi\"}]}<\/script>\n<!-- \/ Yoast SEO plugin. -->","yoast_head_json":{"title":"Yhdess\u00e4-et\u00e4n\u00e4 - Active Arctic","robots":{"index":"index","follow":"follow","max-snippet":"max-snippet:-1","max-image-preview":"max-image-preview:large","max-video-preview":"max-video-preview:-1"},"canonical":"https:\/\/blogi.eoppimispalvelut.fi\/activearctic\/yhdessa-etana\/","og_locale":"fi_FI","og_type":"article","og_title":"Yhdess\u00e4-et\u00e4n\u00e4 - Active Arctic","og_description":"Yhdess\u00e4 et\u00e4n\u00e4! \u2013 Hyvinvointia Lapin asukkaille Yhdess\u00e4 et\u00e4n\u00e4 pilotin tapaamisetpe 17.3.2023 klo 13\u201314 Et\u00e4jumppa ja yhteiset p\u00e4iv\u00e4kahvitpe 31.3.2023 klo 13\u201314 Pelit arjen ilonama 17.4.2023 klo 13\u201314 Digiturvallisuus -esteett\u00f6myys digiasioissape 28.4.2023 klo 13\u201314 Erityisryhmien et\u00e4jumppato 4.5.2023 klo 13\u201314 Hyvinvointialueen toiminta ja palvelutma 15.5.2023 klo 13\u201314 Hyvinvointil\u00e4hetti arkea tukemassa Laitamme teille kahta p\u00e4iv\u00e4\u00e4 ennen yhteist\u00e4 tapaamistamme teams-linkins\u00e4hk\u00f6postiinne. [&hellip;]","og_url":"https:\/\/blogi.eoppimispalvelut.fi\/activearctic\/yhdessa-etana\/","og_site_name":"Active Arctic","article_modified_time":"2023-03-10T07:55:27+00:00","twitter_card":"summary_large_image","twitter_misc":{"Est. reading time":"2 minutes"},"schema":{"@context":"https:\/\/schema.org","@graph":[{"@type":"WebPage","@id":"https:\/\/blogi.eoppimispalvelut.fi\/activearctic\/yhdessa-etana\/","url":"https:\/\/blogi.eoppimispalvelut.fi\/activearctic\/yhdessa-etana\/","name":"Yhdess\u00e4-et\u00e4n\u00e4 - Active Arctic","isPartOf":{"@id":"https:\/\/blogi.eoppimispalvelut.fi\/activearctic\/#website"},"datePublished":"2023-03-10T07:53:29+00:00","dateModified":"2023-03-10T07:55:27+00:00","breadcrumb":{"@id":"https:\/\/blogi.eoppimispalvelut.fi\/activearctic\/yhdessa-etana\/#breadcrumb"},"inLanguage":"fi","potentialAction":[{"@type":"ReadAction","target":["https:\/\/blogi.eoppimispalvelut.fi\/activearctic\/yhdessa-etana\/"]}]},{"@type":"BreadcrumbList","@id":"https:\/\/blogi.eoppimispalvelut.fi\/activearctic\/yhdessa-etana\/#breadcrumb","itemListElement":[{"@type":"ListItem","position":1,"name":"Home","item":"https:\/\/blogi.eoppimispalvelut.fi\/activearctic\/"},{"@type":"ListItem","position":2,"name":"Yhdess\u00e4-et\u00e4n\u00e4"}]},{"@type":"WebSite","@id":"https:\/\/blogi.eoppimispalvelut.fi\/activearctic\/#website","url":"https:\/\/blogi.eoppimispalvelut.fi\/activearctic\/","name":"Active Arctic","description":"Digitaaliset ymp\u00e4rist\u00f6t ja ratkaisut harvaan asuttujen alueiden hyvinvoinnin ja yritysten tukena ","potentialAction":[{"@type":"SearchAction","target":{"@type":"EntryPoint","urlTemplate":"https:\/\/blogi.eoppimispalvelut.fi\/activearctic\/?s={search_term_string}"},"query-input":{"@type":"PropertyValueSpecification","valueRequired":true,"valueName":"search_term_string"}}],"inLanguage":"fi"}]}},"_links":{"self":[{"href":"https:\/\/blogi.eoppimispalvelut.fi\/activearctic\/wp-json\/wp\/v2\/pages\/2386","targetHints":{"allow":["GET"]}}],"collection":[{"href":"https:\/\/blogi.eoppimispalvelut.fi\/activearctic\/wp-json\/wp\/v2\/pages"}],"about":[{"href":"https:\/\/blogi.eoppimispalvelut.fi\/activearctic\/wp-json\/wp\/v2\/types\/page"}],"author":[{"embeddable":true,"href":"https:\/\/blogi.eoppimispalvelut.fi\/activearctic\/wp-json\/wp\/v2\/users\/19914"}],"replies":[{"embeddable":true,"href":"https:\/\/blogi.eoppimispalvelut.fi\/activearctic\/wp-json\/wp\/v2\/comments?post=2386"}],"version-history":[{"count":5,"href":"https:\/\/blogi.eoppimispalvelut.fi\/activearctic\/wp-json\/wp\/v2\/pages\/2386\/revisions"}],"predecessor-version":[{"id":2395,"href":"https:\/\/blogi.eoppimispalvelut.fi\/activearctic\/wp-json\/wp\/v2\/pages\/2386\/revisions\/2395"}],"wp:attachment":[{"href":"https:\/\/blogi.eoppimispalvelut.fi\/activearctic\/wp-json\/wp\/v2\/media?parent=2386"}],"curies":[{"name":"wp","href":"https:\/\/api.w.org\/{rel}","templated":true}]}}

Yhdessä-etänä

<p>[et_pb_section fb_built=&#8221;1&#8243; admin_label=&#8221;Kuva&#8221; _builder_version=&#8221;4.20.0&#8243; _module_preset=&#8221;default&#8221; background_enable_color=&#8221;off&#8221; background_enable_image=&#8221;off&#8221; module_alignment=&#8221;center&#8221; custom_margin=&#8221;0px||-1px||false|false&#8221; custom_padding=&#8221;0px||4px||false|false&#8221; collapsed=&#8221;off&#8221; global_colors_info=&#8221;{}&#8221;][et_pb_row _builder_version=&#8221;4.18.0&#8243; _module_preset=&#8221;default&#8221; width=&#8221;100%&#8221; max_width=&#8221;1958px&#8221; module_alignment=&#8221;center&#8221; custom_margin=&#8221;|auto|-2px|2px||&#8221; custom_padding=&#8221;0px|0px|18px|0px||&#8221; global_colors_info=&#8221;{}&#8221;][et_pb_column type=&#8221;4_4&#8243; _builder_version=&#8221;4.18.0&#8243; _module_preset=&#8221;default&#8221; global_colors_info=&#8221;{}&#8221;][et_pb_image src=&#8221;https://blogi.eoppimispalvelut.fi/activearctic/files/2023/03/Yhdessa-etana-web-scaled.jpg&#8221; alt=&#8221;3 kuvaa peräkkäin: Metsän maisemat Metsänkävijästka, hymyilevä tyttö, jolla on VR-Glasses, MetsänKävijän järven maisemat&#8221; title_text=&#8221;Yhdessä-etänä-web&#8221; _builder_version=&#8221;4.20.0&#8243; _module_preset=&#8221;default&#8221; width=&#8221;100%&#8221; max_width=&#8221;100%&#8221; global_colors_info=&#8221;{}&#8221;][/et_pb_image][/et_pb_column][/et_pb_row][/et_pb_section][et_pb_section fb_built=&#8221;1&#8243; admin_label=&#8221;Kehittämisympäristöt&#8221; _builder_version=&#8221;4.20.0&#8243; _module_preset=&#8221;default&#8221; background_enable_image=&#8221;off&#8221; custom_margin=&#8221;1px|||||&#8221; custom_padding=&#8221;16px||6px|||&#8221; global_colors_info=&#8221;{}&#8221;][et_pb_row column_structure=&#8221;1_5,3_5,1_5&#8243; admin_label=&#8221;Metsänkävijä&#8221; _builder_version=&#8221;4.20.0&#8243; _module_preset=&#8221;default&#8221; min_height=&#8221;540.2px&#8221; custom_margin=&#8221;-10px|auto|0px|auto||&#8221; custom_padding=&#8221;10px|||||&#8221; global_colors_info=&#8221;{}&#8221;][et_pb_column type=&#8221;1_5&#8243; _builder_version=&#8221;4.20.0&#8243; _module_preset=&#8221;default&#8221; global_colors_info=&#8221;{}&#8221;][/et_pb_column][et_pb_column type=&#8221;3_5&#8243; _builder_version=&#8221;4.20.0&#8243; _module_preset=&#8221;default&#8221; global_colors_info=&#8221;{}&#8221;][et_pb_text admin_label=&#8221;Metsänkävijä&#8221; _builder_version=&#8221;4.18.0&#8243; _module_preset=&#8221;default&#8221; custom_padding=&#8221;37px||38px|||&#8221; global_colors_info=&#8221;{}&#8221;]</p>
<h2>Yhdessä etänä! – Hyvinvointia Lapin asukkaille<br /><span></span></h2>
<p>Yhdessä etänä pilotin tapaamiset<br />pe 17.3.2023 klo 13–14 Etäjumppa ja yhteiset päiväkahvit<br />pe 31.3.2023 klo 13–14 Pelit arjen ilona<br />ma 17.4.2023 klo 13–14 Digiturvallisuus -esteettömyys digiasioissa<br />pe 28.4.2023 klo 13–14 Erityisryhmien etäjumppa<br />to 4.5.2023 klo 13–14 Hyvinvointialueen toiminta ja palvelut<br />ma 15.5.2023 klo 13–14 Hyvinvointilähetti arkea tukemassa</p>
<p>Laitamme teille kahta päivää ennen yhteistä tapaamistamme teams-linkin<br />sähköpostiinne. Linkistä pääsette liittymään yhteiseen tapaamiseen.</p>
<p>Yhteyshenkilöt:<br />Tanja Marjanen-Korkala, tanja.marjanen-korkala@lapinamk.fi, 0401593683<br />Mira Oinas-Mäenalanen, mira.oinas-mäenalanen@lapinamk.fi, 0405123630</p>
<p>Tervetuloa mukaan osallistumaan ja kehittämään Lapin<br />alueemme asukkaiden hyvinvointia!</p>
<p>[/et_pb_text][/et_pb_column][et_pb_column type=&#8221;1_5&#8243; _builder_version=&#8221;4.20.0&#8243; _module_preset=&#8221;default&#8221; global_colors_info=&#8221;{}&#8221;][/et_pb_column][/et_pb_row][/et_pb_section]</p>

<p>Yhdessä etänä! – Hyvinvointia Lapin asukkaille Yhdessä etänä pilotin tapaamisetpe 17.3.2023 klo 13–14 Etäjumppa ja yhteiset päiväkahvitpe 31.3.2023 klo 13–14 Pelit arjen ilonama 17.4.2023 klo 13–14 Digiturvallisuus -esteettömyys digiasioissape 28.4.2023 klo 13–14 Erityisryhmien etäjumppato 4.5.2023 klo 13–14 Hyvinvointialueen toiminta ja palvelutma 15.5.2023 klo 13–14 Hyvinvointilähetti arkea tukemassa Laitamme teille kahta päivää ennen yhteistä tapaamistamme teams-linkinsähköpostiinne. [&hellip;]</p>

<!-- This site is optimized with the Yoast SEO plugin v27.4 - https://yoast.com/product/yoast-seo-wordpress/ -->
<title>Yhdessä-etänä - Active Arctic</title>
<meta name="robots" content="index, follow, max-snippet:-1, max-image-preview:large, max-video-preview:-1" />
<link rel="canonical" href="https://blogi.eoppimispalvelut.fi/activearctic/yhdessa-etana/" />
<meta property="og:locale" content="fi_FI" />
<meta property="og:type" content="article" />
<meta property="og:title" content="Yhdessä-etänä - Active Arctic" />
<meta property="og:description" content="Yhdessä etänä! – Hyvinvointia Lapin asukkaille Yhdessä etänä pilotin tapaamisetpe 17.3.2023 klo 13–14 Etäjumppa ja yhteiset päiväkahvitpe 31.3.2023 klo 13–14 Pelit arjen ilonama 17.4.2023 klo 13–14 Digiturvallisuus -esteettömyys digiasioissape 28.4.2023 klo 13–14 Erityisryhmien etäjumppato 4.5.2023 klo 13–14 Hyvinvointialueen toiminta ja palvelutma 15.5.2023 klo 13–14 Hyvinvointilähetti arkea tukemassa Laitamme teille kahta päivää ennen yhteistä tapaamistamme teams-linkinsähköpostiinne. [&hellip;]" />
<meta property="og:url" content="https://blogi.eoppimispalvelut.fi/activearctic/yhdessa-etana/" />
<meta property="og:site_name" content="Active Arctic" />
<meta property="article:modified_time" content="2023-03-10T07:55:27+00:00" />
<meta name="twitter:card" content="summary_large_image" />
<meta name="twitter:label1" content="Est. reading time" />
	<meta name="twitter:data1" content="2 minutes" />
<script type="application/ld+json" class="yoast-schema-graph">{"@context":"https:\/\/schema.org","@graph":[{"@type":"WebPage","@id":"https:\/\/blogi.eoppimispalvelut.fi\/activearctic\/yhdessa-etana\/","url":"https:\/\/blogi.eoppimispalvelut.fi\/activearctic\/yhdessa-etana\/","name":"Yhdessä-etänä - Active Arctic","isPartOf":{"@id":"https:\/\/blogi.eoppimispalvelut.fi\/activearctic\/#website"},"datePublished":"2023-03-10T07:53:29+00:00","dateModified":"2023-03-10T07:55:27+00:00","breadcrumb":{"@id":"https:\/\/blogi.eoppimispalvelut.fi\/activearctic\/yhdessa-etana\/#breadcrumb"},"inLanguage":"fi","potentialAction":[{"@type":"ReadAction","target":["https:\/\/blogi.eoppimispalvelut.fi\/activearctic\/yhdessa-etana\/"]}]},{"@type":"BreadcrumbList","@id":"https:\/\/blogi.eoppimispalvelut.fi\/activearctic\/yhdessa-etana\/#breadcrumb","itemListElement":[{"@type":"ListItem","position":1,"name":"Home","item":"https:\/\/blogi.eoppimispalvelut.fi\/activearctic\/"},{"@type":"ListItem","position":2,"name":"Yhdessä-etänä"}]},{"@type":"WebSite","@id":"https:\/\/blogi.eoppimispalvelut.fi\/activearctic\/#website","url":"https:\/\/blogi.eoppimispalvelut.fi\/activearctic\/","name":"Active Arctic","description":"Digitaaliset ympäristöt ja ratkaisut harvaan asuttujen alueiden hyvinvoinnin ja yritysten tukena ","potentialAction":[{"@type":"SearchAction","target":{"@type":"EntryPoint","urlTemplate":"https:\/\/blogi.eoppimispalvelut.fi\/activearctic\/?s={search_term_string}"},"query-input":{"@type":"PropertyValueSpecification","valueRequired":true,"valueName":"search_term_string"}}],"inLanguage":"fi"}]}</script>
<!-- / Yoast SEO plugin. -->

Yhdessä-etänä - Active Arctic

Yhdessä etänä! – Hyvinvointia Lapin asukkaille Yhdessä etänä pilotin tapaamisetpe 17.3.2023 klo 13–14 Etäjumppa ja yhteiset päiväkahvitpe 31.3.2023 klo 13–14 Pelit arjen ilonama 17.4.2023 klo 13–14 Digiturvallisuus -esteettömyys digiasioissape 28.4.2023 klo 13–14 Erityisryhmien etäjumppato 4.5.2023 klo 13–14 Hyvinvointialueen toiminta ja palvelutma 15.5.2023 klo 13–14 Hyvinvointilähetti arkea tukemassa Laitamme teille kahta päivää ennen yhteistä tapaamistamme teams-linkinsähköpostiinne. [&hellip;]

Digitaaliset ympäristöt ja ratkaisut harvaan asuttujen alueiden hyvinvoinnin ja yritysten tukena
