{"id":41,"date":"2018-04-28T13:47:55","date_gmt":"2018-04-28T10:47:55","guid":{"rendered":"https:\/\/blogi.eoppimispalvelut.fi\/ahassi\/?page_id=41"},"modified":"2018-04-28T17:29:28","modified_gmt":"2018-04-28T14:29:28","slug":"lahteet","status":"publish","type":"page","link":"https:\/\/blogi.eoppimispalvelut.fi\/ahassi\/lahteet\/","title":{"rendered":"L\u00e4hteet"},"content":{"rendered":"<div>Rousku, K. Linturi, R. Andersson, C. Stenfors, S. L\u00e4hteenm\u00e4ki, I. K\u00e4rki, T. Limn\u00e9, J. 2017.\u00a0 Pilkahduksia tulevaisuuteen \u2013 digitalisaation ja robotisaation mahdollisuudet.\u00a0 Valtiovarainministeri\u00f6n julkaisuja 2017:10.<\/div>\n","protected":false},"excerpt":{"rendered":"<p>Rousku, K. Linturi, R. Andersson, C. Stenfors, S. L\u00e4hteenm\u00e4ki, I. K\u00e4rki, T. Limn\u00e9, J. 2017.\u00a0 Pilkahduksia tulevaisuuteen \u2013 digitalisaation ja robotisaation mahdollisuudet.\u00a0 Valtiovarainministeri\u00f6n julkaisuja 2017:10.<\/p>\n","protected":false},"author":3104,"featured_media":0,"parent":0,"menu_order":0,"comment_status":"closed","ping_status":"closed","template":"","meta":{"footnotes":""},"class_list":["post-41","page","type-page","status-publish","hentry"],"_links":{"self":[{"href":"https:\/\/blogi.eoppimispalvelut.fi\/ahassi\/wp-json\/wp\/v2\/pages\/41","targetHints":{"allow":["GET"]}}],"collection":[{"href":"https:\/\/blogi.eoppimispalvelut.fi\/ahassi\/wp-json\/wp\/v2\/pages"}],"about":[{"href":"https:\/\/blogi.eoppimispalvelut.fi\/ahassi\/wp-json\/wp\/v2\/types\/page"}],"author":[{"embeddable":true,"href":"https:\/\/blogi.eoppimispalvelut.fi\/ahassi\/wp-json\/wp\/v2\/users\/3104"}],"replies":[{"embeddable":true,"href":"https:\/\/blogi.eoppimispalvelut.fi\/ahassi\/wp-json\/wp\/v2\/comments?post=41"}],"version-history":[{"count":6,"href":"https:\/\/blogi.eoppimispalvelut.fi\/ahassi\/wp-json\/wp\/v2\/pages\/41\/revisions"}],"predecessor-version":[{"id":88,"href":"https:\/\/blogi.eoppimispalvelut.fi\/ahassi\/wp-json\/wp\/v2\/pages\/41\/revisions\/88"}],"wp:attachment":[{"href":"https:\/\/blogi.eoppimispalvelut.fi\/ahassi\/wp-json\/wp\/v2\/media?parent=41"}],"curies":[{"name":"wp","href":"https:\/\/api.w.org\/{rel}","templated":true}]}}