{"id":463,"date":"2015-04-14T12:39:58","date_gmt":"2015-04-14T10:39:58","guid":{"rendered":"https:\/\/blogi.eoppimispalvelut.fi\/aikuiskoulutuspalvelut\/?page_id=463"},"modified":"2018-04-13T13:52:55","modified_gmt":"2018-04-13T11:52:55","slug":"info","status":"publish","type":"page","link":"https:\/\/blogi.eoppimispalvelut.fi\/aikuiskoulutuspalvelut\/info\/","title":{"rendered":"Info ja yhteystiedot"},"content":{"rendered":"<p>Tervetuloa Lapin korkeakoulukonsernin (LUC) Aikuiskoulutuspalveluiden blogiin!<\/p>\n<p><a href=\"http:\/\/www.luc.fi\/fi\/LUC\/Aikuiskoulutuspalvelut\" target=\"_blank\" rel=\"noopener\">LUC -aikuiskoulutuspalvelut<\/a> tarjoavat asiakasl\u00e4ht\u00f6isi\u00e4 ja monialaisia koulutuspalveluja, jotka pohjautuvat Lapin ammattikorkeakoulun ja Lapin yliopiston osaamisalueisiin. Yhteisesti tuotetuissa koulutuspalveluissa korostuu k\u00e4yt\u00e4nn\u00f6nl\u00e4heinen kehitt\u00e4mistoiminta, joka perustuu alan viimeisimm\u00e4n asiantuntijuuden ja tutkimustiedon hy\u00f6dynt\u00e4miseen.<\/p>\n<p><a href=\"http:\/\/uusi.maakuntakorkeakoulu.fi\/Suomeksi\/Etusivu\" target=\"_blank\" rel=\"noopener\">Lapin maakuntakorkeakoulu<\/a> on osa Lapin korkeakoulukonsernin aikuiskoulutuspalveluja. Alueen tarpeisiin r\u00e4\u00e4t\u00e4l\u00f6ityj\u00e4, osaamisen kehitt\u00e4miseen t\u00e4ht\u00e4\u00e4vi\u00e4 palveluja tuottavat Lapin ammattikorkeakoulu, Lapin kes\u00e4yliopisto sek\u00e4 Lapin yliopisto.\u00a0Maakuntakorkeakoulutoiminnan tavoitteita ovat Lapin korkeakoulujen ja seutukuntien yhteisty\u00f6, uusien koulutussis\u00e4lt\u00f6jen kehitt\u00e4minen paikallisten tarpeiden mukaan sek\u00e4 koulutuksen saatavuus Lapin maakunnassa.<\/p>\n<p>Ole rohkeasti yhteydess\u00e4 meihin. Rakennetaan yhdess\u00e4 juuri teille sopiva koulutus!<\/p>\n<p><strong>Lapin yliopiston koulutus- ja kehitt\u00e4mispalvelut<\/strong>:<\/p>\n<p><strong>Antti Koski<\/strong><br \/>\nKoulutus- ja kehitysjohtaja<br \/>\n040-7368481<br \/>\nantti.koski(at)ulapland.fi<\/p>\n<p><strong>Lapin ammattikorkeakoulu:<\/strong><\/p>\n<p><strong>Anu Pruikkonen<\/strong><br \/>\nPalvelup\u00e4\u00e4llikk\u00f6<br \/>\n040-556 4632<br \/>\nanu.pruikkonen(at)lapinamk.fi<\/p>\n","protected":false},"excerpt":{"rendered":"<p>Tervetuloa Lapin korkeakoulukonsernin (LUC) Aikuiskoulutuspalveluiden blogiin! LUC -aikuiskoulutuspalvelut tarjoavat asiakasl\u00e4ht\u00f6isi\u00e4 ja monialaisia koulutuspalveluja, jotka pohjautuvat Lapin ammattikorkeakoulun ja Lapin yliopiston osaamisalueisiin. Yhteisesti tuotetuissa koulutuspalveluissa korostuu k\u00e4yt\u00e4nn\u00f6nl\u00e4heinen kehitt\u00e4mistoiminta, joka perustuu alan viimeisimm\u00e4n asiantuntijuuden ja tutkimustiedon hy\u00f6dynt\u00e4miseen. Lapin maakuntakorkeakoulu on osa Lapin &hellip; <a href=\"https:\/\/blogi.eoppimispalvelut.fi\/aikuiskoulutuspalvelut\/info\/\">Continue reading <span class=\"meta-nav\">&rarr;<\/span><\/a><\/p>\n","protected":false},"author":1231,"featured_media":0,"parent":0,"menu_order":0,"comment_status":"closed","ping_status":"closed","template":"","meta":{"_monsterinsights_skip_tracking":false,"_monsterinsights_sitenote_active":false,"_monsterinsights_sitenote_note":"","_monsterinsights_sitenote_category":0,"footnotes":""},"class_list":["post-463","page","type-page","status-publish","hentry"],"_links":{"self":[{"href":"https:\/\/blogi.eoppimispalvelut.fi\/aikuiskoulutuspalvelut\/wp-json\/wp\/v2\/pages\/463","targetHints":{"allow":["GET"]}}],"collection":[{"href":"https:\/\/blogi.eoppimispalvelut.fi\/aikuiskoulutuspalvelut\/wp-json\/wp\/v2\/pages"}],"about":[{"href":"https:\/\/blogi.eoppimispalvelut.fi\/aikuiskoulutuspalvelut\/wp-json\/wp\/v2\/types\/page"}],"author":[{"embeddable":true,"href":"https:\/\/blogi.eoppimispalvelut.fi\/aikuiskoulutuspalvelut\/wp-json\/wp\/v2\/users\/1231"}],"replies":[{"embeddable":true,"href":"https:\/\/blogi.eoppimispalvelut.fi\/aikuiskoulutuspalvelut\/wp-json\/wp\/v2\/comments?post=463"}],"version-history":[{"count":13,"href":"https:\/\/blogi.eoppimispalvelut.fi\/aikuiskoulutuspalvelut\/wp-json\/wp\/v2\/pages\/463\/revisions"}],"predecessor-version":[{"id":702,"href":"https:\/\/blogi.eoppimispalvelut.fi\/aikuiskoulutuspalvelut\/wp-json\/wp\/v2\/pages\/463\/revisions\/702"}],"wp:attachment":[{"href":"https:\/\/blogi.eoppimispalvelut.fi\/aikuiskoulutuspalvelut\/wp-json\/wp\/v2\/media?parent=463"}],"curies":[{"name":"wp","href":"https:\/\/api.w.org\/{rel}","templated":true}]}}