{"id":141,"date":"2013-02-07T14:44:27","date_gmt":"2013-02-07T12:44:27","guid":{"rendered":"https:\/\/blogi.eoppimispalvelut.fi\/aktiiviplus\/?page_id=141"},"modified":"2014-02-12T10:34:21","modified_gmt":"2014-02-12T08:34:21","slug":"hyvat-ja-lupaavat-kaytannot","status":"publish","type":"page","link":"https:\/\/blogi.eoppimispalvelut.fi\/aktiiviplus\/hyvat-ja-lupaavat-kaytannot\/","title":{"rendered":"Hyv\u00e4t ja lupaavat k\u00e4yt\u00e4nn\u00f6t"},"content":{"rendered":"<p>Hyvien ja lupaavien k\u00e4yt\u00e4nt\u00f6jen levitt\u00e4minen on yksi koordintointihankkeen p\u00e4\u00e4teemoista ja -teht\u00e4vist\u00e4. Hyvi\u00e4 ja lupaavia k\u00e4yt\u00e4nt\u00f6j\u00e4 syntyy hankkeissa suuri m\u00e4\u00e4r\u00e4, mutta vain osa &#8220;p\u00e4\u00e4tyy julkisuuteen&#8221; ja sit\u00e4 kautta muiden k\u00e4ytt\u00f6\u00f6n.<\/p>\n<p>Aktiiviverkoston alkutaipaleella ker\u00e4ttiin verkostossa syntyneit\u00e4 tuloksia ja kerrottiin niist\u00e4 muille hankeverkoston j\u00e4senille. Jo alusta saakka k\u00e4vi selville, ett\u00e4 samoja asioita pohditaan tai samoja ratkaisuja k\u00e4ytet\u00e4\u00e4n useammassa hankkeessa. Ne pit\u00e4\u00e4 vain saada kuvattua niin, ett\u00e4 ne on helposti levitett\u00e4viss\u00e4 sek\u00e4 hankeverkostoon ett\u00e4 my\u00f6s verkoston ulkopuolelle, arkip\u00e4iv\u00e4n toimintaan. T\u00e4st\u00e4 p\u00e4\u00e4dyttiin tuotteistamiseen, mutta siit\u00e4 enemm\u00e4n <a href=\"https:\/\/blogi.eoppimispalvelut.fi\/aktiiviplus\/tuotteistaminen\/\">toisaalla<\/a>.<\/p>\n<p>Kuten aiemmin mainittu, Aktiiviverkoston alkutaipaleella ker\u00e4simme k\u00e4yt\u00e4nt\u00f6j\u00e4 . Yhteen paikkaan ker\u00e4tyt levitt\u00e4misen arvoiset ideat ja k\u00e4yt\u00e4nn\u00f6t l\u00f6ytyv\u00e4t <a href=\"https:\/\/elgg.mcampus.fi\/aktiivi\/pg\/pages\/view\/1029\/\" target=\"_blank\">t\u00e4\u00e4lt\u00e4<\/a>.<\/p>\n<p>AKTIIVI -hankkeessa on my\u00f6s julkaistu k\u00e4sikirja otsikolla: &#8220;Apuja aktiivisuuteen, v\u00e4lineit\u00e4 verkostoihin &#8211; avoimissa oppimisymp\u00e4rist\u00f6iss\u00e4 aktiiviseksi kansalaiseksi -kehitt\u00e4misohjelman hyvi\u00e4 ja lupaavia k\u00e4yt\u00e4nt\u00f6j\u00e4&#8221; Kirjaan voit tutustua <a href=\"http:\/\/portal.hamk.fi\/portal\/page\/portal\/HAMKJulkisetDokumentit\/Yleisopalvelut\/Julkaisupalvelut\/Kirjat\/Tutkimus-%20ja%20kehitysty%C3%B6\/Aktiivi_2011_e.pdf\" target=\"_blank\">t\u00e4\u00e4ll\u00e4<\/a><\/p>\n","protected":false},"excerpt":{"rendered":"<p>Hyvien ja lupaavien k\u00e4yt\u00e4nt\u00f6jen levitt\u00e4minen on yksi koordintointihankkeen p\u00e4\u00e4teemoista ja -teht\u00e4vist\u00e4. Hyvi\u00e4 ja lupaavia k\u00e4yt\u00e4nt\u00f6j\u00e4 syntyy hankkeissa suuri m\u00e4\u00e4r\u00e4, mutta vain osa &#8220;p\u00e4\u00e4tyy julkisuuteen&#8221; ja sit\u00e4 kautta muiden k\u00e4ytt\u00f6\u00f6n. Aktiiviverkoston alkutaipaleella ker\u00e4ttiin verkostossa syntyneit\u00e4 tuloksia ja kerrottiin niist\u00e4 muille hankeverkoston &hellip; <a href=\"https:\/\/blogi.eoppimispalvelut.fi\/aktiiviplus\/hyvat-ja-lupaavat-kaytannot\/\">Continue reading <span class=\"meta-nav\">&rarr;<\/span><\/a><\/p>\n","protected":false},"author":6,"featured_media":0,"parent":0,"menu_order":0,"comment_status":"closed","ping_status":"open","template":"","meta":{"_monsterinsights_skip_tracking":false,"_monsterinsights_sitenote_active":false,"_monsterinsights_sitenote_note":"","_monsterinsights_sitenote_category":0,"footnotes":""},"class_list":["post-141","page","type-page","status-publish","hentry"],"_links":{"self":[{"href":"https:\/\/blogi.eoppimispalvelut.fi\/aktiiviplus\/wp-json\/wp\/v2\/pages\/141","targetHints":{"allow":["GET"]}}],"collection":[{"href":"https:\/\/blogi.eoppimispalvelut.fi\/aktiiviplus\/wp-json\/wp\/v2\/pages"}],"about":[{"href":"https:\/\/blogi.eoppimispalvelut.fi\/aktiiviplus\/wp-json\/wp\/v2\/types\/page"}],"author":[{"embeddable":true,"href":"https:\/\/blogi.eoppimispalvelut.fi\/aktiiviplus\/wp-json\/wp\/v2\/users\/6"}],"replies":[{"embeddable":true,"href":"https:\/\/blogi.eoppimispalvelut.fi\/aktiiviplus\/wp-json\/wp\/v2\/comments?post=141"}],"version-history":[{"count":9,"href":"https:\/\/blogi.eoppimispalvelut.fi\/aktiiviplus\/wp-json\/wp\/v2\/pages\/141\/revisions"}],"predecessor-version":[{"id":1270,"href":"https:\/\/blogi.eoppimispalvelut.fi\/aktiiviplus\/wp-json\/wp\/v2\/pages\/141\/revisions\/1270"}],"wp:attachment":[{"href":"https:\/\/blogi.eoppimispalvelut.fi\/aktiiviplus\/wp-json\/wp\/v2\/media?parent=141"}],"curies":[{"name":"wp","href":"https:\/\/api.w.org\/{rel}","templated":true}]}}