{"id":20,"date":"2013-01-24T10:10:44","date_gmt":"2013-01-24T08:10:44","guid":{"rendered":"https:\/\/blogi.eoppimispalvelut.fi\/aktiiviplus\/?page_id=20"},"modified":"2014-12-02T13:55:49","modified_gmt":"2014-12-02T11:55:49","slug":"ajankohtaista-2","status":"publish","type":"page","link":"https:\/\/blogi.eoppimispalvelut.fi\/aktiiviplus\/ajankohtaista-2\/","title":{"rendered":"Avoimet koulutukset"},"content":{"rendered":"<p>AKTIIVI Plus ja muu hankeverkosto on j\u00e4rjest\u00e4nyt vuosien kuluessa koulutusta moninaisista aiheista. Vuosina 2013-2014 j\u00e4rjestettyjen webinaarien eli verkkokoulutusten tallenteet ja materiaalit l\u00f6yd\u00e4t t\u00e4lt\u00e4 sivulta.<\/p>\n<p>Lis\u00e4tietoja antaa Kirsi Saloniemi (etunimi.sukunimi@lapinamk.fi)<\/p>\n<p><strong>Syksyn 2014 p\u00e4\u00e4tapahtuma oli AKTIIVI Plus -hankkeen &#8220;Tule tekem\u00e4\u00e4n ja kokemaan&#8221; -loppuseminaari, joka j\u00e4rjestettiin 19.11. Helsingiss\u00e4.<br \/>\n<a href=\"https:\/\/blogi.eoppimispalvelut.fi\/aktiiviplus\/tule-kokemaan-ja-tekemaan-loppuseminaari\/\" target=\"_blank\">Lis\u00e4tietoja seminaarisivulla<\/a><\/strong><br \/>\nSeminaarista julkaistaan videotallenne joulukuun 2014 aikana.<\/p>\n<p><strong>SYKSYLL\u00c4 2014 PIDETYT WEBINAARIT JA NIIDEN TALLENTEET<\/strong><\/p>\n<div id=\"stcpDiv\">\n<p>Jos k\u00e4vit katsomassa ja kuuntelemassa tallenteen, ole hyv\u00e4 ja t\u00e4yt\u00e4<a href=\"http:\/\/www.webropolsurveys.com\/S\/E339312DC0512EE5.par\" target=\"_blank\"> esr-osallistujalomake.<\/a><\/p>\n<p><strong>3.11.2014 klo 13-13.45 Mobiilisovellukset aktiivista kansalaisuutta tukemassa<br \/>\nMika Sihvonen ja Miikka Sipil\u00e4, Tampereen yliopisto<br \/>\n<\/strong>Webinaarissa k\u00e4sitell\u00e4\u00e4n muun muassa seuraavia kysymyksi\u00e4:<br \/>\nMillaisia palveluja on tarjolla?<br \/>\nMill\u00e4 edellytyksill\u00e4 palveluiden k\u00e4ytt\u00f6 onnistuu tavalliselta kansalaiselta?<br \/>\nMit\u00e4 hallinnollinen taho saa palvelusta ja sen julkaisusta?<br \/>\n<a href=\"https:\/\/connect.funet.fi\/p63f0tct1yr\/\" target=\"_blank\">Webinaarin tallenne<\/a><\/p>\n<p><strong>28.10.2014 klo 15-16 Kinoste-osaamiskartoitus<br \/>\n<\/strong>Tampereen yliopiston TRIM-tutkimuskeskuksessa toteutettiin kev\u00e4\u00e4n 2014 aikana kirjastojen tieto- ja viestint\u00e4teknisi\u00e4 osaamisia koskevan ty\u00f6kalun pilotointi. Pilotointiin osallistuivat Helsingin, H\u00e4meenlinnan, Joensuun, Lahden, Tampereen ja Rovaniemen kaupunginkirjastot sek\u00e4 HAMK:n kirjasto. Pilotin tulokset ja loppuraportti julkaistaan webinaarissa.<a href=\"http:\/\/www.kirjastot.fi\/fi\/node\/30448\" target=\"_blank\"> Lis\u00e4tietoja<\/a><br \/>\nKinoste-palveluun voi tutustua osoitteessa <a href=\"http:\/\/www.kinoste.fi.\" target=\"_blank\">www.kinoste.fi.<\/a><br \/>\n<a href=\"http:\/\/tampub.uta.fi\/handle\/10024\/96231\" target=\"_blank\">Kinoste -hankkeen loppuraportti<\/a><\/p>\n<p><strong>21.10.2014 klo 15-15.45 My Data<br \/>\n<\/strong>My Data on alun perin Britanniasta l\u00e4ht\u00f6isin oleva termi. Sill\u00e4 viitataan k\u00e4yt\u00e4nt\u00f6ihin, joilla ihmisille annetaan oikeus ja p\u00e4\u00e4sy heist\u00e4 ker\u00e4ttyyn dataan kuten ostotietoihin, liikennetietoihin, teletietoihin, energiatietoihin, eri verkkopalveluihin kertyv\u00e4\u00e4n dataan jne. Keskeist\u00e4 My Data -ajattelussa on, ett\u00e4 data on teknisesti helposti k\u00e4ytett\u00e4viss\u00e4 ja yksil\u00f6 voi hallita, kuinka sit\u00e4 hy\u00f6dynnet\u00e4\u00e4n ja jaetaan edelleen.<br \/>\nWebinaarissa<strong> Antti Poikola (Open Knowledge Finland)<\/strong> valottaa millaisia tulevaisuuksia ihmisten henkil\u00f6kohtaisen datan hallinnoinnissa ja hy\u00f6dynt\u00e4misess\u00e4 saattaa olla tulossa.<br \/>\nPoikola on yhdess\u00e4 Kai Kuikkaniemen ja Ossi Kuittisen kanssa toimittanut Liikenne- ja viestint\u00e4ministeri\u00f6lle 16.9.2014 julkaistavan <a href=\"http:\/\/fi.okfn.org\/2014\/08\/21\/my-data-selvitys\/\" target=\"_blank\">selvityksen My Datasta. <\/a><br \/>\n<a href=\"https:\/\/connect.funet.fi\/p4tc3mtxx4g\/\" target=\"_blank\">Webinaarin tallenne<\/a><br \/>\n<a href=\"https:\/\/docs.google.com\/presentation\/d\/1j3OleOhvG7jTqHM-BsEkcFCJxTqCfKkGajk9spmQIPs\/edit#slide=id.g3c2b2d039_6_55\" target=\"_blank\">Esitysmateriaali<\/a><\/p>\n<p>Hy\u00f6dyllisi\u00e4 linkkej\u00e4 aiheeseen liittyen:<br \/>\nMy Data -ryhm\u00e4 <a href=\"https:\/\/www.facebook.com\/groups\/mydata.finland\/\" target=\"_blank\">Facebookissa<\/a><br \/>\n<a href=\"https:\/\/www.google.com\/settings\/datatools\" target=\"_blank\">Google data download<\/a><br \/>\n<a href=\"http:\/\/www.tivi.fi\/uutisia\/lataa+koko+twittertilisi+historia+omalle+koneellesi\/a1019377?service=mobile&amp;fullsite=true\" target=\"_blank\">Ohjeet<\/a> Twitterin datan lataamiseen<\/p>\n<p><strong>13.10.2014 klo 14.30-15.15<\/strong> <strong>Suoraa puhetta opettajien tulevaisuuden osaamisesta -ja v\u00e4h\u00e4n muustakin.\u00a0 Jouni Kangasniemi, Kehitt\u00e4misp\u00e4\u00e4llikk\u00f6, OKM<br \/>\n<\/strong>Uudistajan mieli on n\u00e4in\u00e4 p\u00e4ivin\u00e4 v\u00e4hint\u00e4\u00e4nkin kaksijakoinen. Joka toinen p\u00e4iv\u00e4 saa ihastella huikeita uusia tulevaisuutta luotaavia avauksia kouluissa ja oppilaitoksissa. Seuraavana p\u00e4iv\u00e4n\u00e4 lehdest\u00e4 saa lukea, ett\u00e4 eiv\u00e4t opettajat eiv\u00e4tk\u00e4 nuoret osaa viel\u00e4k\u00e4\u00e4n toimia digitaalistuvassa yhteiskunnassa. Kangasniemen tarkoituksena on avata omassa puheenvuorossaan Mist\u00e4 t\u00e4ss\u00e4 on kyse ja mit\u00e4 tilastot kertovat? Tukevatko ne kenties molempia n\u00e4kemyksi\u00e4? Esityksen lopulla Jouni Kangasniemi kysyy &#8220;kuka uskaltaa muuttua&#8221; ja &#8220;Mitk\u00e4 ovat opettajan t\u00e4rkeit\u00e4 tulevaisuuden taitoja ja ovatko jotkut niist\u00e4 tutumpia kuin arvaammekaan?&#8221;<br \/>\n<a href=\"https:\/\/connect.funet.fi\/p7wzsmry8c9\/\" target=\"_blank\">Webinaarin tallenne<\/a><\/p>\n<p><strong>24.9.2014 klo 14-14.45 Yammer verkostoty\u00f6kaluna<\/strong><strong><br \/>\n<\/strong>Yammer on organisaatioiden ja yhteis\u00f6jen viestint\u00e4\u00e4n ja vuorovaikutukseen tarkoitettu mikrobloggauspalvelu. Tule kuuntelemaan, kuinka Yammeria on k\u00e4ytetty AKTIIVI Plus-hankkeessa \u2013 mik\u00e4 hyv\u00e4\u00e4, mik\u00e4 koettu haastavaksi. Webinaarissa saat my\u00f6s lyhyen perehdytyksen Yammerin k\u00e4ytt\u00f6\u00f6n. Kouluttajana toimii <strong>Tarjaleena Tuukkanen Laurea-ammattikorkeakoulu.<\/strong><br \/>\n<a href=\"https:\/\/blogi.eoppimispalvelut.fi\/aktiiviplus\/files\/2014\/09\/Yammer_verkostolle.pdf\">Esitysmateriaalit<br \/>\n<\/a><a href=\"https:\/\/connect.funet.fi\/p2gm8ja6klg\/\" target=\"_blank\">Webinaarin tallenne<\/a><\/p>\n<p><strong>8.9.2014 klo 15-15.45 Dialogissa opitaan yhdess\u00e4 ja luodaan uutta &#8211; mobiilistikin<br \/>\n<\/strong>Tule kuuntelemaan ja oppimaan miten mobiilioppiminen voi olla dialogista ja autenttista! HAMK Ammatillisen opettajakorkeakoulun <strong>lehtorit Anne-Maria Korhonen ja Sanna Ruhalahti<\/strong> avaavat DIANA-mallilla toteutetun opettajankoulutuksen opintojakson suunnitteluprosessia ja mobiilisti toteutunutta opiskelua. Toteutuksen kruunaa opiskelijoiden upeat oppimisen tulokset ja kokemukset. Nyt k\u00e4yt\u00f6ss\u00e4 ollut malli on siirrett\u00e4viss\u00e4 kaikkeen opetukseen, jossa l\u00e4hdet\u00e4\u00e4n liikkeelle opiskelijoiden aidosta autenttisesta tilanteesta. Pilotti on toteutettu osana Mobiilisti-hanketta.<br \/>\n<a href=\"https:\/\/connect.funet.fi\/p4oq7hs6lac\/\" target=\"_blank\">Webinaarin tallenne<\/a><br \/>\n<a href=\"https:\/\/docs.google.com\/presentation\/d\/1Fu8qTNz3uKXhXFZRlU4yy1AmpGlnfaG9drZEAByfW-A\/edit#slide=id.gb5893ea9_2_25\" target=\"_blank\">Esitysmateriaalit<\/a><\/p>\n<p><strong>28.8.2014 klo 14-14.30<\/strong> <strong>Miten teet asiakkaalle arvolupauksen, josta ei voi kielt\u00e4yty\u00e4?<br \/>\n<\/strong>Onko sinulla idea, jota haluaisit kehitt\u00e4\u00e4 innovaatioksi? Idea voi olla tutkimushanke tai kaupallinen idea tuotteesta tai palvelusta. Haasteena usein on ettemme osaa jalostaa hyvi\u00e4k\u00e4\u00e4n ideoitamme eteenp\u00e4in systemaattisesti ja emme tunnista mit\u00e4 kaikkea ideasta innovaatioksi polulla tarvitsemme. T\u00e4ss\u00e4 sessiossa opit maailman kuulun menetelm\u00e4n perusteet siit\u00e4 miten sin\u00e4kin opit tekem\u00e4\u00e4n arvolupauksen, josta innostuvat sek\u00e4 kolleegat, rahoittajat ett\u00e4 yhteisty\u00f6kumppanit. Puhujana <strong>Jarmo Viteli, Tampereen yliopisto.<br \/>\n<\/strong><a href=\"https:\/\/connect.funet.fi\/p8yx7qapvv3\/\" target=\"_blank\">Webinaarin tallenne<\/a><\/p>\n<p><strong>WEBINAARISARJA AKTIIVI-HANKEVERKOSTON HYVIST\u00c4 K\u00c4YT\u00c4NN\u00d6IST\u00c4<\/strong><\/p>\n<p><strong>AKTIIVI-verkoston<\/strong> hankkeissa ja esiselvityksiss\u00e4 syntyy uusia ideoita ja toimintatapoja, hyvi\u00e4 k\u00e4yt\u00e4nt\u00f6j\u00e4 sek\u00e4 tietoa, miten ei ehk\u00e4 kannata tehd\u00e4. Olemme j\u00e4rjest\u00e4neet webinaarisarjan, jossa hankkeet esittelev\u00e4t mit\u00e4 uutta k\u00e4ytt\u00e4j\u00e4n n\u00e4k\u00f6kulmasta on syntynyt, millaisia kokemuksia tullut. Webinaarissa kullakin hankkeella on puoli tuntia aikaa (20 min ja keskustelu). Samalla kerralla kuullaan ja keskustellaan kahden \u2013 kolmen hankkeen kokemuksista, webinaarit my\u00f6s tallennetaan ja PowerPoint-esitykset tulevat my\u00f6s t\u00e4nne.<\/p>\n<p><strong>Pe 10.1.2014 klo 14-15<\/strong><\/p>\n<ul>\n<li>Pilvipalvelut hajautuneessa ty\u00f6yhteis\u00f6ss\u00e4 &#8211; Marko Meht\u00e4l\u00e4. <a href=\"https:\/\/ilinc.tokem.fi\/join\/rttyz\" target=\"_blank\">Linkki tallenteeseen<\/a>.<\/li>\n<\/ul>\n<p><b>Pe 27.9.<b>2013<\/b> klo 10 <\/b><b><br \/>\n<\/b><\/p>\n<ul>\n<li>AYVOT \u2013 Marja Rautajoki (<a href=\"https:\/\/connect.funet.fi\/p68qfmcrspx\/\" target=\"_blank\">Linkki tallenteeseen<\/a>)<br \/>\nAivot aktiiviseksi: Avoin yhteis\u00f6llinen virtuaalinen oppimisymp\u00e4rist\u00f6 \u2013 Seksuaaliterveysasema.fi ja moodle.amk.fi:ssa avautuva DIGMA geneerinen ymp\u00e4rist\u00f6 kehittettiin Ayvot-hankkeessa. Onko aivot todellakin aktivoituneet ja millainen ymp\u00e4rist\u00f6st\u00e4 tuli? R\u00e4\u00e4t\u00e4l\u00f6itiinh\u00e4n Moodle-oppimis\u00adalusta avoimeksi oppimisymp\u00e4rist\u00f6ksi. Prosessi oli mielenkiintoinen, haastava ja my\u00f6s palkitseva. Lopputuloksena tuli ymp\u00e4rist\u00f6, jolle on ollut kysynt\u00e4\u00e4 kovasti ja palaute p\u00e4\u00e4osin hyv\u00e4\u00e4. (<a href=\"https:\/\/elgg.mcampus.fi\/aktiivi\/mod\/file\/download.php?file_guid=13729\" target=\"_blank\">PowerPoint-esitys<\/a>)<\/li>\n<li>MOBIILISTI \u2013 Jaana Nuuttila, Pauliina Venho ja Johanna Salmia (<a href=\"https:\/\/connect.funet.fi\/p5kmouohi9i\/\" target=\"_blank\">Linkki tallenteeseen<\/a>)<br \/>\nMobiilit haltuun ja oppimisen v\u00e4lineiksi \u2013 k\u00e4tt\u00e4 pidemp\u00e4\u00e4 opettajan ja oppijan tueksi (<a href=\"https:\/\/elgg.mcampus.fi\/aktiivi\/mod\/file\/download.php?file_guid=13726\" target=\"_blank\">PowerPoint-esitys<\/a>)<\/li>\n<li>AISTIEN \u2013 Minttu R\u00e4ty ja Heli Laurikainen (<a href=\"https:\/\/connect.funet.fi\/p96d6xinhjo\/\" target=\"_blank\">Linkki tallenteeseen<\/a>)<br \/>\nAistien-tilat edist\u00e4m\u00e4ss\u00e4 oppimista ja kohtaamista: Aistien-menetelm\u00e4ss\u00e4 hy\u00f6dynnet\u00e4\u00e4n eri aistien kautta tulevia el\u00e4myksi\u00e4 oppimisen ja hyvinvoinnin tukena. Menetelm\u00e4ll\u00e4 edistet\u00e4\u00e4n eri\u00adlaisten ihmisten kohtaamista, uudenlaista oppimista ja voimaantumista. Aistien-tiloja on raken\u00adnettu kirjastoihin, oppilaitoksiin ja erilaisiin tapahtumiin. (<a href=\"https:\/\/elgg.mcampus.fi\/aktiivi\/mod\/file\/download.php?file_guid=13731\" target=\"_blank\">PDF-tiedosto<\/a>)<\/li>\n<\/ul>\n<p><b>Ma 23.9.<b>2013<\/b> klo 13 <\/b><b><br \/>\n<\/b><\/p>\n<ul>\n<li>AVO 2 \u2013 Riitta Liski, Yrj\u00f6 Lappalainen ja Georges Segura (<a href=\"https:\/\/connect.funet.fi\/p2so3u8rwek\/\" target=\"_blank\">Linkki tallenteeseen<\/a>)<br \/>\nVirtuaalimaailmat opetusk\u00e4yt\u00f6ss\u00e4: kokemuksia ja tutkittua tietoa virtuaalimaailmoissa toimimi\u00adsen mahdollisuuksista ja haasteista (<a href=\"https:\/\/elgg.mcampus.fi\/aktiivi\/mod\/file\/download.php?file_guid=13725\" target=\"_blank\">PowerPoint-esitys<\/a>)<\/li>\n<li>YHTEYS \u2013 Sari Poikela ja\u00a0Jenny Viitanen (<a href=\"https:\/\/connect.funet.fi\/p6hlggmke1z\/\" target=\"_blank\">Linkki tallenteeseen<\/a>)<br \/>\nYhdess\u00e4 tekemisen yhteis\u00f6t: Yhteisty\u00f6t\u00e4 ja vuorovaikutusta kansalaisopistojen, kirjas\u00adtojen ja yliopistojen v\u00e4lill\u00e4. Esimerkkein\u00e4 verkkoseminaari ja ruohonjuuritason kansalaistoiminta tarinatuvissa ja YHTEYS-foorumeissa.<\/li>\n<\/ul>\n<p><b>Pe 20.9.<b>2013<\/b> klo 10 <\/b><b><br \/>\n<\/b><\/p>\n<ul>\n<li>L\u00c4HELL\u00c4 KAUPUNGISSA \u2013 Virpi Hirvensalo (<a href=\"https:\/\/connect.funet.fi\/p2q6s30u688\/\" target=\"_blank\">Linkki tallenteeseen<\/a>)<br \/>\nHankkeessa on toteutettu verkkosivusto, joka sis\u00e4lt\u00e4\u00e4 joustavia, tutkivaa oppimista tukevia sis\u00e4lt\u00f6j\u00e4 l\u00e4hiymp\u00e4rist\u00f6jen tutkimisen ja paikkatietotaitojen harjoitteluun. Esitell\u00e4\u00e4n kokemuksia sivuston pilotoinneista opettajilta ja oppilailta.<\/li>\n<li>AVO2 \/ NETTIKANSA \u2013 Kari A. Hintikka (siirtyi eteenp\u00e4in perjantailta)<br \/>\nWikiopiston opintokokonaisuus<\/li>\n<li>AVO2\u00a0 \u2013 Tarmo Toikkanen (<a href=\"https:\/\/connect.funet.fi\/p1nju6b54ep\/\" target=\"_blank\">Linkki tallenteeseen<\/a>)<br \/>\nAvointen sis\u00e4lt\u00f6jen tulevaisuus: Avointen sis\u00e4lt\u00f6jen eniten k\u00e4ytetyt Creative Commons -lisenssit uudistuvat 4.0-versioon. Mik\u00e4 muuttuu ja mik\u00e4 pysyy samana? Miten CC-lisenssit helpottavat verkkoaineiston hy\u00f6dynt\u00e4mist\u00e4 ja miten CC-lisenssill\u00e4 voi julkaista omia aineistojaan? Mihin avoin sis\u00e4ll\u00f6ntuotanto on menossa museoissa,<br \/>\njulkishallinnossa ja muilla sektoreilla?<\/li>\n<\/ul>\n<p><b>Ma 16.9.<b>2013<\/b> klo 13<\/b><b><br \/>\n<\/b><\/p>\n<ul>\n<li>J\u00c4RJEST\u00d6T L\u00c4HIDEMOKRATIAN TUKENA \u2013 Minna Pesonen (<a href=\"https:\/\/connect.funet.fi\/p3jyp5fch3w\/\" target=\"_blank\">Linkki tallenteeseen<\/a>)<br \/>\nMit\u00e4 me olemme tehneet? Koulutukset (menneet ja tulevat), kokemuksia niist\u00e4 sek\u00e4 verkostoi\u00adtumis-\/oppimisvaihe, miss\u00e4 menn\u00e4\u00e4n ja mit\u00e4 tehd\u00e4\u00e4n? (<a href=\"https:\/\/elgg.mcampus.fi\/aktiivi\/mod\/file\/download.php?file_guid=13728\" target=\"_blank\">PowerPoint-esitys<\/a>)<\/li>\n<li>AVO 2 \u2013 Joanna Kalalahti (<a href=\"https:\/\/connect.funet.fi\/p4rx1yproou\/\" target=\"_blank\">Linkki tallenteeseen<\/a>)<br \/>\nKokemuksia lis\u00e4tyn todellisuuden koulutuksista: AVO 2 -hankkeen kolmiuloitteiset ja mobiilit op\u00adpimis- ja osallistumisymp\u00e4rist\u00f6t sek\u00e4 kokemuksia lis\u00e4tyn todellisuuden koulutuksista. (<a href=\"https:\/\/elgg.mcampus.fi\/aktiivi\/mod\/file\/download.php?file_guid=13727\" target=\"_blank\">PowerPoint-esitys<\/a>)<\/li>\n<li>eMESSI \u2013 Minna Rajalin (<a href=\"https:\/\/connect.funet.fi\/p316dabscfx\/\" target=\"_blank\">Linkki tallenteeseen<\/a>)<br \/>\nVertaismentoroinnin toteuttaminen verkossa, eMessi-ryhmien toteutus k\u00e4yt\u00e4nn\u00f6ss\u00e4, ty\u00f6el\u00e4m\u00e4\u00adkyselyn tulokset, haasteet ja onnistumiset, jatkokehitysideat. (<a href=\"https:\/\/elgg.mcampus.fi\/aktiivi\/mod\/file\/download.php?file_guid=13730\" target=\"_blank\">PDF-tiedosto<\/a>)<\/li>\n<\/ul>\n<p><b>Pe 6.9.<b>2013<\/b> klo 10 <\/b><b><br \/>\n<\/b><\/p>\n<ul>\n<li>KANSALAISTOIMINNAN KESKUKSET AVOIMINA OPPIMISYMP\u00c4RIST\u00d6IN\u00c4 \u2013 Pertti Myllyselk\u00e4 (<a href=\"https:\/\/ilinc.tokem.fi\/join\/xvxph\" target=\"_blank\">Linkki tallenteeseen<\/a>)<br \/>\nKansalaistoiminnan keskukset Suomessa \u2013 nykytilanne ja tulevaisuus (<a href=\"https:\/\/elgg.mcampus.fi\/aktiivi\/mod\/file\/download.php?file_guid=13723\" target=\"_blank\">PowerPoint-esitys<\/a>)<\/li>\n<li>AVARA MUSEO \u2013 Pauliina Kinanen (<a href=\"https:\/\/ilinc.tokem.fi\/join\/jhjzh\" target=\"_blank\">Linkki tallenteeseen<\/a>)<br \/>\nUusia osallistumisen toimintatapoja museoissa (<a href=\"https:\/\/elgg.mcampus.fi\/aktiivi\/mod\/file\/download.php?file_guid=13721\" target=\"_blank\">PowerPoint-esitys<\/a>)<\/li>\n<\/ul>\n<p><b>Ma 2.9.<b>2013<\/b> klo 13 <\/b><b><br \/>\n<\/b><\/p>\n<ul>\n<li>AVO 2 \u2013 Anne Rongas (<a href=\"http:\/\/eoppimiskeskus.adobeconnect.com\/p2yqnt4m3zh\/\" target=\"_blank\">Linkki tallenteeseen<\/a>)<br \/>\nAvoimet oppiresurssit ja oppiainerajoja ylitt\u00e4v\u00e4 ilmi\u00f6pohjainen oppiminen: Mit\u00e4 ovat avoimet oppiresurssit? Mist\u00e4 niit\u00e4 voi l\u00f6yt\u00e4\u00e4 ja miten niit\u00e4 voi k\u00e4ytt\u00e4\u00e4? Miksi ylitt\u00e4\u00e4 oppiainerajoja?<\/li>\n<li>S\u00c1PMI MIEHT\u00c1 \u2013 Ellen Pautamo ja Tero Riskil\u00e4 (<a href=\"http:\/\/eoppimiskeskus.adobeconnect.com\/p131bmc9bt2\/\" target=\"_blank\">Linkki tallenteeseen<\/a>)<br \/>\nUusia konsteja kielenopetuksessa: Apuv\u00e4lineit\u00e4 keskustelukurssin pit\u00e4miseen netiss\u00e4 sek\u00e4 verk\u00adkon\u00e4yttelyn toteuttaminen<\/li>\n<li>TYYNE \u2013 Ama Auvinen (<a href=\"http:\/\/eoppimiskeskus.adobeconnect.com\/p5xsgozj5yo\/\" target=\"_blank\">Linkki tallenteeseen<\/a>)<br \/>\nTy\u00f6el\u00e4m\u00e4 tulevaisuuden oppimisymp\u00e4rist\u00f6n\u00e4: Nykyajan muuttuvissa ty\u00f6ymp\u00e4rist\u00f6iss\u00e4 jatkuva oppiminen on entist\u00e4 t\u00e4rke\u00e4mm\u00e4ss\u00e4 asemassa. Oppiminen on muuttumassa, koska suuri osa ty\u00f6ss\u00e4 oppimisesta tapahtuu perinteisen koulutuksen ulkopuolella. Ty\u00f6el\u00e4m\u00e4ss\u00e4 oppiminen on my\u00f6s muuttumassa yksil\u00f6n osaamisen kehitt\u00e4misest\u00e4 koulutuksella ja kurssituksella entist\u00e4 sel\u00adke\u00e4mmin jatkuvaksi yhteis\u00f6lliseksi toiminnaksi.<\/li>\n<\/ul>\n<p><b>Pe 30.8.2013 klo 10<\/b><\/p>\n<ul>\n<li>AVO2 \/ NETTIKANSA \u2013 Raimo Muurinen (<a href=\"https:\/\/ilinc.tokem.fi\/join\/tfksh\" target=\"_blank\">Linkki tallenteeseen<\/a>) (<a href=\"https:\/\/elgg.mcampus.fi\/aktiivi\/mod\/file\/download.php?file_guid=13724\" target=\"_blank\">PowerPoint-esitys<\/a>)<\/li>\n<li>PILVIPALVELUT \u2013 Marko Meht\u00e4l\u00e4 (<a href=\"https:\/\/ilinc.tokem.fi\/join\/hkycr\" target=\"_blank\">Linkki tallenteeseen<\/a>)<br \/>\nMiten pilvipalvelut auttavat ja palvelevat ty\u00f6t\u00e4 ja sen tekij\u00e4\u00e4?<\/li>\n<\/ul>\n<\/div>\n","protected":false},"excerpt":{"rendered":"<p>AKTIIVI Plus ja muu hankeverkosto on j\u00e4rjest\u00e4nyt vuosien kuluessa koulutusta moninaisista aiheista. Vuosina 2013-2014 j\u00e4rjestettyjen webinaarien eli verkkokoulutusten tallenteet ja materiaalit l\u00f6yd\u00e4t t\u00e4lt\u00e4 sivulta. Lis\u00e4tietoja antaa Kirsi Saloniemi (etunimi.sukunimi@lapinamk.fi) Syksyn 2014 p\u00e4\u00e4tapahtuma oli AKTIIVI Plus -hankkeen &#8220;Tule tekem\u00e4\u00e4n ja kokemaan&#8221; &hellip; <a href=\"https:\/\/blogi.eoppimispalvelut.fi\/aktiiviplus\/ajankohtaista-2\/\">Continue reading <span class=\"meta-nav\">&rarr;<\/span><\/a><\/p>\n","protected":false},"author":6,"featured_media":0,"parent":0,"menu_order":0,"comment_status":"closed","ping_status":"open","template":"","meta":{"_monsterinsights_skip_tracking":false,"_monsterinsights_sitenote_active":false,"_monsterinsights_sitenote_note":"","_monsterinsights_sitenote_category":0,"footnotes":""},"class_list":["post-20","page","type-page","status-publish","hentry"],"_links":{"self":[{"href":"https:\/\/blogi.eoppimispalvelut.fi\/aktiiviplus\/wp-json\/wp\/v2\/pages\/20","targetHints":{"allow":["GET"]}}],"collection":[{"href":"https:\/\/blogi.eoppimispalvelut.fi\/aktiiviplus\/wp-json\/wp\/v2\/pages"}],"about":[{"href":"https:\/\/blogi.eoppimispalvelut.fi\/aktiiviplus\/wp-json\/wp\/v2\/types\/page"}],"author":[{"embeddable":true,"href":"https:\/\/blogi.eoppimispalvelut.fi\/aktiiviplus\/wp-json\/wp\/v2\/users\/6"}],"replies":[{"embeddable":true,"href":"https:\/\/blogi.eoppimispalvelut.fi\/aktiiviplus\/wp-json\/wp\/v2\/comments?post=20"}],"version-history":[{"count":100,"href":"https:\/\/blogi.eoppimispalvelut.fi\/aktiiviplus\/wp-json\/wp\/v2\/pages\/20\/revisions"}],"predecessor-version":[{"id":2271,"href":"https:\/\/blogi.eoppimispalvelut.fi\/aktiiviplus\/wp-json\/wp\/v2\/pages\/20\/revisions\/2271"}],"wp:attachment":[{"href":"https:\/\/blogi.eoppimispalvelut.fi\/aktiiviplus\/wp-json\/wp\/v2\/media?parent=20"}],"curies":[{"name":"wp","href":"https:\/\/api.w.org\/{rel}","templated":true}]}}