{"id":300,"date":"2013-03-25T14:19:15","date_gmt":"2013-03-25T12:19:15","guid":{"rendered":"https:\/\/blogi.eoppimispalvelut.fi\/aktiiviplus\/?page_id=300"},"modified":"2015-02-09T13:23:31","modified_gmt":"2015-02-09T11:23:31","slug":"paattyneet-hankkeet","status":"publish","type":"page","link":"https:\/\/blogi.eoppimispalvelut.fi\/aktiiviplus\/paattyneet-hankkeet\/","title":{"rendered":"P\u00e4\u00e4ttyneet hankkeet"},"content":{"rendered":"<p><strong>T\u00e4ll\u00e4 sivulla esitell\u00e4\u00e4n AKTIIVI-verkoston p\u00e4\u00e4ttyneet hankkeet<\/strong><\/p>\n<ul>\n<li>ALY -Avoin luova yhteis\u00f6\n<ul>\n<li><a href=\"https:\/\/sites.google.com\/a\/luovapaja.com\/avoin-luova-yhteisoe---aly\/home\" target=\"_blank\">Hankkeen sivusto<\/a><\/li>\n<li>Hanke tuottaa HAMK Biotaloudessa toteutetun verkkotoimintojen kehitt\u00e4misty\u00f6n pohjalta avoimen luovan yhteis\u00f6llisen oppimismallin.<\/li>\n<\/ul>\n<\/li>\n<\/ul>\n<ul>\n<li>Avara museo -kehittyv\u00e4 oppimisymp\u00e4rist\u00f6 aikuisille\n<ul>\n<li><a href=\"http:\/\/www.museoliitto.fi\/doc\/Avarampi_museo_aikuisille.pdf\" target=\"_blank\">Avarampi museo aikuisille -julkaisu<\/a><\/li>\n<li>Hankkeen <a href=\"http:\/\/avaramuseo.blogspot.fi\/\" target=\"_blank\">blogi<\/a><\/li>\n<li>Hankkeessa j\u00e4rjestettiin tapahtumia, ty\u00f6pajoja ja koulutustilaisuuksia sek\u00e4 kehitettiin uudenlaisia toimintamalleja museoiden aikuisk\u00e4vij\u00f6ille. Hankkeen varsinaisena kohderyhm\u00e4n\u00e4 olivat museoiden ty\u00f6ntekij\u00e4t, joiden aikuispedagogista osaamista hankkeella pyrittiin lis\u00e4\u00e4m\u00e4\u00e4n. Hankkeen v\u00e4lillisin\u00e4 kohderyhmin\u00e4 olivat erilaiset aikuisryhm\u00e4t, joille hankkeessa mukana olleet toimijat kehittiv\u00e4t uusia toimintamalleja ja palveluita. T\u00e4llaisia olivat ty\u00f6tt\u00f6m\u00e4t ja lomautetut, maahanmuuttajat, varttunut v\u00e4est\u00f6 ja seniorit sek\u00e4 yritysten ty\u00f6ntekij\u00e4t.<\/li>\n<\/ul>\n<\/li>\n<\/ul>\n<ul>\n<li>AVO1 -Avoimet verkostot oppimiseen\n<ul>\n<li><a href=\"http:\/\/www.eoppimiskeskus.fi\/avo1\/tulokset\" target=\"_blank\">Julkaisuja<\/a><\/li>\n<li><a href=\"http:\/\/www.avoinvirta.fi\/\" target=\"_blank\">Avoinvirta -blogi<\/a><\/li>\n<li>Avoimet verkostot oppimiseen -hankkeessa pilotoitiin, koulutettiin ja tuettiin uusien toimintamallien pedagogista ja kriittist\u00e4 k\u00e4ytt\u00f6\u00f6nottoa oppilaitoksissa ja kansalaistoiminnassa.<\/li>\n<\/ul>\n<\/li>\n<\/ul>\n<ul>\n<li>AVO2 -avoimuudesta voimaa oppimisverkostoihin\n<ul>\n<li><a href=\"http:\/\/www.eoppimiskeskus.fi\/avo2\" target=\"_blank\">Linkki<\/a> hankkeen sivustolle<\/li>\n<li><a href=\"http:\/\/www.avoinvirta.fi\/\" target=\"_blank\">Avoinvirta -blogi<\/a><\/li>\n<li>Hankeessa tuotettuja <a href=\"http:\/\/wiki.eoppimiskeskus.fi\/display\/AVOkoulutukset\/AVO+koulutusmateriaalit%2C+aineistoja+ja+tapahtumia;jsessionid=87EE9A6811CAC2496DDB3A9514BDEEF1\" target=\"_blank\">materiaaleja<\/a><\/li>\n<li>Hankkeen tavoitteena on yhteis\u00f6llisen, osallistavan ja verkostomaisen toimintakulttuurin synnytt\u00e4minen ja vahvistaminen osallistuvissa oppilaitoksissa ja organisaatioissa sek\u00e4 n\u00e4iden sidosryhmiss\u00e4.<\/li>\n<\/ul>\n<\/li>\n<\/ul>\n<ul>\n<li>AYVOT -Avoin yhteis\u00f6llinen virtuaalinen oppimisymp\u00e4rist\u00f6\n<ul>\n<li><a href=\"https:\/\/moodle.amk.fi\/\" target=\"_blank\">DIGMA -oppimisymp\u00e4rist\u00f6<\/a><\/li>\n<li>Hankkeessa syntyi kaikille avoin, helposti monistettavissa oleva, eri aloille soveltuva autenttinen ymp\u00e4rist\u00f6. Se mahdollistaa vertaisoppimisen, oppijoiden v\u00e4lisen vuorovaikutteisuuden, syvent\u00e4\u00e4 oppimista ja motivoi ko. aihealueen tiedonhankintaan. K\u00e4ytt\u00e4jille tarjotaan tueksi informaatiolukutaidon tietopaketti. Lis\u00e4ksi ymp\u00e4rist\u00f6ss\u00e4 on laaja autenttisen verkko-oppimisen oppisis\u00e4lt\u00f6.<\/li>\n<\/ul>\n<\/li>\n<\/ul>\n<ul>\n<li>eMessi -vertaisuutta verkossa -Humanistisen ja kasvatusalan pienten ty\u00f6paikkojen ammattilaisten ementorointi -esiselvitys\n<ul>\n<li><a href=\"https:\/\/www.humak.fi\/sites\/default\/files\/liitteet\/emessi_julkaisu_23.12.2013_humak_emessi03.pdf\" target=\"_blank\">Verkkojulkaisu<\/a><\/li>\n<li><a href=\"https:\/\/blogi.eoppimispalvelut.fi\/aktiiviplus\/files\/2013\/03\/eMessi_tulokset.pdf\" target=\"_blank\">Yhteenveto tuloksista<\/a><\/li>\n<li>Projektin tavoitteena oli ker\u00e4t\u00e4 tietoa vertaistuen merkityksest\u00e4 ammatillisessa ty\u00f6ss\u00e4 sek\u00e4 eMentorointi-sovelluksista, niiden k\u00e4yt\u00f6st\u00e4 ja k\u00e4ytt\u00f6mahdollisuuksista.<\/li>\n<\/ul>\n<\/li>\n<\/ul>\n<ul>\n<li>J\u00e4rjest\u00f6t l\u00e4hidemokratian tukena\n<ul>\n<li><a href=\"http:\/\/osallistu.blogspot.fi\/\" target=\"_blank\">Blogi<\/a><\/li>\n<li>Hankkeessa laaditaan kaikille avoin l\u00e4hidemokratiaa edist\u00e4v\u00e4 verkostoitumis- ja oppimisymp\u00e4rist\u00f6 sek\u00e4 koulutetaan yhdistys- ja j\u00e4rjest\u00f6toimijoita verkon ja sosiaalisen median v\u00e4lineiden hy\u00f6dynt\u00e4miseen oman elinymp\u00e4rist\u00f6ns\u00e4 asioihin vaikuttamisessa.<\/li>\n<\/ul>\n<\/li>\n<\/ul>\n<ul>\n<li>KOPPI -Kansalaistoiminnan keskukset avoimina oppimisymp\u00e4rist\u00f6in\u00e4\n<ul>\n<li><a href=\"http:\/\/www.humak.fi\/sites\/default\/files\/liitteet\/koppi-julkaisu_23.12.2013_humak.pdf\" target=\"_blank\">Verkkojulkaisu<\/a><\/li>\n<li><a href=\"https:\/\/blogi.eoppimispalvelut.fi\/aktiiviplus\/files\/2013\/03\/KOPPI_tulokset.pdf\" target=\"_blank\">Yhteenveto tuloksista<\/a><\/li>\n<li>Hankkeen tarkoituksena oli kartoittaa kansalaistoiminnan keskusten toimintaymp\u00e4rist\u00f6\u00e4 ja l\u00f6yt\u00e4\u00e4 mahdollisia synergiaetuja. Esiselvityksell\u00e4 ker\u00e4t\u00e4\u00e4n tutkimustietoa olemassa olevista toiminnoista ja ratkaisuista.<\/li>\n<\/ul>\n<\/li>\n<\/ul>\n<ul>\n<li>Kiravo -Kirjasto avoimena oppimisymp\u00e4rist\u00f6n\u00e4\n<ul>\n<li>Materiaalipankki tiedonhankinnan ohjaukseen ja oppimiseen &#8211;<a href=\"http:\/\/kiravo.kirjastot.fi\/\" target=\"_blank\">sivusto<\/a><\/li>\n<li>Projektin ensisijaisena tavoitteena oli opastaa ja lis\u00e4t\u00e4 kirjastojen digitaalisten resurssien k\u00e4ytt\u00f6\u00e4. Tarkoituksena oli parantaa kirjastojen palvelukyky\u00e4 ja edist\u00e4\u00e4 yhteisty\u00f6t\u00e4 paikallisten toimijoiden kanssa.<\/li>\n<\/ul>\n<\/li>\n<\/ul>\n<ul>\n<li>L\u00e4hell\u00e4 kaupungissa\n<ul>\n<li><a href=\"http:\/\/lahellakaupungissa.fi\/\" target=\"_blank\">Hankkeen sivusto<\/a><\/li>\n<li><a href=\"http:\/\/users.utu.fi\/vijoke\/blogi\/\" target=\"_blank\">Blogi<\/a><\/li>\n<li>Lukiolaisille ja korkeakouluopiskelijoille suunnattu L\u00e4hell\u00e4 kaupungissa -verkkopalvelu esittelee kaupunkiymp\u00e4rist\u00f6n kohteita ja opastaa l\u00e4hiymp\u00e4rist\u00f6n havainnointiin ja pienimuotoisen tutkimuksen harjoitteluun.<\/li>\n<\/ul>\n<\/li>\n<\/ul>\n<ul>\n<li>Mobiilisti\n<ul>\n<li><a href=\"http:\/\/mobiilisti.blogspot.fi\/\" target=\"_blank\">Blogi<\/a><\/li>\n<li><a href=\"https:\/\/sites.google.com\/site\/mobiilillaluonnollisesti\/\" target=\"_blank\">Mobiiliopas<\/a><\/li>\n<li><a href=\"http:\/\/www.mobiilikesakoulu.com\/\" target=\"_blank\">Mobiilikes\u00e4koulu<\/a><\/li>\n<li>Mobiilioppimisen kehitt\u00e4mishanke, jossa kehitet\u00e4\u00e4n mobiiliutta hy\u00f6dynt\u00e4vi\u00e4 koulutusmalleja luonnonvara-, kiinteist\u00f6- ja viheralalle. Mobiilisti on yhteisty\u00f6hanke, jossa useita osatoteuttajia ja se liittyy kansallisen mobiilioppimisen asiantuntijaverkoston toimintaan.<\/li>\n<\/ul>\n<\/li>\n<\/ul>\n<ul>\n<li><a href=\"http:\/\/www.turkuamk.fi\/openzone\" target=\"_new\">Open Zone<\/a>\n<ul>\n<li><a href=\"http:\/\/www.vimeo.com\/9016594\" target=\"_blank\">esittelyvideo<\/a><\/li>\n<li><a href=\"http:\/\/julkaisut.turkuamk.fi\/isbn9789522162854.pdf\" target=\"_blank\">Julkaisu<\/a><\/li>\n<li>Open Zone -projekti kehitti kirjastoja avoimina, monikulttuurisina oppimisymp\u00e4rist\u00f6in\u00e4 ja kohtaamispaikkoina.<\/li>\n<\/ul>\n<\/li>\n<\/ul>\n<ul>\n<li>Osaavat verkostot -Kirjasto avointen oppimisymp\u00e4rist\u00f6jen kehitt\u00e4j\u00e4n\u00e4\n<ul>\n<li><a href=\"http:\/\/osaavat.org\/\" target=\"_blank\">Hankkeen sivusto<\/a><\/li>\n<li>Hankkeella luodaan uusia toimintamalleja kirjastoihin tilanteessa, jossa ty\u00f6n tekemisen ja opiskelun muodot ja tavat ovat muuttuneet ja ihmiset tarvitsevat joustavia vaihtoehtoja ty\u00f6skentelyyns\u00e4.<\/li>\n<\/ul>\n<\/li>\n<\/ul>\n<ul>\n<li>Pihatto -Pilvipalvelut hajautetun ty\u00f6ymp\u00e4rist\u00f6n ty\u00f6huoneena ja oppimisymp\u00e4rist\u00f6n\u00e4\n<ul>\n<li><a href=\"https:\/\/blogi.eoppimispalvelut.fi\/pihatto\/\" target=\"_blank\">Blogi<\/a><\/li>\n<li><a href=\"https:\/\/blogi.eoppimispalvelut.fi\/aktiiviplus\/files\/2013\/03\/Pilvipalvelu_tulokset.pdf\" target=\"_blank\">Yhteenveto tuloksista<\/a><\/li>\n<li>Hankkeessa keskityttiin tarkastelemaan ty\u00f6el\u00e4m\u00e4ss\u00e4\/ty\u00f6ss\u00e4 oppimista hajautetusti toimivassa ty\u00f6yhteis\u00f6ss\u00e4 ja organisaatiossa, joissa tietoty\u00f6l\u00e4iset ty\u00f6n luonteesta johtuen tekev\u00e4t lis\u00e4ksi ty\u00f6t\u00e4 eri paikoissa. Projektilla haettiin ratkaisua siihen, mit\u00e4 ovat toimivat hajautetun ty\u00f6n tekemisen mallit, mink\u00e4lainen toiminta tukee ty\u00f6ss\u00e4 tapahtuvaa oppimista ja kuinka hajautetun ty\u00f6n tekemist\u00e4 ja siin\u00e4 oppimista voidaan tukea yhteis\u00f6llisten verkkov\u00e4lineiden k\u00e4yt\u00f6ll\u00e4 hajautetussa korkeakouluorganisaatiossa.<\/li>\n<li><a href=\"https:\/\/www.youtube.com\/watch?v=u7hA_hmfjyY\" target=\"_blank\">Esittelyvideo<\/a><\/li>\n<\/ul>\n<\/li>\n<\/ul>\n<ul>\n<li>S\u00e1pmi Mieht\u00e1 -Saamenkielen ja -kulttuurin virtuaalinen kehitt\u00e4mis- ja oppimisymp\u00e4rist\u00f6 -hanke\n<ul>\n<li><a href=\"http:\/\/sapmimiehta.wordpress.com\/\" target=\"_blank\">Blogi<\/a><\/li>\n<li><a href=\"http:\/\/www.sogsakk.fi\/virtuaalikoulu\/index.php?option=com_content&amp;view=article&amp;id=27&amp;Itemid=94\" target=\"_blank\">Hankkeen sivusto<\/a><\/li>\n<li>Hankkeessa luodaan toimintamalli siit\u00e4, miten saamen kielen ja kulttuurin et\u00e4opetusta toteutetaan valtakunnallisesti ja miten museoiden ja kirjastojen saamelaisaineistot saadaan palvelemaan oppimista. Projektissa pilotoidaan ja kehitet\u00e4\u00e4n et\u00e4koulutusta yhteisty\u00f6ss\u00e4 eri koulutuksen j\u00e4rjest\u00e4jien, yliopistojen ja kulttuurilaitosten kanssa. Lis\u00e4ksi toteutetaan koulutusta et\u00e4opetusta tukeviin ty\u00f6v\u00e4lineisiin, erilaisiin oppimisymp\u00e4rist\u00f6ihin ja niiden pedagogiikkaan.<\/li>\n<\/ul>\n<\/li>\n<\/ul>\n<ul>\n<li><a href=\"https:\/\/sites.google.com\/site\/tietotaitotalkoot\/\" target=\"_blank\">Tietotaitotalkoot<\/a>\n<ul>\n<li><a href=\"http:\/\/www.tietotaitotalkoot.fi\/ajankohtaista\/talkoopaivakirja_vuosi_2010\/?session=57258829\" target=\"_blank\">Talkoop\u00e4iv\u00e4kirja<\/a>, <a href=\"http:\/\/www.tietotaitotalkoot.fi\/ajankohtaista\/tutkimuspaivakirja\/\" target=\"_blank\">Tutkimusp\u00e4iv\u00e4kirja<\/a><\/li>\n<li>Tietotaitotalkoot-hanke tarjosi yhteis\u00f6ille 12 tunnin talkoiden ajaksi laitteet, kaksi luotsia ja ruokien raaka-aineet maksutta.\u00a0Talkoissa tehtiin joko\u00a0internetsivut, paino-, video-\u00a0 audio- tai nettituote osallistujien toiveen mukaan visioiden.Tietotaitotalkoiden tavoitteena oli parantaa yhteis\u00f6jen viestint\u00e4valmiuksia ja luoda yhteis\u00f6ille viestinn\u00e4lliset k\u00e4yt\u00e4nn\u00f6t, jotka jatkuvat hankkeen j\u00e4lkeen.<\/li>\n<\/ul>\n<\/li>\n<\/ul>\n<ul>\n<li><a href=\"http:\/\/ttstyt.wordpress.com\/tietoa\/\" target=\"_blank\">Tietoyhteiskunnan tilat ja sis\u00e4ll\u00f6t<\/a>\n<ul>\n<li><a href=\"http:\/\/ttstyt.wordpress.com\/\" target=\"_blank\">Lue blogia<\/a><\/li>\n<li>Tietoyhteiskunnan tilat ja sis\u00e4ll\u00f6t oli Tampereen yliopiston t\u00e4ydennyskoulutuskeskuksen (TYT) koordinoima hanke, jossa kehitettiin kirjastoille uudenlaisia toiminta- ja palvelukonsepteja. Kehitt\u00e4mishankkeessa olivat mukana H\u00e4meenlinnan, Kouvolan ja Tampereen kirjastot maakuntakirjastoalueineen. Lis\u00e4ksi hankkeessa olivat mukana Oulun yliopiston informaatiotutkimus ja Tampereen yliopiston informaatiotutkimuksen ja interaktiivisen median laitos INFIM.<\/li>\n<\/ul>\n<\/li>\n<\/ul>\n<ul>\n<li>Tyyne -Ty\u00f6el\u00e4m\u00e4 oppimisymp\u00e4rist\u00f6n\u00e4\n<ul>\n<li><a href=\"http:\/\/wiki.eoppimiskeskus.fi\/download\/attachments\/8226492\/TYYNE-raportti_10062013?api=v2\" target=\"_blank\">Julkaisu<\/a><\/li>\n<li>Esiselvityshanke koosti asiantuntijapaneeleilla, kirjallisuuskatsauksella ja esiselvityksell\u00e4 tiet\u00e4myst\u00e4 ty\u00f6ss\u00e4 ja ty\u00f6n ohessa tapahtuvan oppimisen ja yhteis\u00f6llisen tekemisen mahdollisuuksista muuttuvissa ty\u00f6ymp\u00e4rist\u00f6iss\u00e4 ja liikkuvassa ty\u00f6ss\u00e4. N\u00e4ill\u00e4 osallistavilla ty\u00f6tavoilla tuotettiin arvioitua ja validoitua tiet\u00e4myst\u00e4 tulevista trendeist\u00e4 ja kehityssuunnista.<\/li>\n<\/ul>\n<\/li>\n<\/ul>\n<ul>\n<li><a href=\"http:\/\/verkkohaltuun.wordpress.com\/tausta\/\" target=\"_blank\">Verkko haltuun! N\u00e4tet i besittning!<\/a>\n<ul>\n<li><a href=\"http:\/\/verkkohaltuun.wordpress.com\/\" target=\"_blank\">Lue blogia<\/a><\/li>\n<li>Verkko haltuun! N\u00e4tet i besittning! -projektin tavoitteena oli luoda kirjastoille\u00a0ty\u00f6tapoja\u00a0tavoittaa, aktivoida ja ohjata\u00a0kansalaisia verkkotaitojen laajentamiseen ja monipuolistamiseen. Projektin t\u00e4rkeit\u00e4 kohderyhmi\u00e4 olivat mm. ty\u00f6tt\u00f6m\u00e4t ja muut\u00a0pitk\u00e4\u00e4n ty\u00f6el\u00e4m\u00e4st\u00e4 poissaolleet, ilman opiskelupaikkaa j\u00e4\u00e4neet,\u00a0sairaat ja vammaiset, joiden verkko-osaaminen on yksipuolinen tai\u00a0p\u00e4ivitt\u00e4m\u00e4tt\u00e4.<\/li>\n<\/ul>\n<\/li>\n<\/ul>\n<ul>\n<li><a href=\"http:\/\/www.sogsakk.fi\/hotel\/Koulutus\/Virtuaalikoulu\/Media\/Loppuraportti.pdf\" target=\"_blank\">VUOSTTAS L\u00c1VKI<\/a>\n<ul>\n<li>Katso <a href=\"http:\/\/sapmimiehta.wordpress.com\/\" target=\"_blank\">S\u00e1pmi Mieht\u00e1<\/a><\/li>\n<li>Hankkeen loppuraportissa kerrotaan esiselvitysprojektin aikana tuloksista. Hankkeessa koulutettiin saamen kielen ja kulttuurin opettajia sek\u00e4 toteutettiin et\u00e4opetusta pilottimuotoisesti. Opettajille ja opiskelijoille j\u00e4rjestettiin koulutus ja tukipalvelut osittain Vuosttas L\u00e1vki projektista, osittain Lapin et\u00e4opetuksen tukipalvelut projektista (ESR). Projektien aikana noin 150 opiskelijaa on opiskellut et\u00e4kursseilla, jotka ovat liittyneet saamen kieleen ja kulttuuriin.<\/li>\n<\/ul>\n<\/li>\n<\/ul>\n<ul>\n<li>YHTEYS -Yhdess\u00e4 tekemisen yhteis\u00f6t\n<ul>\n<li><a href=\"http:\/\/yhdessatekemisenyhteisot.blogspot.fi\/\" target=\"_blank\">Blogi<\/a><\/li>\n<li>Hankkeessa kehitet\u00e4\u00e4n vuorovaikutus-ja toimintamalleja kansalaisopistojen, kirjastojen ja yliopistojen v\u00e4lill\u00e4 Lapin yliopiston kasvatustieteiden tiedekunnan johdolla. Ideana on luoda verkostomaisesti toimivia aktiiviseen kansalaisuuteen kannustavia yhdess\u00e4 tekemisen yhteis\u00f6j\u00e4 my\u00f6s ruohonjuuritasolla eri puolilla Suomea.<\/li>\n<li><a href=\"https:\/\/www.youtube.com\/watch?v=XYLbFA-qEZ0&amp;feature=youtu.be\" target=\"_blank\">Esittelyvideo<\/a><\/li>\n<\/ul>\n<\/li>\n<\/ul>\n","protected":false},"excerpt":{"rendered":"<p>T\u00e4ll\u00e4 sivulla esitell\u00e4\u00e4n AKTIIVI-verkoston p\u00e4\u00e4ttyneet hankkeet ALY -Avoin luova yhteis\u00f6 Hankkeen sivusto Hanke tuottaa HAMK Biotaloudessa toteutetun verkkotoimintojen kehitt\u00e4misty\u00f6n pohjalta avoimen luovan yhteis\u00f6llisen oppimismallin. Avara museo -kehittyv\u00e4 oppimisymp\u00e4rist\u00f6 aikuisille Avarampi museo aikuisille -julkaisu Hankkeen blogi Hankkeessa j\u00e4rjestettiin tapahtumia, ty\u00f6pajoja ja &hellip; <a href=\"https:\/\/blogi.eoppimispalvelut.fi\/aktiiviplus\/paattyneet-hankkeet\/\">Continue reading <span class=\"meta-nav\">&rarr;<\/span><\/a><\/p>\n","protected":false},"author":6,"featured_media":0,"parent":0,"menu_order":0,"comment_status":"closed","ping_status":"closed","template":"","meta":{"_monsterinsights_skip_tracking":false,"_monsterinsights_sitenote_active":false,"_monsterinsights_sitenote_note":"","_monsterinsights_sitenote_category":0,"footnotes":""},"class_list":["post-300","page","type-page","status-publish","hentry"],"_links":{"self":[{"href":"https:\/\/blogi.eoppimispalvelut.fi\/aktiiviplus\/wp-json\/wp\/v2\/pages\/300","targetHints":{"allow":["GET"]}}],"collection":[{"href":"https:\/\/blogi.eoppimispalvelut.fi\/aktiiviplus\/wp-json\/wp\/v2\/pages"}],"about":[{"href":"https:\/\/blogi.eoppimispalvelut.fi\/aktiiviplus\/wp-json\/wp\/v2\/types\/page"}],"author":[{"embeddable":true,"href":"https:\/\/blogi.eoppimispalvelut.fi\/aktiiviplus\/wp-json\/wp\/v2\/users\/6"}],"replies":[{"embeddable":true,"href":"https:\/\/blogi.eoppimispalvelut.fi\/aktiiviplus\/wp-json\/wp\/v2\/comments?post=300"}],"version-history":[{"count":67,"href":"https:\/\/blogi.eoppimispalvelut.fi\/aktiiviplus\/wp-json\/wp\/v2\/pages\/300\/revisions"}],"predecessor-version":[{"id":2379,"href":"https:\/\/blogi.eoppimispalvelut.fi\/aktiiviplus\/wp-json\/wp\/v2\/pages\/300\/revisions\/2379"}],"wp:attachment":[{"href":"https:\/\/blogi.eoppimispalvelut.fi\/aktiiviplus\/wp-json\/wp\/v2\/media?parent=300"}],"curies":[{"name":"wp","href":"https:\/\/api.w.org\/{rel}","templated":true}]}}