{"id":39,"date":"2024-02-07T08:24:29","date_gmt":"2024-02-07T08:24:29","guid":{"rendered":"https:\/\/blogi.eoppimispalvelut.fi\/alyatkopy\/?page_id=39"},"modified":"2024-02-20T07:49:40","modified_gmt":"2024-02-20T07:49:40","slug":"vastuullisuus-ja-tavoitteet","status":"publish","type":"page","link":"https:\/\/blogi.eoppimispalvelut.fi\/alyatkopy\/vastuullisuus-ja-tavoitteet\/","title":{"rendered":"Vastuullisuus ja tavoitteet"},"content":{"rendered":"\n<p> <\/p>\n\n\n\n<h2 class=\"wp-block-heading has-text-align-center\" style=\"font-size:49px\">Vastuullisuus ja tavoitteet<\/h2>\n\n\n\n<div class=\"wp-block-group is-content-justification-center is-nowrap is-layout-flex wp-container-core-group-is-layout-23441af8 wp-block-group-is-layout-flex\">\n<p><\/p>\n\n\n\n<div class=\"wp-block-group is-vertical is-layout-flex wp-container-core-group-is-layout-fe9cc265 wp-block-group-is-layout-flex\">\n<p class=\"has-ast-global-color-7-color has-text-color has-link-color wp-elements-a74a2456fc544a69226101d56193b1f3\" style=\"font-size:17px\"><strong>1. Tuotteiden valinta ja tarjonta:<\/strong> Yritys on ottanut k\u00e4ytt\u00f6\u00f6n valikoiman ATK-laitteita, jotka t\u00e4ytt\u00e4v\u00e4t tiukat ymp\u00e4rist\u00f6yst\u00e4v\u00e4llisyyskriteerit. Valikoimassa korostetaan energiatehokkaita laitteita, jotka v\u00e4hent\u00e4v\u00e4t k\u00e4yt\u00f6n aikana syntyvi\u00e4 hiilidioksidip\u00e4\u00e4st\u00f6j\u00e4. Lis\u00e4ksi tarjolla on laitteita, joiden valmistuksessa on kiinnitetty erityist\u00e4 huomiota materiaalien kest\u00e4vyyteen ja kierr\u00e4tett\u00e4vyyteen.<\/p>\n\n\n\n<p class=\"has-ast-global-color-7-color has-text-color has-link-color wp-elements-29ceec1640466f961322fcbf6c79be3e\" style=\"font-size:17px\"><strong>2. Tietoisuuden lis\u00e4\u00e4minen:<\/strong> Yritys panostaa asiakkaiden koulutukseen ja tietoisuuden lis\u00e4\u00e4miseen kest\u00e4vist\u00e4 vaihtoehdoista. Asiakkaille tarjotaan tietoa siit\u00e4, miten he voivat valita ymp\u00e4rist\u00f6yst\u00e4v\u00e4llisi\u00e4 vaihtoehtoja ja miten he voivat k\u00e4ytt\u00e4\u00e4 laitteitaan mahdollisimman energiatehokkaasti.&nbsp;<\/p>\n\n\n\n<p class=\"has-ast-global-color-7-color has-text-color has-link-color wp-elements-30f8575094106068fd264013e7bc9ac4\" style=\"font-size:17px\"><strong>3. Ymp\u00e4rist\u00f6yst\u00e4v\u00e4lliset k\u00e4yt\u00e4nn\u00f6t:<\/strong> ATK-laitteiden myyntiyritys on ottanut k\u00e4ytt\u00f6\u00f6n ymp\u00e4rist\u00f6yst\u00e4v\u00e4llisi\u00e4 k\u00e4yt\u00e4nt\u00f6j\u00e4 omassa toiminnassaan. T\u00e4m\u00e4 sis\u00e4lt\u00e4\u00e4 muun muassa paperittoman toimiston edist\u00e4misen, energiatehokkaiden valaistusratkaisujen k\u00e4yt\u00f6n sek\u00e4 elektronisen j\u00e4tehuollon j\u00e4rjest\u00e4misen.&nbsp;<\/p>\n\n\n\n<p class=\"has-ast-global-color-7-color has-text-color has-link-color wp-elements-f7142d2847cdf1bfce1b0d2e2715cfdc\" style=\"font-size:17px\"><strong>4. Kumppanuuksien ja toimitusketjun vastuullisuus:<\/strong> Yritys pyrkii valitsemaan yhteisty\u00f6kumppaneiksi ja toimittajiksi yrityksi\u00e4, jotka jakavat saman vastuullisuusarvon. T\u00e4m\u00e4 sis\u00e4lt\u00e4\u00e4 esimerkiksi valmistajat, jotka noudattavat eettisi\u00e4 ty\u00f6standardeja ja ymp\u00e4rist\u00f6s\u00e4\u00e4nn\u00f6ksi\u00e4.&nbsp;<\/p>\n\n\n\n<p class=\"has-text-align-left has-ast-global-color-7-color has-text-color has-link-color wp-elements-95f2c0db46c63e758153df2ee4016073\" style=\"font-size:17px\"><strong>5. Jatkuva kehitys:<\/strong> Yritys sitoutuu jatkuvaan kehitykseen kest\u00e4vyyden ja vastuullisuuden alueella. Tulevaisuudessa suunnitellaan investointeja uusiin ymp\u00e4rist\u00f6yst\u00e4v\u00e4llisiin teknologioihin ja toimintatapoihin, jotka edist\u00e4v\u00e4t kest\u00e4v\u00e4\u00e4 kehityst\u00e4 entisest\u00e4\u00e4n.\u00a0<\/p>\n\n\n\n<p>Yhteisty\u00f6ss\u00e4 chatgpt<\/p>\n<\/div>\n\n\n\n<p><\/p>\n\n\n\n<p><\/p>\n<\/div>\n","protected":false},"excerpt":{"rendered":"<p>Vastuullisuus ja tavoitteet 1. Tuotteiden valinta ja tarjonta: Yritys on ottanut k\u00e4ytt\u00f6\u00f6n valikoiman ATK-laitteita, jotka t\u00e4ytt\u00e4v\u00e4t tiukat ymp\u00e4rist\u00f6yst\u00e4v\u00e4llisyyskriteerit. Valikoimassa korostetaan [&hellip;]<\/p>\n","protected":false},"author":42939,"featured_media":0,"parent":0,"menu_order":2,"comment_status":"closed","ping_status":"closed","template":"","meta":{"site-sidebar-layout":"default","site-content-layout":"","ast-site-content-layout":"default","site-content-style":"default","site-sidebar-style":"default","ast-global-header-display":"","ast-banner-title-visibility":"","ast-main-header-display":"","ast-hfb-above-header-display":"","ast-hfb-below-header-display":"","ast-hfb-mobile-header-display":"","site-post-title":"disabled","ast-breadcrumbs-content":"","ast-featured-img":"","footer-sml-layout":"","ast-disable-related-posts":"","theme-transparent-header-meta":"","adv-header-id-meta":"","stick-header-meta":"","header-above-stick-meta":"","header-main-stick-meta":"","header-below-stick-meta":"","astra-migrate-meta-layouts":"default","ast-page-background-enabled":"default","ast-page-background-meta":{"desktop":{"background-color":"var(--ast-global-color-4)","background-image":"","background-repeat":"repeat","background-position":"center center","background-size":"auto","background-attachment":"scroll","background-type":"","background-media":"","overlay-type":"","overlay-color":"","overlay-opacity":"","overlay-gradient":""},"tablet":{"background-color":"","background-image":"","background-repeat":"repeat","background-position":"center center","background-size":"auto","background-attachment":"scroll","background-type":"","background-media":"","overlay-type":"","overlay-color":"","overlay-opacity":"","overlay-gradient":""},"mobile":{"background-color":"","background-image":"","background-repeat":"repeat","background-position":"center center","background-size":"auto","background-attachment":"scroll","background-type":"","background-media":"","overlay-type":"","overlay-color":"","overlay-opacity":"","overlay-gradient":""}},"ast-content-background-meta":{"desktop":{"background-color":"var(--ast-global-color-5)","background-image":"","background-repeat":"repeat","background-position":"center center","background-size":"auto","background-attachment":"scroll","background-type":"","background-media":"","overlay-type":"","overlay-color":"","overlay-opacity":"","overlay-gradient":""},"tablet":{"background-color":"var(--ast-global-color-5)","background-image":"","background-repeat":"repeat","background-position":"center center","background-size":"auto","background-attachment":"scroll","background-type":"","background-media":"","overlay-type":"","overlay-color":"","overlay-opacity":"","overlay-gradient":""},"mobile":{"background-color":"var(--ast-global-color-5)","background-image":"","background-repeat":"repeat","background-position":"center center","background-size":"auto","background-attachment":"scroll","background-type":"","background-media":"","overlay-type":"","overlay-color":"","overlay-opacity":"","overlay-gradient":""}},"footnotes":""},"class_list":["post-39","page","type-page","status-publish","hentry"],"_links":{"self":[{"href":"https:\/\/blogi.eoppimispalvelut.fi\/alyatkopy\/wp-json\/wp\/v2\/pages\/39","targetHints":{"allow":["GET"]}}],"collection":[{"href":"https:\/\/blogi.eoppimispalvelut.fi\/alyatkopy\/wp-json\/wp\/v2\/pages"}],"about":[{"href":"https:\/\/blogi.eoppimispalvelut.fi\/alyatkopy\/wp-json\/wp\/v2\/types\/page"}],"author":[{"embeddable":true,"href":"https:\/\/blogi.eoppimispalvelut.fi\/alyatkopy\/wp-json\/wp\/v2\/users\/42939"}],"replies":[{"embeddable":true,"href":"https:\/\/blogi.eoppimispalvelut.fi\/alyatkopy\/wp-json\/wp\/v2\/comments?post=39"}],"version-history":[{"count":21,"href":"https:\/\/blogi.eoppimispalvelut.fi\/alyatkopy\/wp-json\/wp\/v2\/pages\/39\/revisions"}],"predecessor-version":[{"id":231,"href":"https:\/\/blogi.eoppimispalvelut.fi\/alyatkopy\/wp-json\/wp\/v2\/pages\/39\/revisions\/231"}],"wp:attachment":[{"href":"https:\/\/blogi.eoppimispalvelut.fi\/alyatkopy\/wp-json\/wp\/v2\/media?parent=39"}],"curies":[{"name":"wp","href":"https:\/\/api.w.org\/{rel}","templated":true}]}}