{"id":2,"date":"2017-09-28T15:58:32","date_gmt":"2017-09-28T12:58:32","guid":{"rendered":"https:\/\/blogi.eoppimispalvelut.fi\/anrenkuplassa\/?page_id=2"},"modified":"2017-10-24T21:34:00","modified_gmt":"2017-10-24T18:34:00","slug":"esimerkkisivu","status":"publish","type":"page","link":"https:\/\/blogi.eoppimispalvelut.fi\/anrenkuplassa\/esimerkkisivu\/","title":{"rendered":"Anren kuplassa"},"content":{"rendered":"<blockquote><p>Tervetuloa Anren kuplaan! Olen 27-vuotias liiketalouden opiskelija Lapin ammattikorkeakoulusta Rovaniemelt\u00e4. Kuplassani on ajatuksia visuaalisuudesta ja viestinn\u00e4st\u00e4 projektity\u00f6skentelyss\u00e4, sill\u00e4 se on osa minua ja tykk\u00e4\u00e4n v\u00e4rkk\u00e4ill\u00e4 visuaalisuuden parissa kaikenlaista. Liiketalouden opinnoissa meill\u00e4 on t\u00e4ll\u00e4 hetkell\u00e4 projekti meneill\u00e4\u00e4n, jossa projektiryhm\u00e4mme tavoitteena on toteuttaa selkokielinen opas yrityskaupasta ja onnistuneesta integraatiovaiheen sis\u00e4isest\u00e4 viestinn\u00e4st\u00e4, my\u00f6s visuaalisesti. Projektimme nimi on Yrityskaupan ABC, ja l\u00f6ydymme my\u00f6s Facebookista. Rohkeasti seuraamaan meit\u00e4! Linkki l\u00f6ytyy oikeasta alalaidasta. \ud83d\ude42<\/p><\/blockquote>\n<div id=\"attachment_53\" style=\"width: 570px\" class=\"wp-caption aligncenter\"><img loading=\"lazy\" decoding=\"async\" aria-describedby=\"caption-attachment-53\" src=\"https:\/\/blogi.eoppimispalvelut.fi\/anrenkuplassa\/files\/2017\/10\/KAIKESTA-TY\u00d6ST\u00c4-TULEE-LUOVAA-SILLOIN-KUN-SEN-TEKIJ\u00c4-HALUAA-TEHD\u00c4-SEN-HYVIN-\u2013-TAI-VIEL\u00c4-PAREMMIN.-2.jpg\" alt=\"\" width=\"560\" height=\"315\" class=\"size-full wp-image-53\" \/><p id=\"caption-attachment-53\" class=\"wp-caption-text\">Kirjailija John Updike (1932-2009) ajatus luovuudesta<\/p><\/div>\n","protected":false},"excerpt":{"rendered":"<p>Tervetuloa Anren kuplaan! Olen 27-vuotias liiketalouden opiskelija Lapin ammattikorkeakoulusta Rovaniemelt\u00e4. Kuplassani on ajatuksia visuaalisuudesta ja viestinn\u00e4st\u00e4 projektity\u00f6skentelyss\u00e4, sill\u00e4 se on osa minua ja tykk\u00e4\u00e4n v\u00e4rkk\u00e4ill\u00e4 visuaalisuuden parissa kaikenlaista. Liiketalouden opinnoissa meill\u00e4 on t\u00e4ll\u00e4 hetkell\u00e4 projekti meneill\u00e4\u00e4n, jossa projektiryhm\u00e4mme tavoitteena on toteuttaa selkokielinen opas yrityskaupasta ja onnistuneesta integraatiovaiheen sis\u00e4isest\u00e4 viestinn\u00e4st\u00e4, my\u00f6s visuaalisesti. Projektimme nimi on Yrityskaupan [&hellip;]<\/p>\n","protected":false},"author":2178,"featured_media":0,"parent":0,"menu_order":0,"comment_status":"closed","ping_status":"open","template":"","meta":{"footnotes":""},"class_list":["post-2","page","type-page","status-publish","hentry"],"_links":{"self":[{"href":"https:\/\/blogi.eoppimispalvelut.fi\/anrenkuplassa\/wp-json\/wp\/v2\/pages\/2","targetHints":{"allow":["GET"]}}],"collection":[{"href":"https:\/\/blogi.eoppimispalvelut.fi\/anrenkuplassa\/wp-json\/wp\/v2\/pages"}],"about":[{"href":"https:\/\/blogi.eoppimispalvelut.fi\/anrenkuplassa\/wp-json\/wp\/v2\/types\/page"}],"author":[{"embeddable":true,"href":"https:\/\/blogi.eoppimispalvelut.fi\/anrenkuplassa\/wp-json\/wp\/v2\/users\/2178"}],"replies":[{"embeddable":true,"href":"https:\/\/blogi.eoppimispalvelut.fi\/anrenkuplassa\/wp-json\/wp\/v2\/comments?post=2"}],"version-history":[{"count":10,"href":"https:\/\/blogi.eoppimispalvelut.fi\/anrenkuplassa\/wp-json\/wp\/v2\/pages\/2\/revisions"}],"predecessor-version":[{"id":88,"href":"https:\/\/blogi.eoppimispalvelut.fi\/anrenkuplassa\/wp-json\/wp\/v2\/pages\/2\/revisions\/88"}],"wp:attachment":[{"href":"https:\/\/blogi.eoppimispalvelut.fi\/anrenkuplassa\/wp-json\/wp\/v2\/media?parent=2"}],"curies":[{"name":"wp","href":"https:\/\/api.w.org\/{rel}","templated":true}]}}