{"id":551,"date":"2022-05-02T09:48:39","date_gmt":"2022-05-02T06:48:39","guid":{"rendered":"https:\/\/blogi.eoppimispalvelut.fi\/arcticresearchcommunity\/?page_id=551"},"modified":"2022-05-02T10:12:29","modified_gmt":"2022-05-02T07:12:29","slug":"tutkimusyhteistyo","status":"publish","type":"page","link":"https:\/\/blogi.eoppimispalvelut.fi\/arcticresearchcommunity\/tutkimusyhteistyo\/","title":{"rendered":"Tutkimusyhteisty\u00f6"},"content":{"rendered":"<p>[et_pb_section fb_built=&#8221;1&#8243; admin_label=&#8221;Landing Hero&#8221; _builder_version=&#8221;3.22&#8243; use_background_color_gradient=&#8221;on&#8221; background_color_gradient_start=&#8221;#27292d&#8221; background_color_gradient_end=&#8221;#000000&#8243; background_color_gradient_direction=&#8221;144deg&#8221; background_color_gradient_start_position=&#8221;58%&#8221; background_image=&#8221;https:\/\/blogi.eoppimispalvelut.fi\/arcticresearchcommunity\/files\/2021\/09\/coding-background-texture.jpg&#8221; background_blend=&#8221;overlay&#8221; custom_padding=&#8221;100px|0px|100px|0px&#8221; animation_style=&#8221;slide&#8221; animation_direction=&#8221;top&#8221; animation_intensity_slide=&#8221;2%&#8221; locked=&#8221;off&#8221;][et_pb_row column_structure=&#8221;3_5,2_5&#8243; _builder_version=&#8221;3.25&#8243; custom_margin=&#8221;|||&#8221; custom_width_px=&#8221;1280px&#8221;][et_pb_column type=&#8221;3_5&#8243; _builder_version=&#8221;3.25&#8243; custom_padding=&#8221;|||&#8221; custom_padding__hover=&#8221;|||&#8221;][et_pb_text _builder_version=&#8221;4.8.2&#8243; header_font=&#8221;|on|||&#8221; header_font_size=&#8221;42px&#8221; header_line_height=&#8221;1.3em&#8221; background_layout=&#8221;dark&#8221; custom_padding=&#8221;|||&#8221; header_font_size_last_edited=&#8221;off|desktop&#8221; locked=&#8221;off&#8221;]<\/p>\n<h1>Tutkimusyhteisty\u00f6<\/h1>\n<p>[\/et_pb_text][et_pb_text _builder_version=&#8221;4.8.2&#8243; text_text_color=&#8221;#6fd3e2&#8243; text_font_size=&#8221;16px&#8221; text_line_height=&#8221;1.9em&#8221; locked=&#8221;off&#8221;]<\/p>\n<p>Arctic Research Community -yhteisty\u00f6ss\u00e4 Geologian tutkimuskeskus (GTK), Lapin ammattikorkeakoulu, Lapin yliopisto sek\u00e4&nbsp; Luonnonvarakeskus (Luke) tukevat tutkijoidensa ja asiantuntijoidensa yhteisty\u00f6t\u00e4 sek\u00e4 ty\u00f6skentelev\u00e4t tutkitun tiedon aseman vahvistamiseksi Lapissa.<\/p>\n<p>T\u00e4h\u00e4n satsataan edist\u00e4m\u00e4ll\u00e4 tutkijoiden ja asiantuntijoiden verkostoitumista yli organisaatiorajojen sek\u00e4 tukemalla yhteisi\u00e4 hankeideointia, kansainv\u00e4list\u00e4 hankeosaamista ja kansainv\u00e4listen hankekonsortioiden syntymist\u00e4.<\/p>\n<p>Tavoitteena on, ett\u00e4 l\u00e4hivuosina muutkin Lapissa toimivat tutkimusorganisaatiot liittyv\u00e4t yhteisty\u00f6h\u00f6n.<\/p>\n<p>[\/et_pb_text][\/et_pb_column][et_pb_column type=&#8221;2_5&#8243; _builder_version=&#8221;4.8.2&#8243; _module_preset=&#8221;default&#8221;][et_pb_image src=&#8221;https:\/\/blogi.eoppimispalvelut.fi\/arcticresearchcommunity\/files\/2021\/10\/ARC-grafiikka_01.png&#8221; alt=&#8221;Korkeakoulut ja tutkimusorganisaatiot Lapissa merkittyn\u00e4 kartalle&#8221; title_text=&#8221;ARC-grafiikka_01&#8243; _builder_version=&#8221;4.8.2&#8243; _module_preset=&#8221;default&#8221; width=&#8221;85%&#8221;][\/et_pb_image][\/et_pb_column][\/et_pb_row][\/et_pb_section][et_pb_section fb_built=&#8221;1&#8243; _builder_version=&#8221;4.8.2&#8243; _module_preset=&#8221;default&#8221;][et_pb_row _builder_version=&#8221;4.8.2&#8243; _module_preset=&#8221;default&#8221;][et_pb_column type=&#8221;4_4&#8243; _builder_version=&#8221;4.8.2&#8243; _module_preset=&#8221;default&#8221;][et_pb_image src=&#8221;https:\/\/blogi.eoppimispalvelut.fi\/arcticresearchcommunity\/files\/2021\/10\/Korkeakoulut_ja_tutkimusorganisaatiot_Lapissa.png&#8221; title_text=&#8221;Korkeakoulut ja tutkimusorganisaatiot Lapissa&#8221; _builder_version=&#8221;4.8.2&#8243; _module_preset=&#8221;default&#8221;][\/et_pb_image][\/et_pb_column][\/et_pb_row][\/et_pb_section][et_pb_section fb_built=&#8221;1&#8243; _builder_version=&#8221;4.8.2&#8243; _module_preset=&#8221;default&#8221; background_color=&#8221;#f2f2f2&#8243; locked=&#8221;off&#8221;][et_pb_row column_structure=&#8221;1_4,1_4,1_4,1_4&#8243; use_custom_gutter=&#8221;on&#8221; gutter_width=&#8221;2&#8243; _builder_version=&#8221;4.8.2&#8243; _module_preset=&#8221;default&#8221;][et_pb_column type=&#8221;1_4&#8243; _builder_version=&#8221;4.8.2&#8243; _module_preset=&#8221;default&#8221;][et_pb_image src=&#8221;https:\/\/blogi.eoppimispalvelut.fi\/arcticresearchcommunity\/files\/2021\/10\/Lapland_University_of_Applied_Sciences.png&#8221; alt=&#8221;Lapin ammattikorkeakoulun tunnus&#8221; title_text=&#8221;Lapin ammattikorkeakoulu&#8221; url=&#8221;http:\/\/www.lapinamk.fi&#8221; url_new_window=&#8221;on&#8221; _builder_version=&#8221;4.8.2&#8243; _module_preset=&#8221;default&#8221; width=&#8221;52%&#8221; custom_padding=&#8221;||4px||false|false&#8221;][\/et_pb_image][et_pb_text _builder_version=&#8221;4.8.2&#8243; _module_preset=&#8221;default&#8221; text_font=&#8221;Roboto||||||||&#8221; text_line_height=&#8221;1.6em&#8221; custom_padding=&#8221;0px|0px|0px|0px|true|true&#8221; locked=&#8221;off&#8221;]<\/p>\n<p><span class=\"ingressi\"><a href=\"https:\/\/www.lapinamk.fi\/\" target=\"_blank\" rel=\"noopener noreferrer\"><strong>Lapin ammattikorkeakoulun<\/strong><\/a> TKI-toiminnan osa-alueet:<\/span><\/p>\n<p>[\/et_pb_text][et_pb_text _builder_version=&#8221;4.8.2&#8243; _module_preset=&#8221;default&#8221; text_font=&#8221;Roboto||||||||&#8221; text_line_height=&#8221;1.6em&#8221; custom_padding=&#8221;0px|0px|0px|0px|true|true&#8221; locked=&#8221;off&#8221;]<\/p>\n<ul>\n<li><a href=\"https:\/\/www.lapinamk.fi\/fi\/Esittely\/Osaamisryhmat\/Vastuulliset-palvelut\" target=\"_blank\" rel=\"noopener noreferrer\"><span class=\"ingressi\">Vastuulliset palvelut<\/span><\/a><\/li>\n<li><a href=\"https:\/\/www.lapinamk.fi\/fi\/Esittely\/Osaamisryhmat\/Digitaaliset-ratkaisut\" target=\"_blank\" rel=\"noopener noreferrer\"><span class=\"ingressi\">Digitaaliset ratkaisut<\/span><\/a><\/li>\n<li><a href=\"https:\/\/www.lapinamk.fi\/fi\/Esittely\/Osaamisryhmat\/Digitaaliset-ratkaisut\" target=\"_blank\" rel=\"noopener noreferrer\"><span class=\"ingressi\">Tulevaisuuden biotalous<\/span><\/a><\/li>\n<li><a href=\"https:\/\/www.lapinamk.fi\/fi\/Esittely\/Osaamisryhmat\/Uudistuva-teollisuus\" target=\"_blank\" rel=\"noopener noreferrer\"><span class=\"ingressi\">Uudistuva teollisuus<\/span><\/a><\/li>\n<li><a href=\"https:\/\/www.lapinamk.fi\/fi\/Esittely\/Osaamisryhmat\/Alykas-rakennettu-ymparisto\" target=\"_blank\" rel=\"noopener noreferrer\"><span class=\"ingressi\">\u00c4lyk\u00e4s rakennettu ymp\u00e4rist\u00f6<\/span><\/a><\/li>\n<li><a href=\"https:\/\/www.lapinamk.fi\/fi\/Esittely\/Osaamisryhmat\/Osallisuus-ja-toimintakyky\" target=\"_blank\" rel=\"noopener noreferrer\"><span class=\"ingressi\">Osallisuus ja toimintakyky<\/span><\/a><\/li>\n<li><a href=\"https:\/\/www.lapinamk.fi\/fi\/Esittely\/Osaamisryhmat\/Tulevaisuuden-terveyspalvelut\" target=\"_blank\" rel=\"noopener noreferrer\"><span class=\"ingressi\">Tulevaisuuden terveyspalvelut<\/span><\/a><\/li>\n<\/ul>\n<p>[\/et_pb_text][et_pb_button button_url=&#8221;https:\/\/www.tiedejatutkimus.fi\/fi\/results\/organization\/10108&#8243; url_new_window=&#8221;on&#8221; button_text=&#8221;Lapin AMK tiedejatutkimus.fi-portaalissa&#8221; _builder_version=&#8221;4.8.2&#8243; _module_preset=&#8221;default&#8221; custom_button=&#8221;on&#8221; button_text_size=&#8221;13px&#8221; button_text_color=&#8221;#000000&#8243; button_border_width=&#8221;2px&#8221; button_border_radius=&#8221;5px&#8221; button_font=&#8221;||||||||&#8221; button_use_icon=&#8221;off&#8221;][\/et_pb_button][\/et_pb_column][et_pb_column type=&#8221;1_4&#8243; _builder_version=&#8221;4.8.2&#8243; _module_preset=&#8221;default&#8221;][et_pb_image src=&#8221;https:\/\/blogi.eoppimispalvelut.fi\/arcticresearchcommunity\/files\/2021\/10\/Luonnonvarakeskus_Luke.png&#8221; alt=&#8221;Luonnonvarakeskuksen (Luke) tunnus&#8221; title_text=&#8221;Luonnonvarakeskus (Luke)&#8221; url=&#8221;http:\/\/www.luke.fi&#8221; url_new_window=&#8221;on&#8221; _builder_version=&#8221;4.8.2&#8243; _module_preset=&#8221;default&#8221; width=&#8221;37%&#8221; custom_margin=&#8221;-33px||||false|false&#8221; custom_padding=&#8221;||4px||false|false&#8221;][\/et_pb_image][et_pb_text _builder_version=&#8221;4.8.2&#8243; _module_preset=&#8221;default&#8221; text_font=&#8221;Roboto||||||||&#8221; text_line_height=&#8221;1.6em&#8221; background_enable_color=&#8221;off&#8221; custom_margin=&#8221;||||false|false&#8221; custom_padding=&#8221;||||true|true&#8221; locked=&#8221;off&#8221;]<\/p>\n<p><a href=\"http:\/\/www.luke.fi\"><strong><span style=\"color: #000000\">Luonnonvarakeskuksella (Luke)<\/span><\/strong><\/a> on nelj\u00e4 tutkimusohjelmaa:<\/p>\n<p>[\/et_pb_text][et_pb_text _builder_version=&#8221;4.8.2&#8243; _module_preset=&#8221;default&#8221; text_font=&#8221;Roboto||||||||&#8221; text_line_height=&#8221;1.6em&#8221; background_enable_color=&#8221;off&#8221; custom_margin=&#8221;||||false|false&#8221; custom_padding=&#8221;||||true|true&#8221; locked=&#8221;off&#8221;]<\/p>\n<ul>\n<li><a href=\"https:\/\/www.luke.fi\/tutkimus\/kannattava-ja-vastuullinen-alkutuotanto\/\">Kannattava ja vastuullinen alkutuotanto<\/a><\/li>\n<li><a href=\"https:\/\/www.luke.fi\/tutkimus\/biokiertotalous\/\">Biokiertotalous<\/a><\/li>\n<li><a href=\"https:\/\/www.luke.fi\/tutkimus\/ilmastoviisas-hiilenkierto\/\">Ilmastoviisas hiilenkierto<\/a><\/li>\n<li><a href=\"https:\/\/www.luke.fi\/tutkimus\/sopeutumis-ja-palautumiskykyinen-biotalous\/\">Sopeutumis- ja palautumiskykyinen biotalous<\/a><\/li>\n<\/ul>\n<p>[\/et_pb_text][et_pb_button button_url=&#8221;https:\/\/www.tiedejatutkimus.fi\/fi\/results\/organization\/4100010&#8243; url_new_window=&#8221;on&#8221; button_text=&#8221;Luke tiedejatutkimus.fi-portaalissa&#8221; _builder_version=&#8221;4.8.2&#8243; _module_preset=&#8221;default&#8221; custom_button=&#8221;on&#8221; button_text_size=&#8221;13px&#8221; button_text_color=&#8221;#000000&#8243; button_border_width=&#8221;2px&#8221; button_border_radius=&#8221;5px&#8221; button_font=&#8221;||||||||&#8221; button_use_icon=&#8221;off&#8221; locked=&#8221;off&#8221;][\/et_pb_button][\/et_pb_column][et_pb_column type=&#8221;1_4&#8243; _builder_version=&#8221;4.8.2&#8243; _module_preset=&#8221;default&#8221;][et_pb_image src=&#8221;https:\/\/blogi.eoppimispalvelut.fi\/arcticresearchcommunity\/files\/2021\/10\/Geological_Survey_of_Finland_GTK.png&#8221; title_text=&#8221;Geologian tutkimuskeskus (GTK)&#8221; _builder_version=&#8221;4.8.2&#8243; _module_preset=&#8221;default&#8221; width=&#8221;47%&#8221; custom_margin=&#8221;-8px||||false|false&#8221; custom_padding=&#8221;0px||7px||false|false&#8221;][\/et_pb_image][et_pb_text _builder_version=&#8221;4.8.2&#8243; _module_preset=&#8221;default&#8221; text_font=&#8221;Roboto||||||||&#8221; text_line_height=&#8221;1.6em&#8221; custom_padding=&#8221;0px|0px|0px|0px|true|true&#8221; locked=&#8221;off&#8221;]<\/p>\n<p><span style=\"color: #000000\"><strong><a href=\"http:\/\/www.gtk.fi\" style=\"color: #000000\">Geologian tutkimuskeskuksen (GTK)<\/a><\/strong><\/span> tutkimusalueet:<\/p>\n<p>[\/et_pb_text][et_pb_text _builder_version=&#8221;4.8.2&#8243; _module_preset=&#8221;default&#8221; text_font=&#8221;Roboto||||||||&#8221; text_line_height=&#8221;1.6em&#8221; custom_padding=&#8221;0px|0px|0px|0px|true|true&#8221; locked=&#8221;off&#8221;]<\/p>\n<ul>\n<li><a href=\"https:\/\/www.gtk.fi\/tutkimusalue\/akkumineeralit\/\">Akkumineraalit<\/a><\/li>\n<li><a href=\"https:\/\/www.gtk.fi\/tutkimusalue\/kiertotalous\/\">Kiertotalous<\/a><\/li>\n<li><a href=\"https:\/\/www.gtk.fi\/tutkimusalue\/tietoratkaisut\/\">Tietoratkaisut<\/a><\/li>\n<li><a href=\"https:\/\/www.gtk.fi\/tutkimusalue\/vesienhallinta\/\">Vesienhallinta<\/a><\/li>\n<li><a href=\"https:\/\/www.gtk.fi\/tutkimusalue\/kehittyvat-geofysiikan-sovellukset\/\">Kehittyv\u00e4t geofysiikan sovellukset<\/a><\/li>\n<li><a href=\"https:\/\/www.gtk.fi\/tutkimusalue\/kestava-rakentaminen\/\">Kest\u00e4v\u00e4 rakentaminen<\/a><\/li>\n<li><a href=\"https:\/\/www.gtk.fi\/tutkimusalue\/kriittiset-mineraalit\/\">Kriittiset mineraalit<\/a><\/li>\n<li><a href=\"https:\/\/www.gtk.fi\/tutkimusalue\/muuttuva-ymparisto\/\">Muuttuva ymp\u00e4rist\u00f6<\/a><\/li>\n<li><a href=\"https:\/\/www.gtk.fi\/tutkimusalue\/vahahiiliset-energiaratkaisut\/\">V\u00e4h\u00e4hiiliset energiaratkaisut<\/a><\/li>\n<\/ul>\n<p>[\/et_pb_text][et_pb_button button_url=&#8221;https:\/\/www.tiedejatutkimus.fi\/fi\/results\/organization\/5040011&#8243; url_new_window=&#8221;on&#8221; button_text=&#8221;GTK tiedejatutkimus.fi-portaalissa&#8221; _builder_version=&#8221;4.8.2&#8243; _module_preset=&#8221;default&#8221; custom_button=&#8221;on&#8221; button_text_size=&#8221;13px&#8221; button_text_color=&#8221;#000000&#8243; button_border_width=&#8221;2px&#8221; button_border_radius=&#8221;5px&#8221; button_font=&#8221;||||||||&#8221; button_use_icon=&#8221;off&#8221; locked=&#8221;off&#8221;][\/et_pb_button][\/et_pb_column][et_pb_column type=&#8221;1_4&#8243; _builder_version=&#8221;4.8.2&#8243; _module_preset=&#8221;default&#8221;][et_pb_image src=&#8221;https:\/\/blogi.eoppimispalvelut.fi\/arcticresearchcommunity\/files\/2021\/10\/University_of_Lapland.png&#8221; alt=&#8221;Lapin yliopiston tunnus&#8221; title_text=&#8221;Lapin yliopisto&#8221; _builder_version=&#8221;4.8.2&#8243; _module_preset=&#8221;default&#8221; width=&#8221;71%&#8221; custom_margin=&#8221;-7px||14px||false|false&#8221;][\/et_pb_image][et_pb_text _builder_version=&#8221;4.8.2&#8243; _module_preset=&#8221;default&#8221; text_font=&#8221;Roboto||||||||&#8221; text_line_height=&#8221;1.6em&#8221; custom_padding=&#8221;0px|0px|0px|0px|true|true&#8221; locked=&#8221;off&#8221;]<\/p>\n<p><span style=\"color: #000000\"><strong><a href=\"http:\/\/www.ulapland.fi\" style=\"color: #000000\">Lapin yliopisto<\/a>n<\/strong><\/span> tutkimusprofiili kiteytyy arktisen ja pohjoisen muutokseen. Yliopisto tuottaa tutkittua tietoa pohjoisten alueiden yhteiskunnista, ymp\u00e4rist\u00f6st\u00e4 sek\u00e4 niiden vuorovaikutuksesta. <a href=\"https:\/\/research.ulapland.fi\/\" target=\"_blank\" rel=\"noopener noreferrer\">Lapin yliopiston tutkimusportaali &gt;<\/a><\/p>\n<p>[\/et_pb_text][et_pb_button button_url=&#8221;https:\/\/www.tiedejatutkimus.fi\/fi\/results\/organization\/01918&#8243; url_new_window=&#8221;on&#8221; button_text=&#8221;Lapin yliopisto tiedejatutkimus.fi-portaalissa&#8221; _builder_version=&#8221;4.8.2&#8243; _module_preset=&#8221;default&#8221; custom_button=&#8221;on&#8221; button_text_size=&#8221;13px&#8221; button_text_color=&#8221;#000000&#8243; button_border_width=&#8221;2px&#8221; button_border_radius=&#8221;5px&#8221; button_font=&#8221;||||||||&#8221; button_use_icon=&#8221;off&#8221; locked=&#8221;off&#8221;][\/et_pb_button][\/et_pb_column][\/et_pb_row][\/et_pb_section][et_pb_section fb_built=&#8221;1&#8243; _builder_version=&#8221;4.8.2&#8243; _module_preset=&#8221;default&#8221;][et_pb_row _builder_version=&#8221;4.8.2&#8243; _module_preset=&#8221;default&#8221;][et_pb_column type=&#8221;4_4&#8243; _builder_version=&#8221;4.8.2&#8243; _module_preset=&#8221;default&#8221;][et_pb_text _builder_version=&#8221;4.8.2&#8243; _module_preset=&#8221;default&#8221;]<\/p>\n<h1>Muut Lapissa toimivat tutkimuslaitokset<\/h1>\n<p>[\/et_pb_text][\/et_pb_column][\/et_pb_row][et_pb_row column_structure=&#8221;1_5,1_5,1_5,1_5,1_5&#8243; use_custom_gutter=&#8221;on&#8221; gutter_width=&#8221;2&#8243; _builder_version=&#8221;4.8.2&#8243; _module_preset=&#8221;default&#8221; locked=&#8221;off&#8221;][et_pb_column type=&#8221;1_5&#8243; _builder_version=&#8221;4.8.2&#8243; _module_preset=&#8221;default&#8221;][et_pb_image src=&#8221;https:\/\/blogi.eoppimispalvelut.fi\/arcticresearchcommunity\/files\/2021\/10\/Oulun_yliopisto_vaaka_FI.png&#8221; alt=&#8221;Oulun yliopiston tunnus&#8221; title_text=&#8221;Oulun yliopisto&#8221; url=&#8221;http:\/\/www.lapinamk.fi&#8221; url_new_window=&#8221;on&#8221; _builder_version=&#8221;4.8.2&#8243; _module_preset=&#8221;default&#8221; width=&#8221;72%&#8221; custom_margin=&#8221;-6px||||false|false&#8221; custom_padding=&#8221;||4px||false|false&#8221;][\/et_pb_image][et_pb_text _builder_version=&#8221;4.8.2&#8243; _module_preset=&#8221;default&#8221; text_font=&#8221;Roboto||||||||&#8221; text_line_height=&#8221;1.6em&#8221; custom_padding=&#8221;0px|0px|0px|0px|true|true&#8221; locked=&#8221;off&#8221;]<\/p>\n<p><strong><a href=\"https:\/\/www.sgo.fi\/index_f.php\">Sodankyl\u00e4n geofysiikan observatorio (Oulun yliopisto)<\/a><\/strong><\/p>\n<p>[\/et_pb_text][\/et_pb_column][et_pb_column type=&#8221;1_5&#8243; _builder_version=&#8221;4.8.2&#8243; _module_preset=&#8221;default&#8221;][et_pb_image src=&#8221;https:\/\/blogi.eoppimispalvelut.fi\/arcticresearchcommunity\/files\/2021\/10\/helsingin-yliopisto.png&#8221; alt=&#8221;Helsingin yliopiston tunnus&#8221; title_text=&#8221;Helsingin yliopisto&#8221; url=&#8221;http:\/\/www.luke.fi&#8221; url_new_window=&#8221;on&#8221; _builder_version=&#8221;4.8.2&#8243; _module_preset=&#8221;default&#8221; width=&#8221;72%&#8221; custom_margin=&#8221;-33px||||false|false&#8221; custom_padding=&#8221;||0px||false|false&#8221;][\/et_pb_image][et_pb_text _builder_version=&#8221;4.8.2&#8243; _module_preset=&#8221;default&#8221; text_font=&#8221;Roboto||||||||&#8221; text_line_height=&#8221;1.6em&#8221; background_enable_color=&#8221;off&#8221; custom_margin=&#8221;||||false|false&#8221; custom_padding=&#8221;||||true|true&#8221; locked=&#8221;off&#8221;]<\/p>\n<p><strong><a href=\"https:\/\/www.helsinki.fi\/fi\/tutkimusasemat\/varrion-tutkimusasema\">V\u00e4rri\u00f6n tutkimusasema (Helsingin yliopisto)<\/a><\/strong><\/p>\n<p>[\/et_pb_text][et_pb_text _builder_version=&#8221;4.8.2&#8243; _module_preset=&#8221;default&#8221; text_font=&#8221;Roboto||||||||&#8221; text_line_height=&#8221;1.6em&#8221; background_enable_color=&#8221;off&#8221; custom_margin=&#8221;||||false|false&#8221; custom_padding=&#8221;||||true|true&#8221; locked=&#8221;off&#8221;]<\/p>\n<p><strong><a href=\"https:\/\/www.helsinki.fi\/fi\/tutkimusasemat\/kilpisjarven-biologinen-asema\">Kilpisj\u00e4rven biologinen tutkimusasema (Helsingin yliopisto)<\/a><\/strong><\/p>\n<p><strong><a href=\"https:\/\/www.helsinki.fi\/fi\/tutkimusasemat\/varrion-tutkimusasema\"><\/a><\/strong><\/p>\n<p>[\/et_pb_text][\/et_pb_column][et_pb_column type=&#8221;1_5&#8243; _builder_version=&#8221;4.8.2&#8243; _module_preset=&#8221;default&#8221;][et_pb_image src=&#8221;https:\/\/blogi.eoppimispalvelut.fi\/arcticresearchcommunity\/files\/2021\/10\/UTU_logo_FI_RGB.png&#8221; alt=&#8221;Turun yliopiston tunnus&#8221; title_text=&#8221;Turun yliopisto&#8221; _builder_version=&#8221;4.8.2&#8243; _module_preset=&#8221;default&#8221; width=&#8221;58%&#8221; custom_margin=&#8221;-7px||0px||false|false&#8221; custom_padding=&#8221;0px||9px||false|false&#8221;][\/et_pb_image][et_pb_text _builder_version=&#8221;4.8.2&#8243; _module_preset=&#8221;default&#8221; text_font=&#8221;Roboto||||||||&#8221; text_line_height=&#8221;1.6em&#8221; custom_padding=&#8221;0px|0px|0px|0px|true|true&#8221; locked=&#8221;off&#8221;]<\/p>\n<p><strong><a href=\"https:\/\/sites.utu.fi\/kevo\/\">Lapin tutkimuslaitos Kevo (Turun yliopisto)<\/a><\/strong><\/p>\n<p>[\/et_pb_text][\/et_pb_column][et_pb_column type=&#8221;1_5&#8243; _builder_version=&#8221;4.8.2&#8243; _module_preset=&#8221;default&#8221;][et_pb_image src=&#8221;https:\/\/blogi.eoppimispalvelut.fi\/arcticresearchcommunity\/files\/2021\/10\/825px-Ilmatieteen_laitoksen_logo.svg_.png&#8221; alt=&#8221;Ilmatieteen laitoksen logo&#8221; title_text=&#8221;Ilmatieteen laitos&#8221; _builder_version=&#8221;4.8.2&#8243; _module_preset=&#8221;default&#8221; width=&#8221;85%&#8221; custom_margin=&#8221;-5px||15px||false|false&#8221;][\/et_pb_image][et_pb_text _builder_version=&#8221;4.8.2&#8243; _module_preset=&#8221;default&#8221; text_font=&#8221;Roboto||||||||&#8221; text_line_height=&#8221;1.6em&#8221; custom_padding=&#8221;0px|0px|0px|0px|true|true&#8221; locked=&#8221;off&#8221;]<\/p>\n<p><strong><a href=\"https:\/\/www.ilmatieteenlaitos.fi\/arktinen-avaruuskeskus\">Arktinen avaruuskeskus (Ilmatieteen laitos)<\/a><\/strong><\/p>\n<p>[\/et_pb_text][et_pb_text _builder_version=&#8221;4.8.2&#8243; _module_preset=&#8221;default&#8221; text_font=&#8221;Roboto||||||||&#8221; text_line_height=&#8221;1.6em&#8221; custom_padding=&#8221;0px|0px|0px|0px|true|true&#8221; locked=&#8221;off&#8221;]<\/p>\n<p><strong>Lento- ja sotilass\u00e4\u00e4, Rovaniemi (Ilmatieteen laitos)<\/strong><\/p>\n<p>[\/et_pb_text][\/et_pb_column][et_pb_column type=&#8221;1_5&#8243; _builder_version=&#8221;4.8.2&#8243; _module_preset=&#8221;default&#8221;][et_pb_image src=&#8221;https:\/\/blogi.eoppimispalvelut.fi\/arcticresearchcommunity\/files\/2021\/10\/mml-logo_fi_rgb.png&#8221; alt=&#8221;Maanmittauslaitoksen tunnus&#8221; title_text=&#8221;Maanmittauslaitos&#8221; _builder_version=&#8221;4.8.2&#8243; _module_preset=&#8221;default&#8221; width=&#8221;48%&#8221; custom_margin=&#8221;-22px||15px||false|false&#8221; locked=&#8221;off&#8221;][\/et_pb_image][et_pb_text _builder_version=&#8221;4.8.2&#8243; _module_preset=&#8221;default&#8221; text_font=&#8221;Roboto||||||||&#8221; text_line_height=&#8221;1.6em&#8221; custom_padding=&#8221;0px|0px|0px|0px|true|true&#8221; locked=&#8221;off&#8221;]<\/p>\n<p><a href=\"https:\/\/www.maanmittauslaitos.fi\/tutkimus\" target=\"_blank\" rel=\"noopener noreferrer\"><strong>Maanmittauslaitos<\/strong><\/a><\/p>\n<p>[\/et_pb_text][\/et_pb_column][\/et_pb_row][\/et_pb_section]<\/p>\n","protected":false},"excerpt":{"rendered":"<p>Tutkimusyhteisty\u00f6 Arctic Research Community -yhteisty\u00f6ss\u00e4 Geologian tutkimuskeskus (GTK), Lapin ammattikorkeakoulu, Lapin yliopisto sek\u00e4&nbsp; Luonnonvarakeskus (Luke) tukevat tutkijoidensa ja asiantuntijoidensa yhteisty\u00f6t\u00e4 sek\u00e4 ty\u00f6skentelev\u00e4t tutkitun tiedon aseman vahvistamiseksi Lapissa. T\u00e4h\u00e4n satsataan edist\u00e4m\u00e4ll\u00e4 tutkijoiden ja asiantuntijoiden verkostoitumista yli organisaatiorajojen sek\u00e4 tukemalla yhteisi\u00e4 hankeideointia, kansainv\u00e4list\u00e4 hankeosaamista ja kansainv\u00e4listen hankekonsortioiden syntymist\u00e4. Tavoitteena on, ett\u00e4 l\u00e4hivuosina muutkin Lapissa toimivat tutkimusorganisaatiot liittyv\u00e4t [&hellip;]<\/p>\n","protected":false},"author":5301,"featured_media":0,"parent":0,"menu_order":0,"comment_status":"closed","ping_status":"closed","template":"","meta":{"_et_pb_use_builder":"on","_et_pb_old_content":"","_et_gb_content_width":"","footnotes":""},"class_list":["post-551","page","type-page","status-publish","hentry"],"_links":{"self":[{"href":"https:\/\/blogi.eoppimispalvelut.fi\/arcticresearchcommunity\/wp-json\/wp\/v2\/pages\/551","targetHints":{"allow":["GET"]}}],"collection":[{"href":"https:\/\/blogi.eoppimispalvelut.fi\/arcticresearchcommunity\/wp-json\/wp\/v2\/pages"}],"about":[{"href":"https:\/\/blogi.eoppimispalvelut.fi\/arcticresearchcommunity\/wp-json\/wp\/v2\/types\/page"}],"author":[{"embeddable":true,"href":"https:\/\/blogi.eoppimispalvelut.fi\/arcticresearchcommunity\/wp-json\/wp\/v2\/users\/5301"}],"replies":[{"embeddable":true,"href":"https:\/\/blogi.eoppimispalvelut.fi\/arcticresearchcommunity\/wp-json\/wp\/v2\/comments?post=551"}],"version-history":[{"count":5,"href":"https:\/\/blogi.eoppimispalvelut.fi\/arcticresearchcommunity\/wp-json\/wp\/v2\/pages\/551\/revisions"}],"predecessor-version":[{"id":585,"href":"https:\/\/blogi.eoppimispalvelut.fi\/arcticresearchcommunity\/wp-json\/wp\/v2\/pages\/551\/revisions\/585"}],"wp:attachment":[{"href":"https:\/\/blogi.eoppimispalvelut.fi\/arcticresearchcommunity\/wp-json\/wp\/v2\/media?parent=551"}],"curies":[{"name":"wp","href":"https:\/\/api.w.org\/{rel}","templated":true}]}}