{"id":567,"date":"2022-05-02T09:53:33","date_gmt":"2022-05-02T06:53:33","guid":{"rendered":"https:\/\/blogi.eoppimispalvelut.fi\/arcticresearchcommunity\/?page_id=567"},"modified":"2022-05-02T10:19:25","modified_gmt":"2022-05-02T07:19:25","slug":"arctic-research-community","status":"publish","type":"page","link":"https:\/\/blogi.eoppimispalvelut.fi\/arcticresearchcommunity\/","title":{"rendered":"Arctic Research Community"},"content":{"rendered":"<p>[et_pb_section fb_built=&#8221;1&#8243; admin_label=&#8221;Landing Hero&#8221; _builder_version=&#8221;4.8.2&#8243; use_background_color_gradient=&#8221;on&#8221; background_color_gradient_start=&#8221;#27292d&#8221; background_color_gradient_end=&#8221;#000000&#8243; background_color_gradient_direction=&#8221;144deg&#8221; background_color_gradient_start_position=&#8221;58%&#8221; background_image=&#8221;https:\/\/blogi.eoppimispalvelut.fi\/arcticresearchcommunity\/files\/2021\/09\/coding-background-texture.jpg&#8221; background_blend=&#8221;overlay&#8221; custom_padding=&#8221;100px|0px|100px|0px&#8221; animation_style=&#8221;slide&#8221; animation_direction=&#8221;top&#8221; animation_intensity_slide=&#8221;2%&#8221; locked=&#8221;off&#8221;][et_pb_row column_structure=&#8221;1_2,1_2&#8243; _builder_version=&#8221;3.25&#8243; custom_margin=&#8221;|||&#8221; custom_width_px=&#8221;1280px&#8221;][et_pb_column type=&#8221;1_2&#8243; _builder_version=&#8221;3.25&#8243; custom_padding=&#8221;|||&#8221; custom_padding__hover=&#8221;|||&#8221;][et_pb_text _builder_version=&#8221;3.27.4&#8243; header_font=&#8221;|on|||&#8221; header_font_size=&#8221;42px&#8221; header_line_height=&#8221;1.3em&#8221; background_layout=&#8221;dark&#8221; custom_padding=&#8221;|||&#8221; header_font_size_last_edited=&#8221;off|desktop&#8221; locked=&#8221;off&#8221;]<\/p>\n<h1>Korkeakoulujen ja tutkimusorganisaatioiden yhteisty\u00f6t\u00e4 Lapissa<\/h1>\n<p>[\/et_pb_text][et_pb_text _builder_version=&#8221;4.8.2&#8243; text_text_color=&#8221;#6fd3e2&#8243; text_font_size=&#8221;16px&#8221; text_line_height=&#8221;1.9em&#8221; locked=&#8221;off&#8221;]<\/p>\n<p class=\"ingress\">Lapin yliopiston, Lapin ammattikorkeakoulun, Geologian tutkimuskeskuksen (GTK) ja Luonnonvarakeskuksen (Luke)&nbsp; yhteenliittym\u00e4 tutkimuksen ja elinkeinoel\u00e4m\u00e4n hyv\u00e4ksi<\/p>\n<p>[\/et_pb_text][\/et_pb_column][et_pb_column type=&#8221;1_2&#8243; _builder_version=&#8221;3.25&#8243; custom_padding=&#8221;|||&#8221; custom_padding__hover=&#8221;|||&#8221;][et_pb_image src=&#8221;https:\/\/blogi.eoppimispalvelut.fi\/arcticresearchcommunity\/files\/2021\/09\/Arctic_Research_Community_valkoinen.png&#8221; alt=&#8221;Arctic Research Community -tunnus&#8221; title_text=&#8221;Arctic Research Community -tunnus&#8221; align=&#8221;center&#8221; align_tablet=&#8221;center&#8221; align_phone=&#8221;&#8221; align_last_edited=&#8221;on|desktop&#8221; _builder_version=&#8221;4.8.2&#8243; width=&#8221;88.3%&#8221; custom_margin=&#8221;|||&#8221; custom_padding=&#8221;|||&#8221; animation_style=&#8221;zoom&#8221; animation_direction=&#8221;left&#8221; animation_delay=&#8221;100ms&#8221; animation_intensity_zoom=&#8221;20%&#8221;][\/et_pb_image][\/et_pb_column][\/et_pb_row][\/et_pb_section][et_pb_section fb_built=&#8221;1&#8243; admin_label=&#8221;FAQ&#8221; _builder_version=&#8221;3.22&#8243; custom_padding=&#8221;100px|0px|56px|0px||&#8221;][et_pb_row column_structure=&#8221;2_3,1_3&#8243; _builder_version=&#8221;3.25&#8243; custom_margin=&#8221;|auto|-64px|auto||&#8221;][et_pb_column type=&#8221;2_3&#8243; _builder_version=&#8221;3.25&#8243; custom_padding=&#8221;|||&#8221; custom_padding__hover=&#8221;|||&#8221;][et_pb_text _builder_version=&#8221;4.8.2&#8243; header_font=&#8221;||||||||&#8221; header_text_color=&#8221;#000000&#8243; header_2_font=&#8221;|700|||||||&#8221; header_2_text_color=&#8221;#7272ff&#8221; header_2_font_size=&#8221;36px&#8221; header_2_line_height=&#8221;1.3em&#8221; custom_margin=&#8221;||20px|&#8221; animation_style=&#8221;slide&#8221; animation_direction=&#8221;bottom&#8221; animation_intensity_slide=&#8221;10%&#8221; locked=&#8221;off&#8221; header_font_size__hover=&#8221;30px&#8221; header_font_size__hover_enabled=&#8221;30px&#8221; header_letter_spacing__hover=&#8221;0px&#8221; header_letter_spacing__hover_enabled=&#8221;0px&#8221; header_text_shadow_style__hover=&#8221;none&#8221; header_text_shadow_style__hover_enabled=&#8221;none&#8221; header_text_shadow_color__hover=&#8221;rgba(0,0,0,0.4)&#8221; header_text_shadow_color__hover_enabled=&#8221;rgba(0,0,0,0.4)&#8221;]<\/p>\n<h2><span style=\"color: #383838\">Mist\u00e4 on kyse?<\/span><\/h2>\n<p>[\/et_pb_text][et_pb_divider color=&#8221;#6fd3e2&#8243; divider_weight=&#8221;4px&#8221; disabled_on=&#8221;on|on|off&#8221; _builder_version=&#8221;4.8.2&#8243; background_size=&#8221;initial&#8221; background_position=&#8221;top_left&#8221; background_repeat=&#8221;repeat&#8221; max_width=&#8221;40px&#8221; module_alignment=&#8221;left&#8221; custom_margin=&#8221;||10px|&#8221; animation_style=&#8221;zoom&#8221; animation_direction=&#8221;left&#8221; saved_tabs=&#8221;all&#8221; locked=&#8221;off&#8221;][\/et_pb_divider][et_pb_text _builder_version=&#8221;4.8.2&#8243; text_font=&#8221;||||||||&#8221; text_text_color=&#8221;#8585bd&#8221; text_font_size=&#8221;16px&#8221; text_line_height=&#8221;1.9em&#8221; header_font=&#8221;||||||||&#8221; header_4_font=&#8221;|700|||||||&#8221; header_4_font_size=&#8221;16px&#8221; header_4_line_height=&#8221;1.9em&#8221; custom_padding=&#8221;|0px||||&#8221; animation_style=&#8221;zoom&#8221; animation_intensity_zoom=&#8221;6%&#8221; locked=&#8221;off&#8221;]<\/p>\n<h4><span style=\"color: #000000;font-family: Roboto\">Lapin yliopisto, Lapin AMK, Geologian tutkimuskeskus (GTK) ja Luonnonvarakeskus (Luke) ovat solmineet sopimuksen yhteisty\u00f6st\u00e4, joka kantaa nime\u00e4 Arctic Research Community.<\/span><\/h4>\n<div class=\"text\">\n<p><span style=\"color: #000000;font-family: Roboto;font-weight: normal\">Yhteisty\u00f6n tavoitteena on parantaa ja laajentaa yrityksille tarjottavia tutkimus-, kehitys- ja innovaatiopalveluita sek\u00e4 tukea organisaatioiden v\u00e4list\u00e4 tutkimusyhteisty\u00f6t\u00e4.<br \/>\n<\/span><\/p>\n<p><span style=\"color: #000000;font-family: Roboto;font-weight: normal\">Sopimus solmittiin kes\u00e4kuussa 2021, ja sen taustalla on pitk\u00e4kestoinen <a href=\"https:\/\/blogi.eoppimispalvelut.fi\/arcticresearchcommunity\/tausta\/\">hankeyhteisty\u00f6<\/a> t\u00e4m\u00e4n lappilaisen TKI-osaamiskeskittym\u00e4n rakentamiseksi.<br \/>\n<\/span><\/p>\n<p><span style=\"color: #000000;font-family: Roboto;font-weight: normal\">Lue lis\u00e4\u00e4 yhteisty\u00f6n eri osa-alueista:<\/span><\/p>\n<p><span style=\"color: #000000;font-family: Roboto;font-weight: normal\"><\/span><\/p>\n<\/div>\n<p>[\/et_pb_text][\/et_pb_column][et_pb_column type=&#8221;1_3&#8243; _builder_version=&#8221;3.25&#8243; custom_padding=&#8221;|||&#8221; custom_padding__hover=&#8221;|||&#8221;][et_pb_image src=&#8221;https:\/\/blogi.eoppimispalvelut.fi\/arcticresearchcommunity\/files\/2021\/10\/ARC-grafiikka_01.png&#8221; title_text=&#8221;ARC-grafiikka_01&#8243; _builder_version=&#8221;4.8.2&#8243; _module_preset=&#8221;default&#8221; max_height=&#8221;483px&#8221; animation_style=&#8221;fade&#8221; animation_duration=&#8221;1300ms&#8221;][\/et_pb_image][\/et_pb_column][\/et_pb_row][et_pb_row column_structure=&#8221;1_4,1_4,1_2&#8243; use_custom_gutter=&#8221;on&#8221; gutter_width=&#8221;1&#8243; _builder_version=&#8221;4.8.2&#8243; _module_preset=&#8221;default&#8221; min_height=&#8221;130.1px&#8221;][et_pb_column type=&#8221;1_4&#8243; _builder_version=&#8221;4.8.2&#8243; _module_preset=&#8221;default&#8221;][et_pb_button button_url=&#8221;https:\/\/blogi.eoppimispalvelut.fi\/arcticresearchcommunity\/yritysyhteistyo\/&#8221; button_text=&#8221;Yritysyhteisty\u00f6&#8221; button_alignment=&#8221;left&#8221; _builder_version=&#8221;4.8.2&#8243; custom_button=&#8221;on&#8221; button_text_size=&#8221;13px&#8221; button_text_color=&#8221;#77f2f4&#8243; button_bg_color=&#8221;#3d3d3d&#8221; button_border_width=&#8221;10px&#8221; button_border_color=&#8221;#3d3d3d&#8221; button_border_radius=&#8221;100px&#8221; button_letter_spacing=&#8221;1px&#8221; button_font=&#8221;Roboto|||on|||||&#8221; button_icon=&#8221;%%36%%&#8221; button_on_hover=&#8221;off&#8221; background_layout=&#8221;dark&#8221; custom_margin=&#8221;20px|296px|||false|false&#8221; custom_padding=&#8221;||||false|false&#8221; animation_style=&#8221;zoom&#8221; animation_delay=&#8221;100ms&#8221; animation_intensity_zoom=&#8221;6%&#8221; button_letter_spacing_hover=&#8221;2px&#8221; saved_tabs=&#8221;all&#8221; locked=&#8221;off&#8221; button_text_size__hover_enabled=&#8221;off&#8221; button_text_size__hover=&#8221;null&#8221; button_one_text_size__hover_enabled=&#8221;off&#8221; button_one_text_size__hover=&#8221;null&#8221; button_two_text_size__hover_enabled=&#8221;off&#8221; button_two_text_size__hover=&#8221;null&#8221; button_text_color__hover_enabled=&#8221;off&#8221; button_text_color__hover=&#8221;null&#8221; button_one_text_color__hover_enabled=&#8221;off&#8221; button_one_text_color__hover=&#8221;null&#8221; button_two_text_color__hover_enabled=&#8221;off&#8221; button_two_text_color__hover=&#8221;null&#8221; button_border_width__hover_enabled=&#8221;off&#8221; button_border_width__hover=&#8221;null&#8221; button_one_border_width__hover_enabled=&#8221;off&#8221; button_one_border_width__hover=&#8221;null&#8221; button_two_border_width__hover_enabled=&#8221;off&#8221; button_two_border_width__hover=&#8221;null&#8221; button_border_color__hover_enabled=&#8221;off&#8221; button_border_color__hover=&#8221;null&#8221; button_one_border_color__hover_enabled=&#8221;off&#8221; button_one_border_color__hover=&#8221;null&#8221; button_two_border_color__hover_enabled=&#8221;off&#8221; button_two_border_color__hover=&#8221;null&#8221; button_border_radius__hover_enabled=&#8221;off&#8221; button_border_radius__hover=&#8221;null&#8221; button_one_border_radius__hover_enabled=&#8221;off&#8221; button_one_border_radius__hover=&#8221;null&#8221; button_two_border_radius__hover_enabled=&#8221;off&#8221; button_two_border_radius__hover=&#8221;null&#8221; button_letter_spacing__hover_enabled=&#8221;on&#8221; button_letter_spacing__hover=&#8221;2px&#8221; button_one_letter_spacing__hover_enabled=&#8221;off&#8221; button_one_letter_spacing__hover=&#8221;null&#8221; button_two_letter_spacing__hover_enabled=&#8221;off&#8221; button_two_letter_spacing__hover=&#8221;null&#8221; button_bg_color__hover_enabled=&#8221;off&#8221; button_bg_color__hover=&#8221;null&#8221; button_one_bg_color__hover_enabled=&#8221;off&#8221; button_one_bg_color__hover=&#8221;null&#8221; button_two_bg_color__hover_enabled=&#8221;off&#8221; button_two_bg_color__hover=&#8221;null&#8221;][\/et_pb_button][\/et_pb_column][et_pb_column type=&#8221;1_4&#8243; _builder_version=&#8221;4.8.2&#8243; _module_preset=&#8221;default&#8221;][et_pb_button button_url=&#8221;https:\/\/blogi.eoppimispalvelut.fi\/arcticresearchcommunity\/tutkimusyhteistyo\/&#8221; button_text=&#8221;Tutkimusyhteisty\u00f6&#8221; button_alignment=&#8221;left&#8221; _builder_version=&#8221;4.8.2&#8243; custom_button=&#8221;on&#8221; button_text_size=&#8221;13px&#8221; button_text_color=&#8221;#77f2f4&#8243; button_bg_color=&#8221;#3d3d3d&#8221; button_border_width=&#8221;10px&#8221; button_border_color=&#8221;#3d3d3d&#8221; button_border_radius=&#8221;100px&#8221; button_letter_spacing=&#8221;1px&#8221; button_font=&#8221;Roboto|||on|||||&#8221; button_icon=&#8221;%%36%%&#8221; button_on_hover=&#8221;off&#8221; background_layout=&#8221;dark&#8221; custom_margin=&#8221;20px|296px|||false|false&#8221; custom_padding=&#8221;||||false|false&#8221; animation_style=&#8221;zoom&#8221; animation_delay=&#8221;100ms&#8221; animation_intensity_zoom=&#8221;6%&#8221; button_letter_spacing_hover=&#8221;2px&#8221; saved_tabs=&#8221;all&#8221; locked=&#8221;off&#8221; button_text_size__hover_enabled=&#8221;off&#8221; button_text_size__hover=&#8221;null&#8221; button_one_text_size__hover_enabled=&#8221;off&#8221; button_one_text_size__hover=&#8221;null&#8221; button_two_text_size__hover_enabled=&#8221;off&#8221; button_two_text_size__hover=&#8221;null&#8221; button_text_color__hover_enabled=&#8221;off&#8221; button_text_color__hover=&#8221;null&#8221; button_one_text_color__hover_enabled=&#8221;off&#8221; button_one_text_color__hover=&#8221;null&#8221; button_two_text_color__hover_enabled=&#8221;off&#8221; button_two_text_color__hover=&#8221;null&#8221; button_border_width__hover_enabled=&#8221;off&#8221; button_border_width__hover=&#8221;null&#8221; button_one_border_width__hover_enabled=&#8221;off&#8221; button_one_border_width__hover=&#8221;null&#8221; button_two_border_width__hover_enabled=&#8221;off&#8221; button_two_border_width__hover=&#8221;null&#8221; button_border_color__hover_enabled=&#8221;off&#8221; button_border_color__hover=&#8221;null&#8221; button_one_border_color__hover_enabled=&#8221;off&#8221; button_one_border_color__hover=&#8221;null&#8221; button_two_border_color__hover_enabled=&#8221;off&#8221; button_two_border_color__hover=&#8221;null&#8221; button_border_radius__hover_enabled=&#8221;off&#8221; button_border_radius__hover=&#8221;null&#8221; button_one_border_radius__hover_enabled=&#8221;off&#8221; button_one_border_radius__hover=&#8221;null&#8221; button_two_border_radius__hover_enabled=&#8221;off&#8221; button_two_border_radius__hover=&#8221;null&#8221; button_letter_spacing__hover_enabled=&#8221;on&#8221; button_letter_spacing__hover=&#8221;2px&#8221; button_one_letter_spacing__hover_enabled=&#8221;off&#8221; button_one_letter_spacing__hover=&#8221;null&#8221; button_two_letter_spacing__hover_enabled=&#8221;off&#8221; button_two_letter_spacing__hover=&#8221;null&#8221; button_bg_color__hover_enabled=&#8221;off&#8221; button_bg_color__hover=&#8221;null&#8221; button_one_bg_color__hover_enabled=&#8221;off&#8221; button_one_bg_color__hover=&#8221;null&#8221; button_two_bg_color__hover_enabled=&#8221;off&#8221; button_two_bg_color__hover=&#8221;null&#8221;][\/et_pb_button][\/et_pb_column][et_pb_column type=&#8221;1_2&#8243; _builder_version=&#8221;4.8.2&#8243; _module_preset=&#8221;default&#8221;][\/et_pb_column][\/et_pb_row][\/et_pb_section][et_pb_section fb_built=&#8221;1&#8243; _builder_version=&#8221;4.8.2&#8243; _module_preset=&#8221;default&#8221; background_color=&#8221;#f2f2f2&#8243;][et_pb_row column_structure=&#8221;1_4,1_4,1_4,1_4&#8243; use_custom_gutter=&#8221;on&#8221; gutter_width=&#8221;2&#8243; _builder_version=&#8221;4.8.2&#8243; _module_preset=&#8221;default&#8221;][et_pb_column type=&#8221;1_4&#8243; _builder_version=&#8221;4.8.2&#8243; _module_preset=&#8221;default&#8221;][et_pb_image src=&#8221;https:\/\/blogi.eoppimispalvelut.fi\/arcticresearchcommunity\/files\/2021\/10\/Lapland_University_of_Applied_Sciences.png&#8221; alt=&#8221;Lapin ammattikorkeakoulun tunnus&#8221; title_text=&#8221;Lapin ammattikorkeakoulu&#8221; url=&#8221;http:\/\/www.lapinamk.fi&#8221; url_new_window=&#8221;on&#8221; _builder_version=&#8221;4.8.2&#8243; _module_preset=&#8221;default&#8221; width=&#8221;72%&#8221; custom_padding=&#8221;||4px||false|false&#8221;][\/et_pb_image][et_pb_text _builder_version=&#8221;4.8.2&#8243; _module_preset=&#8221;default&#8221; text_font=&#8221;Roboto||||||||&#8221; text_line_height=&#8221;1.6em&#8221; custom_padding=&#8221;0px|0px|0px|0px|true|true&#8221; locked=&#8221;off&#8221;]<\/p>\n<p><span style=\"font-size: small;color: #000000\"><a href=\"http:\/\/www.lapinamk.fi\" style=\"color: #000000\"><strong>Lapin AMK <\/strong><\/a><\/span>on monialainen ammattikorkeakoulu, jolla on pitk\u00e4 kokemus TKI-hankkeista yritysten kanssa sek\u00e4 laaja valikoima kehitt\u00e4misymp\u00e4rist\u00f6j\u00e4 toiminnan ja tuotteiden kehitt\u00e4miseksi.<\/p>\n<p>[\/et_pb_text][\/et_pb_column][et_pb_column type=&#8221;1_4&#8243; _builder_version=&#8221;4.8.2&#8243; _module_preset=&#8221;default&#8221;][et_pb_image src=&#8221;https:\/\/blogi.eoppimispalvelut.fi\/arcticresearchcommunity\/files\/2021\/10\/Luonnonvarakeskus_Luke.png&#8221; alt=&#8221;Luonnonvarakeskuksen (Luke) tunnus&#8221; title_text=&#8221;Luonnonvarakeskus (Luke)&#8221; url=&#8221;http:\/\/www.luke.fi&#8221; url_new_window=&#8221;on&#8221; _builder_version=&#8221;4.8.2&#8243; _module_preset=&#8221;default&#8221; width=&#8221;49%&#8221; custom_margin=&#8221;-43px||||false|false&#8221; custom_padding=&#8221;||4px||false|false&#8221;][\/et_pb_image][et_pb_text _builder_version=&#8221;4.8.2&#8243; _module_preset=&#8221;default&#8221; text_font=&#8221;Roboto||||||||&#8221; text_line_height=&#8221;1.6em&#8221; background_enable_color=&#8221;off&#8221; custom_margin=&#8221;||||false|false&#8221; custom_padding=&#8221;||||true|true&#8221; locked=&#8221;off&#8221;]<\/p>\n<p><a href=\"http:\/\/www.luke.fi\"><strong><span style=\"color: #000000\">Luonnonvarakeskus (Luke)<\/span><\/strong><\/a> tuottaa uusia ratkaisuja suomalaisen biotalouden kest\u00e4v\u00e4\u00e4n kehitt\u00e4miseen ja uusien elinkeinojen edist\u00e4miseen sek\u00e4 tavoittelee biotaloudelle rakentuvaa yhteiskuntaa.<\/p>\n<p>[\/et_pb_text][\/et_pb_column][et_pb_column type=&#8221;1_4&#8243; _builder_version=&#8221;4.8.2&#8243; _module_preset=&#8221;default&#8221;][et_pb_image src=&#8221;https:\/\/blogi.eoppimispalvelut.fi\/arcticresearchcommunity\/files\/2021\/10\/Geological_Survey_of_Finland_GTK.png&#8221; title_text=&#8221;Geologian tutkimuskeskus (GTK)&#8221; _builder_version=&#8221;4.8.2&#8243; _module_preset=&#8221;default&#8221; width=&#8221;58%&#8221; custom_padding=&#8221;0px||7px||false|false&#8221;][\/et_pb_image][et_pb_text _builder_version=&#8221;4.8.2&#8243; _module_preset=&#8221;default&#8221; text_font=&#8221;Roboto||||||||&#8221; text_line_height=&#8221;1.6em&#8221; custom_padding=&#8221;0px|0px|0px|0px|true|true&#8221; locked=&#8221;off&#8221;]<\/p>\n<p><span style=\"color: #000000\"><strong><a href=\"http:\/\/www.gtk.fi\" style=\"color: #000000\">Geologian tutkimuskeskus (GTK)<\/a><\/strong><\/span> on geologisten luonnonvarojen asiantuntija, joka tuottaa puolueetonta tutkimustietoa sek\u00e4 palveluita elinkeinoel\u00e4m\u00e4n ja yhteiskunnan tarpeisiin.<\/p>\n<p>[\/et_pb_text][\/et_pb_column][et_pb_column type=&#8221;1_4&#8243; _builder_version=&#8221;4.8.2&#8243; _module_preset=&#8221;default&#8221;][et_pb_image src=&#8221;https:\/\/blogi.eoppimispalvelut.fi\/arcticresearchcommunity\/files\/2021\/10\/University_of_Lapland.png&#8221; alt=&#8221;Lapin yliopiston tunnus&#8221; title_text=&#8221;Lapin yliopisto&#8221; _builder_version=&#8221;4.8.2&#8243; _module_preset=&#8221;default&#8221; width=&#8221;85%&#8221; custom_margin=&#8221;||15px||false|false&#8221;][\/et_pb_image][et_pb_text _builder_version=&#8221;4.8.2&#8243; _module_preset=&#8221;default&#8221; text_font=&#8221;Roboto||||||||&#8221; text_line_height=&#8221;1.6em&#8221; custom_padding=&#8221;0px|0px|0px|0px|true|true&#8221; locked=&#8221;off&#8221;]<\/p>\n<p><span style=\"color: #000000\"><strong><a href=\"http:\/\/www.ulapland.fi\" style=\"color: #000000\">Lapin yliopisto<\/a><\/strong><\/span> on EU:n pohjoisin tiede- ja taideyliopisto. Sen koulutus- ja tutkimusaloja ovat kasvatustieteet, oikeustiede, taideteollinen ala, yhteiskuntatieteet sek\u00e4 pohjoiset ja arktiset kysymykset.<\/p>\n<p>[\/et_pb_text][\/et_pb_column][\/et_pb_row][\/et_pb_section]<\/p>\n","protected":false},"excerpt":{"rendered":"<p>Korkeakoulujen ja tutkimusorganisaatioiden yhteisty\u00f6t\u00e4 Lapissa Lapin yliopiston, Lapin ammattikorkeakoulun, Geologian tutkimuskeskuksen (GTK) ja Luonnonvarakeskuksen (Luke)&nbsp; yhteenliittym\u00e4 tutkimuksen ja elinkeinoel\u00e4m\u00e4n hyv\u00e4ksi Mist\u00e4 on kyse? Lapin yliopisto, Lapin AMK, Geologian tutkimuskeskus (GTK) ja Luonnonvarakeskus (Luke) ovat solmineet sopimuksen yhteisty\u00f6st\u00e4, joka kantaa nime\u00e4 Arctic Research Community. Yhteisty\u00f6n tavoitteena on parantaa ja laajentaa yrityksille tarjottavia tutkimus-, kehitys- ja innovaatiopalveluita [&hellip;]<\/p>\n","protected":false},"author":5301,"featured_media":0,"parent":0,"menu_order":0,"comment_status":"closed","ping_status":"closed","template":"","meta":{"_et_pb_use_builder":"on","_et_pb_old_content":"","_et_gb_content_width":"","footnotes":""},"class_list":["post-567","page","type-page","status-publish","hentry"],"_links":{"self":[{"href":"https:\/\/blogi.eoppimispalvelut.fi\/arcticresearchcommunity\/wp-json\/wp\/v2\/pages\/567","targetHints":{"allow":["GET"]}}],"collection":[{"href":"https:\/\/blogi.eoppimispalvelut.fi\/arcticresearchcommunity\/wp-json\/wp\/v2\/pages"}],"about":[{"href":"https:\/\/blogi.eoppimispalvelut.fi\/arcticresearchcommunity\/wp-json\/wp\/v2\/types\/page"}],"author":[{"embeddable":true,"href":"https:\/\/blogi.eoppimispalvelut.fi\/arcticresearchcommunity\/wp-json\/wp\/v2\/users\/5301"}],"replies":[{"embeddable":true,"href":"https:\/\/blogi.eoppimispalvelut.fi\/arcticresearchcommunity\/wp-json\/wp\/v2\/comments?post=567"}],"version-history":[{"count":4,"href":"https:\/\/blogi.eoppimispalvelut.fi\/arcticresearchcommunity\/wp-json\/wp\/v2\/pages\/567\/revisions"}],"predecessor-version":[{"id":571,"href":"https:\/\/blogi.eoppimispalvelut.fi\/arcticresearchcommunity\/wp-json\/wp\/v2\/pages\/567\/revisions\/571"}],"wp:attachment":[{"href":"https:\/\/blogi.eoppimispalvelut.fi\/arcticresearchcommunity\/wp-json\/wp\/v2\/media?parent=567"}],"curies":[{"name":"wp","href":"https:\/\/api.w.org\/{rel}","templated":true}]}}