{"id":411,"date":"2020-09-16T10:40:00","date_gmt":"2020-09-16T07:40:00","guid":{"rendered":"https:\/\/blogi.eoppimispalvelut.fi\/arctisen\/?page_id=411"},"modified":"2020-09-16T10:41:42","modified_gmt":"2020-09-16T07:41:42","slug":"project-in-different-languages","status":"publish","type":"page","link":"https:\/\/blogi.eoppimispalvelut.fi\/arctisen\/project-in-different-languages\/","title":{"rendered":"Project in different languages"},"content":{"rendered":"<p><strong>ARCTISEN in English<\/strong><\/p>\n<p>The project \u2018Culturally Sensitive Tourism in the Arctic\u2019 \u2013 ARCTISEN \u2013 develops a support system for start-ups and existing small and medium-sized enterprises offering innovative tourism products and services. Expanding tourist interest in the Arctic brings unforeseen opportunities to maintain local livelihoods and lifestyles. The project partners in Finland, Sweden, Norway, Canada and Denmark\/Greenland highlight the pressing demand for new tourism products and services that draw on the rich natural and cultural resources of the region. Simultaneously, limited knowledge of indigenous and other local cultures in Northern communities calls for more open and sensitive dialogue among different tourism actors.<\/p>\n<p>The project introduces cultural sensitivity as a core value that guides the project activities from benchmarking to test visits, workshops to online courses. These activities will help tourism start-ups and small and medium-sized enterprises to turn their place-based opportunities into economically viable tourism businesses. The novelty of ARCTISEN lies in enabling and supporting entrepreneurs to craft culturally sensitive tourism products in close cooperation with a wide range of tourism practitioners and scholars across the programme area. Through transnational tourism cluster, the project contributes to a more positive business climate for tourism companies \u2013 and to making the participating regions more economically robust and versatile in general.<\/p>\n<p>&nbsp;<\/p>\n<p><strong>ARCTISEN in Norwegian \/ Norsk <\/strong><\/p>\n<p>Prosjektet Kulturelt sensitiv turisme i Arktis \u2013 ARCTISEN \u2013 skal bist\u00e5 eksisterende sm\u00e5 og mellomstore turismebedrifter i \u00e5 utvikle kultursensitive produkter og -tjenester. En voksende interesse for arktiske omr\u00e5der gir muligheter til \u00e5 anvende lokal natur, kultur og tradisjoner i reiselivssammenheng. P\u00e5 denne bakgrunn har forskere og n\u00e6ringslivsakt\u00f8rer i Finland, Sverige, Norge, Canada og Danmark \/ Gr\u00f8nland samarbeidet om \u00e5 skape et prosjekt som vurderer kultur- og etikkaspekter ved turistbedrifter basert p\u00e5 urfolk eller andre lokalsamfunn. M\u00e5let er \u00e5 skape en mer \u00e5pen og sensitiv dialog mellom ulike turismeakt\u00f8rer, og \u00e5 styrke kunnskapsgrunnlaget for deres aktiviteter.<\/p>\n<p>Kulturell sensitivitet utgj\u00f8r en kjerneverdi b\u00e5de i prosjektets forskning og utvikling av lokal- og urfolksbasert turisme. Prosjektet vil i f\u00f8rste omgang unders\u00f8ke hva som anses som sensitivt, og dernest utvikle strategier og virkemidler for \u00e5 bevisstgj\u00f8re og ivareta prinsippene. I den forbindelse vil vi anvende benchmarking, testbes\u00f8k, og workshoper, og nettbaserte kurs. M\u00e5let er \u00e5 styrke bedriftene og gj\u00f8re dem \u00f8konomisk levedyktige gjennom kunnskap, nettverk p\u00e5 tvers av nasjonaliteter, og i nettverksrelasjoner hvor ogs\u00e5 forskning inng\u00e5r.<\/p>\n<p>&nbsp;<\/p>\n<p><strong>ARCTISEN in Greenlandic \/ Kalaallisut<\/strong><\/p>\n<p>Suliniut \u2019Issittumi piorsarsimassutikkut malussarissumik takornariaqarneq\u2019 \u2013 ARCTISEN \u2013 suliffeqarfinnut nutaanik aallartittunut aamma suliffeqarfinnut pioreersunut mikisunut akunnattunullu ikorfartuinermik aaqqissuussatut ineriartortitsisuuvoq, nutaaliorluni takornariaqarnermut tunisassianik aamma sullissinernik neqeroorutilik. Issittumi takornariaqarnerup annertusiartornerata ilagaa takorloorsimanngisamik sumiiffinni inuussutissatut aamma inuusaatsikkut piujuartitsinissamut periarfissat. Finlandimi, Sverigemi, Norgemi, Canadami aamma Danmarkimi\/Kalaallit Nunaanni suliniaqatigiit erseqqissarpaat takornariaqarnermut tunisassat aamma sullissinerit nutaat annertuumik pisariaqartinneqartut, nunap immikkoortortaani pinngortitami aamma piorsarsimassutsikkut isumalluutit nalituut noqitsisut. Ataatsikkut avannaani inuiaqatigiinni inoqqaanut tunngasunik aamma sumiiffinni allanik piorsarsimassutsikkut ilisimasat killeqarnerisa pisariaqartippaat ammanerusumik aamma malussarissumik takornariaqarnermut peqataasut assigiinngitsut akornanni oqaloqatigiinneq.<\/p>\n<p>Suliniutip piorsarsimassutsikkut malussarissuseq qitiusumik naliusoq ilisaritippaa, suliniutinik ingerlatsinerni aallartiffimmiit misiliutitut pulaarnermut, workshops-ini qarasaasiakkut pikkorissarnernut aqutsisuusoq. Taakku suliniutit takornarianik aamma suliffeqarfinnik mikisunik akunnattunillu ikiuissapput, sumiiffiit tunngavigalugit takornariaqarnermi suliffeqarfiit aningaasaqarnikkut ingerlasinnaanerannut periarfissiillutik. ARCTISEN-ip nutaarsiassartaraa suliffeqarfinnik aallartitsiniartunut takornariaqarnermi tunisassiat piorsarsimassutsimut malussarissunut periarfissiinerat aamma ikorfartuinerat, takornariaqarnermut sullissisut aamma akimut ikaarlugu aaqqissuussamut sammisamit ilinniarsimasut assigiinngitsut amerlasuut qanittumik suleqatiginerisigut. Naalagaaffiit akimut ikaarlugit takornarissat eqimattakkaat inuussutissarsiutigalugu takornariaqarnermut suliniutip sullissiviit qanoq issusaannut pitsaanerusumik tuniseqataapput \u2013 aamma nunap ilaani peqataasunut nalinginnaasumik aningaasaqarnikkut qajannaannerulersitsilluni aamma tamatigoornerulersitsilluni.<\/p>\n<p>&nbsp;<\/p>\n<p><b>ARCTISEN in Northern S\u00e1mi \/ Davvis\u00e1megiella<\/b><\/p>\n<p>Pro\u0161eakta Kultursensitiivvala\u0161 turisma \u00e1rktala\u0161 guovlluin \u2013 ARCTISEN \u2013 galg\u00e1 doarjut unnit ja gaskasturrosa\u0161turismafitnodagaid ovddidit kultursensitiivvala\u0161 g\u00e1lvvuid ja f\u00e1laldagaid. Lass\u00e1nan bero\u0161tupmi \u00e1rktala\u0161 guovlluide add\u00e1 vejola\u0161vuo\u0111aid geavahit b\u00e1ikk\u00e1la\u0161 luonddu, kultuvrra ja \u00e1rbevieruid m\u00e1tkeeal\u00e1husa oktavuo\u0111as. D\u00e1n dihte leat dutkit ja eal\u00e1husaktevrrat Suomas, Ruo\u0167as, Norggas, Kan\u00e1das ja D\u00e1nm\u00e1rkkus \/ Ruon\u00e1eatnamis bargagoaht\u00e1n pro\u0161eavttain mii \u00e1rvvo\u0161tall\u00e1 kultuvrrala\u0161 ja etihkala\u0161 beliid turistafitnodagain main vuo\u0111\u0111un lea \u00e1lgo\u00e1lbmot dahje b\u00e1ikk\u00e1la\u0161 servvodat. Mihttun lea ahte turistaaktevrrat s\u00e1gastallagohtet sensitiivvala\u010d\u010dat gaskaneaset, ja maidd\u00e1i nannejit m\u00e1htu ie\u017easet doaimmaid birra.<\/p>\n<p>Kultursensitiivvala\u0161 turisma lea v\u00e1ldo\u00e1rvu sihke pro\u0161eavtta dutkamis ja b\u00e1ikk\u00e1la\u0161 turismma ja \u00e1lgo\u00e1lbmotturismma ovddideamis. Pro\u0161eakta galg\u00e1 vuostta\u017eettiin guorahallat mii s\u00e1htt\u00e1 leat sensitiivvala\u0161, ja dasto h\u00e1bmet strategiijaid ja v\u00e1ikkuhangaskaomiid fuom\u00e1\u0161uhttin ja g\u00e1htten dihte prinsihpaid. D\u00e1n oktavuo\u0111as \u00e1igut buohtastahttit ja galledit fitnodagaid ja l\u00e1gidit bargobajiid ja kurssaid neahta bokte. Mihttun lea nannet fitnodagaid ja ovd\u00e1nahttit daid g\u00e1nn\u00e1hahtti doaibman\u00a0m\u00e1httoloktemaja\u00a0sihke riikkaidgaskasa\u0161\u00a0fierpm\u00e1dagaidja dutkanfierpm\u00e1dagaid bokte.<\/p>\n<p>&nbsp;<\/p>\n<p><b>ARCTISEN in Lule S\u00e1mi \/ Julevs\u00e1bm\u00e1j<\/b><\/p>\n<p>Prosj\u00e4kta &#8220;Kultuvrra v\u00e1rrogisvuoda turissma Arktisin&#8221; \u2013 ARCTISEN \u2013 \u00e5vdd\u00e5nahtt\u00e1 d\u00e5rjasystemav \u00e1lggevidnudag\u00e1jda ja aj unna ja gasskastuorrudak vidnudag\u00e1jda ma g\u00e1vnnuji, ja gudi f\u00e1lli \u00e5d\u00e5 ja joarkedum turistaf\u00e1laldag\u00e1jt ja d\u00e5jmajt. Turistaj miella guossot Arktisav la lass\u00e1nam ja vadd\u00e1 vuordek m\u00e1httelisvuodajt bisodit b\u00e1jk\u00e1lasj \u00e4l\u00e1dag\u00e1v- ja viessomvuogijt. Prosj\u00e4ktar\u00e1dna Suoman, Svierigin, Vuonan, Kanadan ja Danm\u00e1rkan\/Ruon\u00e1ednamin tjalmosti dav lass\u00e1nam \u00e1dnomus\u00e1v \u00e5d\u00e5 turisstadagojda ja -d\u00e5jmajda ma vuododuvvi guovlo boand\u00e1s luondo- ja kultuvrravadd\u00e1sijs. S\u00e4mmi b\u00e1le g\u00e1jbet v\u00e1nes m\u00e1httudahka ieme\u00e1lmmugij ja ietj\u00e1 b\u00e1jk\u00e1lasj kultuvraj birra, ienep rab\u00e1s ja v\u00e1rrogis aktavuodajt turistad\u00e5jmaj gaskan sebrudag\u00e1jn nuortan.<\/p>\n<p>Prosj\u00e4kta \u00e1lgget vuogev vieledit dajs fert kultuvrajs ma sjaddi degu vuodo\u00e1rvon mij aj l\u00e1jddi prosj\u00e4ktad\u00e5jmajt degu dal benchmarkigis gitta g\u00e4httjalimguossomij, ja workshopajs gitta onlinekursajda. Da d\u00e5jma b\u00e5hti viehkedit unna- ja gaskastuorrudak vidnudag\u00e1jt guossodim\u00e4l\u00e1dus\u00e1n giektet b\u00e1jk\u00e1lasj boanndudag\u00e1v \u00e5vdd\u00e5nahttemijn ruhtt\u00e1s ja nanos turistavidnudag\u00e1jt. ARCTISENA g\u00e1rvedimmiella ja \u00e1jggudakmiella le doarjjot d\u00e5jmadag\u00e1jt ja h\u00e1bbmit b\u00e4rr\u00e1jg\u00e5tsedum kultuvralasj d\u00e5jmajt lahka aktavuodajn g\u00e5bd\u00e5 juohkusis aktan turistadoajmmij ja guoradallij progr\u00e1mmaguovlos. Dajna at g\u00e1rvedit transnasjon\u00e1la turistatjoahkkijt bukt\u00e1 prosj\u00e4kta buorep oasesbirrusav turistad\u00e5jmadag\u00e1jda- ja dajda oassev\u00e1lldij guovlojda, ma badjeloajve aj sjaddi ienep ruhta nannusa ja moattebelaga.<\/p>\n<p>&nbsp;<\/p>\n<p><strong>ARCTISEN in Finnish \/ Suomeksi<\/strong><\/p>\n<p>Kulttuurisensitiivinen matkailu arktisella alueella (ARCTISEN) -hanke kehitt\u00e4\u00e4 tukij\u00e4rjestelm\u00e4n aloitteleville ja olemassa oleville PK-yrityksille, jotka tarjoavat innovatiivisia matkailutuotteita ja -palveluita. Matkailijoiden kasvava kiinnostus arktista aluetta kohtaan tuo ennenn\u00e4kem\u00e4tt\u00f6mi\u00e4 mahdollisuuksia paikallisten elinkeinojen ja el\u00e4m\u00e4ntapojen s\u00e4ilymisen turvaamiselle. Hankkeen partnerit Suomessa, Ruotsissa, Norjassa, Kanadassa sek\u00e4 Tanskassa\/Gr\u00f6nlannissa korostavat kiireellist\u00e4 tarvetta saada uusia, alueen rikkaaseen luonnon- ja kulttuuriresursseihin nojaavia matkailutuotteita ja -palveluita. Samanaikaisesti pohjoisten alkuper\u00e4iskansojen ja muiden paikallisten kulttuurien rajallinen tuntemus vaatii avoimempaa ja sensitiivisemp\u00e4\u00e4 vuoropuhelua eri matkailutoimijoiden v\u00e4lill\u00e4.<\/p>\n<p>Hankkeen keskeisen\u00e4 arvona on sensitiivisyys, joka ohjaa kaikkea hankkeen toimintaa;\u00a0benchmarkkausta, testivierailuja, ty\u00f6pajoja, verkkokursseja ja tutkimusty\u00f6t\u00e4. N\u00e4ill\u00e4 toimenpiteill\u00e4 autetaan matkailualan PK-yrityksi\u00e4 hy\u00f6dynt\u00e4m\u00e4\u00e4n paikallisia kulttuureita taloudellisesti kannattavan liiketoiminnan kehitt\u00e4misess\u00e4. ARCTISEN-hanke tuo yhteen matkailualan ammattilaiset ja tutkijat, jotka yhdess\u00e4 pyrkiv\u00e4t\u00a0tukemaan ohjelma-alueen yritt\u00e4ji\u00e4 kulttuurisensitiivisten matkailutuotteiden ja \u2013palveluiden luomisessa. Kansainv\u00e4lisen matkailuklusterin kautta hanke edesauttaa matkailuyritysten kannalta my\u00f6nteisemm\u00e4n liiketoimintaymp\u00e4rist\u00f6n syntymist\u00e4 ja tekee hankkeeseen osallistuvista alueista taloudellisesti monipuolisempia ja kest\u00e4v\u00e4mpi\u00e4.<\/p>\n<p>&nbsp;<\/p>\n<p><b>ARCTISEN in Danish \/ p\u00e5 Dansk<\/b><\/p>\n<p>Projektet &#8216;Kulturturisme i Arktis&#8217; &#8211; ARCTISEN &#8211; udvikler et st\u00f8ttesystem til nystartede virksomheder og eksisterende sm\u00e5 og mellemstore virksomheder, der tilbyder innovative turismeprodukter og -tjenester. Udvidet turistinteresse i Arktis bringer uforudsete muligheder for at opretholde lokale levebr\u00f8d og livsstil. Projektpartnerne i Finland, Sverige, Norge, Canada og Danmark \/ Gr\u00f8nland fremh\u00e6ver den presserende eftersp\u00f8rgsel efter nye turismeprodukter og -tjenester, der tr\u00e6kker p\u00e5 de rige natur- og kulturressourcer i regionen. Samtidig kr\u00e6ver begr\u00e6nset viden om indf\u00f8dte og andre lokale kulturer i de nordlige samfund en mere \u00e5ben og f\u00f8lsom dialog blandt forskellige turismeakt\u00f8rer.<\/p>\n<p>Projektet introducerer kulturturisme som en kernev\u00e6rdi, der styrer projektaktiviteterne fra benchmarking til testbes\u00f8g, workshops til online kurser. Disse aktiviteter vil hj\u00e6lpe turisterne og sm\u00e5 og mellemstore<br \/>\nvirksomheder til at g\u00f8re deres pladsbaserede muligheder til \u00f8konomisk levedygtige turismevirksomheder. Nyheden af ARCTISEN ligger i at g\u00f8re det muligt for og st\u00f8tte iv\u00e6rks\u00e6ttere, at udforme kulturelle turismeprodukter i t\u00e6t samarbejde med en bred vifte af turismepraktikere og l\u00e6rde p\u00e5 tv\u00e6rs af programomr\u00e5det. Gennem tv\u00e6rnationale turistklynger bidrager projektet til et mere positivt erhvervsklima for turismeselskaber &#8211; og at g\u00f8re de deltagende regioner generelt mere \u00f8konomisk robuste og alsidige.<\/p>\n<p>&nbsp;<\/p>\n<p><b>ARCTISEN in Swedish \/ p\u00e5 Svenska<\/b><\/p>\n<p>Projektet &#8220;Kulturellt respektfull turism i Arktis&#8221; \u2013 ARCTISEN \u2013 utvecklar ett st\u00f6dsystem f\u00f6r nystartade f\u00f6retag och de befintliga sm\u00e5 och medelstora f\u00f6retag som erbjuder innovativa turismprodukter och tj\u00e4nster. Turisters \u00f6kade intresse f\u00f6r Arktis ger ov\u00e4ntade m\u00f6jligheter att uppr\u00e4tth\u00e5lla lokala f\u00f6rs\u00f6rjnings- och livsstilar. Projektpartner i Finland, Sverige, Norge, Kanada och Danmark\/Gr\u00f6nland belyser den \u00f6kande efterfr\u00e5gan p\u00e5 nya turismprodukter och -tj\u00e4nster som baseras p\u00e5 regionens rika natur-och kulturresurser. Samtidigt kr\u00e4ver begr\u00e4nsad kunskap om urfolk och andra lokala kulturer i nordliga samh\u00e4llen en mer \u00f6ppen och sensibel dialog mellan olika turistakt\u00f6rer.<\/p>\n<p>Projektet introducerar respekt f\u00f6r de olika kulturerna som ett k\u00e4rnv\u00e4rde som ocks\u00e5 styr projektaktiviteter fr\u00e5n benchmarking till testbes\u00f6k, och fr\u00e5n workshops till onlinekurser. Dessa aktiviteter kommer att hj\u00e4lpa sm\u00e5- och medelstora f\u00f6retag inom bes\u00f6ksn\u00e4ringen att anv\u00e4nda sig av lokala resurser f\u00f6r att utveckla ekonomiskt livskraftiga turistf\u00f6retag. ARCTISENs nyskapande ansats bygger p\u00e5 att st\u00f6dja entrepren\u00f6rer att utforma kulturellt respektfulla produkter i n\u00e4ra samarbete med ett brett spektrum av turismakt\u00f6rer och forskare inom programomr\u00e5det. Genom att skapa transnationella turismkluster bidrar projektet till en b\u00e4ttre aff\u00e4rsmilj\u00f6 f\u00f6r turistf\u00f6retag &#8211; och till att de deltagande regionerna i allm\u00e4nhet blir mer ekonomiskt robusta och m\u00e5ngsidiga.<\/p>\n<p>&nbsp;<\/p>\n","protected":false},"excerpt":{"rendered":"<p>ARCTISEN in English The project \u2018Culturally Sensitive Tourism in the Arctic\u2019 \u2013 ARCTISEN \u2013 develops a support system for start-ups and existing small and medium-sized enterprises offering innovative tourism products and services. Expanding tourist interest in the Arctic brings unforeseen opportunities to maintain local livelihoods and lifestyles. The project partners in Finland, Sweden, Norway, Canada &hellip; <\/p>\n<p><a class=\"more-link btn\" href=\"https:\/\/blogi.eoppimispalvelut.fi\/arctisen\/project-in-different-languages\/\">Jatka lukemista<\/a><\/p>\n","protected":false},"author":3256,"featured_media":0,"parent":0,"menu_order":0,"comment_status":"closed","ping_status":"closed","template":"","meta":{"footnotes":""},"class_list":["post-411","page","type-page","status-publish","hentry","nodate","item-wrap"],"_links":{"self":[{"href":"https:\/\/blogi.eoppimispalvelut.fi\/arctisen\/wp-json\/wp\/v2\/pages\/411","targetHints":{"allow":["GET"]}}],"collection":[{"href":"https:\/\/blogi.eoppimispalvelut.fi\/arctisen\/wp-json\/wp\/v2\/pages"}],"about":[{"href":"https:\/\/blogi.eoppimispalvelut.fi\/arctisen\/wp-json\/wp\/v2\/types\/page"}],"author":[{"embeddable":true,"href":"https:\/\/blogi.eoppimispalvelut.fi\/arctisen\/wp-json\/wp\/v2\/users\/3256"}],"replies":[{"embeddable":true,"href":"https:\/\/blogi.eoppimispalvelut.fi\/arctisen\/wp-json\/wp\/v2\/comments?post=411"}],"version-history":[{"count":2,"href":"https:\/\/blogi.eoppimispalvelut.fi\/arctisen\/wp-json\/wp\/v2\/pages\/411\/revisions"}],"predecessor-version":[{"id":416,"href":"https:\/\/blogi.eoppimispalvelut.fi\/arctisen\/wp-json\/wp\/v2\/pages\/411\/revisions\/416"}],"wp:attachment":[{"href":"https:\/\/blogi.eoppimispalvelut.fi\/arctisen\/wp-json\/wp\/v2\/media?parent=411"}],"curies":[{"name":"wp","href":"https:\/\/api.w.org\/{rel}","templated":true}]}}