{"id":457,"date":"2018-06-12T08:51:21","date_gmt":"2018-06-12T05:51:21","guid":{"rendered":"https:\/\/blogi.eoppimispalvelut.fi\/arjenituja\/?page_id=457"},"modified":"2023-08-09T09:57:05","modified_gmt":"2023-08-09T06:57:05","slug":"etusivu","status":"publish","type":"page","link":"https:\/\/blogi.eoppimispalvelut.fi\/arjenituja\/","title":{"rendered":"Tervetuloa Arjen ituihin!"},"content":{"rendered":"<p><a href=\"https:\/\/www.luchyvinvointi.fi\/\">\t\t<meta http-equiv=\"refresh\" content=\"0; url=https:\/\/www.luchyvinvointi.fi\/\">\r\n\t\tPlease wait while you are redirected...or <a href=\"https:\/\/www.luchyvinvointi.fi\/\">Click Here<\/a> if you do not want to wait.\r\n<\/a><\/p>\n<p><a href=\"https:\/\/www.luchyvinvointi.fi\/\"><img data-recalc-dims=\"1\" loading=\"lazy\" decoding=\"async\" data-attachment-id=\"365\" data-permalink=\"https:\/\/blogi.eoppimispalvelut.fi\/arjenituja\/ryhmat\/sparkler-677774_1280\/\" data-orig-file=\"https:\/\/i0.wp.com\/blogi.eoppimispalvelut.fi\/arjenituja\/files\/2017\/01\/sparkler-677774_1280.jpg?fit=1280%2C853&amp;ssl=1\" data-orig-size=\"1280,853\" data-comments-opened=\"1\" data-image-meta=\"{&quot;aperture&quot;:&quot;0&quot;,&quot;credit&quot;:&quot;&quot;,&quot;camera&quot;:&quot;&quot;,&quot;caption&quot;:&quot;&quot;,&quot;created_timestamp&quot;:&quot;0&quot;,&quot;copyright&quot;:&quot;&quot;,&quot;focal_length&quot;:&quot;0&quot;,&quot;iso&quot;:&quot;0&quot;,&quot;shutter_speed&quot;:&quot;0&quot;,&quot;title&quot;:&quot;&quot;,&quot;orientation&quot;:&quot;0&quot;}\" data-image-title=\"\" data-image-description=\"\" data-image-caption=\"\" data-medium-file=\"https:\/\/i0.wp.com\/blogi.eoppimispalvelut.fi\/arjenituja\/files\/2017\/01\/sparkler-677774_1280.jpg?fit=600%2C400&amp;ssl=1\" data-large-file=\"https:\/\/i0.wp.com\/blogi.eoppimispalvelut.fi\/arjenituja\/files\/2017\/01\/sparkler-677774_1280.jpg?fit=525%2C350&amp;ssl=1\" class=\"aligncenter size-medium wp-image-365\" src=\"https:\/\/i0.wp.com\/blogi.eoppimispalvelut.fi\/arjenituja\/files\/2017\/01\/sparkler-677774_1280.jpg?resize=525%2C350&#038;ssl=1\" alt=\"Kuvassa nainen pitelee edess\u00e4\u00e4n, kaksin k\u00e4sin, s\u00e4detikkua.\" width=\"525\" height=\"350\" srcset=\"https:\/\/i0.wp.com\/blogi.eoppimispalvelut.fi\/arjenituja\/files\/2017\/01\/sparkler-677774_1280.jpg?resize=600%2C400&amp;ssl=1 600w, https:\/\/i0.wp.com\/blogi.eoppimispalvelut.fi\/arjenituja\/files\/2017\/01\/sparkler-677774_1280.jpg?resize=768%2C512&amp;ssl=1 768w, https:\/\/i0.wp.com\/blogi.eoppimispalvelut.fi\/arjenituja\/files\/2017\/01\/sparkler-677774_1280.jpg?w=1280&amp;ssl=1 1280w, https:\/\/i0.wp.com\/blogi.eoppimispalvelut.fi\/arjenituja\/files\/2017\/01\/sparkler-677774_1280.jpg?resize=420%2C280&amp;ssl=1 420w, https:\/\/i0.wp.com\/blogi.eoppimispalvelut.fi\/arjenituja\/files\/2017\/01\/sparkler-677774_1280.jpg?w=1050&amp;ssl=1 1050w\" sizes=\"auto, (max-width: 525px) 100vw, 525px\" \/><\/a><\/p>\n<p>Omasta hyvinvoinnista huolehtimisella ja opiskelukyvyn yll\u00e4pit\u00e4misell\u00e4 on t\u00e4rke\u00e4 rooli niin opiskelussa kuin oppimisessakin. Arjen idut on Lapin korkeakoulujen hyvinvointipalveluiden vinkkipankki opiskelijoille.<\/p>\n<p>L\u00f6yd\u00e4t meid\u00e4t my\u00f6s Instagramista <a href=\"https:\/\/www.instagram.com\/lapinkorkeakoulukuraattorit\/\" target=\"_blank\" rel=\"noopener\">@lapinkorkeakoulukuraattorit<\/a>.<\/p>\n<hr \/>\n<p><span style=\"font-size: 1.25rem;\">TULEVAT TAPAHTUMAT<\/span><\/p>\n<div class=\"ecs-no-events\">Ei tulevia tapahtumia tapahtumat.<\/div>\n<hr \/>\n<h2>KURAATTOREIDEN NEUVONTA JA AJANVARAUS<\/h2>\n<p>Korkeakoulun kuraattoreilta saat ohjausta ja neuvontaa erilaisissa opiskeluun ja hyvinvointiin liittyviss\u00e4 kysymyksiss\u00e4.<\/p>\n<p>Voit j\u00e4tt\u00e4\u00e4 yhteydenottopyynn\u00f6n s\u00e4hk\u00f6postitse:<\/p>\n<p style=\"padding-left: 40px;\">kuraattorit@luc.fi<\/p>\n<p>Kirjoita otsikoksi soittopyynt\u00f6 ja viestiin oma nimesi ja puhelinnumerosi. Yhteydenoton syyt\u00e4 ei tarvitse kirjoittaa. Kuraattori soittaa sinulle noin viiden arkip\u00e4iv\u00e4n kuluessa yhteydenotostasi. Tavoittelemme sinua puhelimitse pari kertaa.<\/p>\n<p>Mietit\u00e4\u00e4n yhdess\u00e4, millaista tukea tarvitset!<\/p>\n<p><strong>Ajanvaraus- ja neuvontapalvelumme on suljettu 3.7. &#8211; 6.8.2023.<\/strong><br \/>\nVoit j\u00e4tt\u00e4\u00e4 soittopyynt\u00f6si my\u00f6s edell\u00e4 mainitulla ajalla, mutta k\u00e4sittelemme soittopyynt\u00f6j\u00e4 taas 7.8. alkaen.<\/p>\n<p><a href=\"https:\/\/blogi.eoppimispalvelut.fi\/arjenituja\/miten-voimme-auttaa-sinua\/\">Milloin kannattaa ottaa yhteytt\u00e4?<\/a><\/p>\n<hr \/>\n<h2>OIKOPOLKUJA ARJEN ITUIHIN<\/h2>\n<p><a href=\"https:\/\/blogi.eoppimispalvelut.fi\/arjenituja\/opiskelijan-arki\/\" rel=\"noopener noreferrer\">Opiskelijan arki -teemaan<\/a> on koottu materiaalia muun muassa ajank\u00e4yt\u00f6n suunnitteluun, opiskelun sujuvuuteen, omaan oppimiseen ja motivaatioon liittyen. Teeman alta l\u00f6ytyy my\u00f6s tietoa voimavaratankkauksesta, stressist\u00e4 ja j\u00e4nnitt\u00e4misest\u00e4.<\/p>\n<p>Hyvinvointipalveluiden j\u00e4rjest\u00e4m\u00e4ss\u00e4 viikottaisessa <a href=\"https:\/\/blogi.eoppimispalvelut.fi\/arjenituja\/opiskeluretriitti\/\">opiskeluretriitiss\u00e4<\/a> on mahdollista kokeilla pomodoro-tekniikkaa, josta voi olla hy\u00f6ty\u00e4 itsen\u00e4isess\u00e4 opiskelussa. Tutustu my\u00f6s\u00a0erilaisiin verkossa toteutettaviin\u00a0<a href=\"https:\/\/blogi.eoppimispalvelut.fi\/arjenituja\/ryhmat\/\">vertaisryhmiimme<\/a>.<\/p>\n<p>Jos haluat hy\u00f6dynt\u00e4\u00e4 saavutettavuusty\u00f6kaluja, kuten Syvent\u00e4v\u00e4\u00e4 lukuohjelmaa tai \u00c4\u00e4neen luku-toimintoa sivuillamme, suosittelemme sivujen avaamista Microsoft Edge-selaimessa. Ty\u00f6kalut saat k\u00e4ytt\u00f6\u00f6si valitsemalla haluamasi tekstin ja painamalla hiiren oikeaa n\u00e4pp\u00e4int\u00e4.<\/p>\n<hr \/>\n<h2>HYVINVOINTIPALVELUISTA<\/h2>\n<p><a href=\"https:\/\/blogi.eoppimispalvelut.fi\/arjenituja\/yhteystiedot\/\">Yhteystiedot-sivulta <\/a>p\u00e4\u00e4set tutustumaan ty\u00f6ntekij\u00f6ihimme ja sivun alareunassa olevan nauhoitteen kautta voit tutustua tarkemmin palveluihimme.\u00a0\u00a0Lis\u00e4tietoa liikuntapalveluista puolestaan l\u00f6yd\u00e4t <a href=\"https:\/\/blogi.eoppimispalvelut.fi\/arjenituja\/liikunta-ja-hyvinvointi\/\" target=\"_blank\" rel=\"noopener\">klikkaamalla t\u00e4st\u00e4<\/a>.<\/p>\n<p>Muualla verkossa:<\/p>\n<ul>\n<li><a href=\"https:\/\/blogi.eoppimispalvelut.fi\/monenlaisetoppijat\/\" target=\"_blank\" rel=\"noopener noreferrer\">Monenlaisia oppijoita -sivustoltamme<\/a> l\u00f6yd\u00e4t tietoa ja vinkkej\u00e4 monenlaisista tavoista oppia ja opiskella.<\/li>\n<\/ul>\n<p>[embedyt] https:\/\/www.youtube.com\/watch?v=D-dAxKZZsWM[\/embedyt]<\/p>\n","protected":false},"excerpt":{"rendered":"<p>Omasta hyvinvoinnista huolehtimisella ja opiskelukyvyn yll\u00e4pit\u00e4misell\u00e4 on t\u00e4rke\u00e4 rooli niin opiskelussa kuin oppimisessakin. Arjen idut on Lapin korkeakoulujen hyvinvointipalveluiden vinkkipankki opiskelijoille. L\u00f6yd\u00e4t meid\u00e4t my\u00f6s Instagramista @lapinkorkeakoulukuraattorit. TULEVAT TAPAHTUMAT KURAATTOREIDEN NEUVONTA &hellip; <\/p>\n<p class=\"link-more\"><a href=\"https:\/\/blogi.eoppimispalvelut.fi\/arjenituja\/\" class=\"more-link\">Jatka lukemista<span class=\"screen-reader-text\"> &#8220;Tervetuloa Arjen ituihin!&#8221;<\/span><\/a><\/p>\n","protected":false},"author":31,"featured_media":0,"parent":0,"menu_order":0,"comment_status":"closed","ping_status":"closed","template":"","meta":{"jetpack_post_was_ever_published":false,"footnotes":""},"class_list":["post-457","page","type-page","status-publish","hentry"],"jetpack_sharing_enabled":true,"jetpack_shortlink":"https:\/\/wp.me\/P6W2Dk-7n","jetpack-related-posts":[{"id":1399,"url":"https:\/\/blogi.eoppimispalvelut.fi\/arjenituja\/miten-voimme-auttaa-sinua\/","url_meta":{"origin":457,"position":0},"title":"Miten voimme auttaa sinua","author":"Maija T\u00f6rm\u00e4nen","date":"26.8.2021","format":false,"excerpt":"Milloin on hyv\u00e4 ottaa yhteytt\u00e4 kuraattoriin? Voit k\u00e4\u00e4nty\u00e4 kuraattorin puoleen esimerkiksi seuraavissa asioissa: jumissa olevat opinnot tai opinn\u00e4ytety\u00f6 opintoihin palaaminen pitk\u00e4n tauon j\u00e4lkeen opiskelutaidot, ajank\u00e4ytt\u00f6 ja arjen hallinta opiskeluitsetuntoon liittyv\u00e4t ongelmat, j\u00e4nnitt\u00e4minen jaksaminen ja stressi oppimisvaikeudet HUOM! Kuraattoripalveluissamme on k\u00e4yt\u00f6ss\u00e4\u00a0asiakastietoj\u00e4rjestelm\u00e4 AURA. Milloin voit k\u00e4\u00e4nty\u00e4 hyvinvointiohjaajan puoleen? Hyvinvointiohjaaja auttaa ja neuvoo\u2026","rel":"","context":"Similar post","block_context":{"text":"Similar post","link":""},"img":{"alt_text":"","src":"","width":0,"height":0},"classes":[]},{"id":863,"url":"https:\/\/blogi.eoppimispalvelut.fi\/arjenituja\/stressaako\/","url_meta":{"origin":457,"position":1},"title":"STRESSAAKO?","author":"Maija T\u00f6rm\u00e4nen","date":"23.6.2020","format":false,"excerpt":"Kun mik\u00e4\u00e4n ei kiinnosta, opiskeluinto on lopahtanut ja el\u00e4m\u00e4st\u00e4 puuttuu ilo. Turhauttaa, v\u00e4sytt\u00e4\u00e4, ahdistaa ja tuntuu yksin\u00e4iselt\u00e4. Uni ei tule ja nukkuminen on katkonaista. Ajatuksissa py\u00f6rii ep\u00e4ily omasta p\u00e4rj\u00e4\u00e4misest\u00e4. N\u00e4m\u00e4 ja monet muutkin tuntemukset ja oireet voivat viitata siihen, ett\u00e4 on aika pys\u00e4hty\u00e4 tarkastelemaan omaa tilannetta. Mik\u00e4 meit\u00e4 stressaa? Opiskeluun\u2026","rel":"","context":"Similar post","block_context":{"text":"Similar post","link":""},"img":{"alt_text":"","src":"https:\/\/i0.wp.com\/blogi.eoppimispalvelut.fi\/arjenituja\/files\/2017\/01\/animal-1349031_1920-600x376.jpg?resize=350%2C200&ssl=1","width":350,"height":200,"srcset":"https:\/\/i0.wp.com\/blogi.eoppimispalvelut.fi\/arjenituja\/files\/2017\/01\/animal-1349031_1920-600x376.jpg?resize=350%2C200&ssl=1 1x, https:\/\/i0.wp.com\/blogi.eoppimispalvelut.fi\/arjenituja\/files\/2017\/01\/animal-1349031_1920-600x376.jpg?resize=525%2C300&ssl=1 1.5x"},"classes":[]},{"id":1420,"url":"https:\/\/blogi.eoppimispalvelut.fi\/arjenituja\/tutustu-meihin\/","url_meta":{"origin":457,"position":2},"title":"Tutustu meihin","author":"Maija T\u00f6rm\u00e4nen","date":"27.8.2021","format":false,"excerpt":"Hyvinvointipalveluiden ty\u00f6ntekij\u00e4t Korkeakoulukuraattorit Heidi Haapala \"Moi! Min\u00e4 olen Heidi. Vapaa-ajallani remontoin perheeni kanssa Muonionjoen rannassa olevaa taloa ja mietin, miten m\u00e4ntymets\u00e4\u00e4 kasvatetaan. Nautin erityisesti talvesta: lumesta ja pakkasesta, hiljaisuudesta ja pimeydest\u00e4.\u00a0 Rakastan luovaa tekemist\u00e4: musiikin kuuntelemista ja laulamista sek\u00e4 maalaamista, piirt\u00e4mist\u00e4, neulomista, virkkaamista ja kasvimaalla kuokkimista. Projekteja on kesken aina\u2026","rel":"","context":"Similar post","block_context":{"text":"Similar post","link":""},"img":{"alt_text":"","src":"https:\/\/i0.wp.com\/blogi.eoppimispalvelut.fi\/arjenituja\/files\/2022\/01\/Mika.jpg?resize=350%2C200&ssl=1","width":350,"height":200,"srcset":"https:\/\/i0.wp.com\/blogi.eoppimispalvelut.fi\/arjenituja\/files\/2022\/01\/Mika.jpg?resize=350%2C200&ssl=1 1x, https:\/\/i0.wp.com\/blogi.eoppimispalvelut.fi\/arjenituja\/files\/2022\/01\/Mika.jpg?resize=525%2C300&ssl=1 1.5x"},"classes":[]},{"id":835,"url":"https:\/\/blogi.eoppimispalvelut.fi\/arjenituja\/millainen-oppija-olen\/","url_meta":{"origin":457,"position":3},"title":"MILLAINEN OPPIJA OLEN?","author":"Maria Sipil\u00e4","date":"12.6.2020","format":false,"excerpt":"Toisinaan on hyv\u00e4 pys\u00e4hty\u00e4 pohtimaan omia k\u00e4sityksi\u00e4 ja ajatuksia oppimisesta sek\u00e4 itsest\u00e4 oppijana. Millaisena min\u00e4 ymm\u00e4rr\u00e4n oppimisen? Ajattelenko oppimista asioiden muistamisena ja ulkoa-opetteluna vai kenties tiedon rakentamisena, prosessina, jossa rakennan uutta ymm\u00e4rryst\u00e4 aiemman tiedon pohjalta? Omia k\u00e4sityksi\u00e4 ja uskomuksia tarkastellessa onkin hyv\u00e4 muistaa, ett\u00e4 ei ole yht\u00e4 oikeaa tapaa oppia,\u2026","rel":"","context":"Similar post","block_context":{"text":"Similar post","link":""},"img":{"alt_text":"","src":"https:\/\/i0.wp.com\/blogi.eoppimispalvelut.fi\/arjenituja\/files\/2020\/06\/portaat-600x400.jpg?resize=350%2C200&ssl=1","width":350,"height":200,"srcset":"https:\/\/i0.wp.com\/blogi.eoppimispalvelut.fi\/arjenituja\/files\/2020\/06\/portaat-600x400.jpg?resize=350%2C200&ssl=1 1x, https:\/\/i0.wp.com\/blogi.eoppimispalvelut.fi\/arjenituja\/files\/2020\/06\/portaat-600x400.jpg?resize=525%2C300&ssl=1 1.5x"},"classes":[]},{"id":1349,"url":"https:\/\/blogi.eoppimispalvelut.fi\/arjenituja\/liikunta-ja-hyvinvointi\/","url_meta":{"origin":457,"position":4},"title":"Liikunta ja hyvinvointi","author":"Maria Sipil\u00e4","date":"25.8.2021","format":false,"excerpt":"Liikkuminen auttaa palautumaan, lis\u00e4\u00e4 voimavaroja ja saa meid\u00e4t voimaan hyvin. Toisinaan liikkeelle l\u00e4ht\u00f6 voi kuitenkin tuntua hankalalta. Tukea tai uusia ideoita omaan liikkumiseesi voit kysy\u00e4 hyvinvointiohjaajaltamme.\u00a0 Mika auttaa ja neuvoo liikunnan aloittamiseen, kokonaisvaltaiseen fyysiseen hyvinvointiin sek\u00e4 jaksamiseen liittyviss\u00e4 asioissa. Varaa oma henkil\u00f6kohtainen ohjausaikasi: Puh.\u00a0 +358 40 182 6341 S.posti mika.vettainen@ulapland.fi\u2026","rel":"","context":"Similar post","block_context":{"text":"Similar post","link":""},"img":{"alt_text":"","src":"https:\/\/i0.wp.com\/blogi.eoppimispalvelut.fi\/arjenituja\/files\/2016\/12\/bubble-1305738_1920-600x400.jpg?resize=350%2C200&ssl=1","width":350,"height":200,"srcset":"https:\/\/i0.wp.com\/blogi.eoppimispalvelut.fi\/arjenituja\/files\/2016\/12\/bubble-1305738_1920-600x400.jpg?resize=350%2C200&ssl=1 1x, https:\/\/i0.wp.com\/blogi.eoppimispalvelut.fi\/arjenituja\/files\/2016\/12\/bubble-1305738_1920-600x400.jpg?resize=525%2C300&ssl=1 1.5x"},"classes":[]},{"id":869,"url":"https:\/\/blogi.eoppimispalvelut.fi\/arjenituja\/jannittaako\/","url_meta":{"origin":457,"position":5},"title":"J\u00c4NNITT\u00c4\u00c4K\u00d6?","author":"Maija T\u00f6rm\u00e4nen","date":"23.6.2020","format":false,"excerpt":"Apua! Perhosia vatsassa, suu kuivaa, huimaa, heikottaa, k\u00e4det hikoavat, syd\u00e4n tykytt\u00e4\u00e4! Kun j\u00e4nnitt\u00e4\u00e4, on vaikea keskitty\u00e4 muuhun kuin kropan tuntemuksiin. Ajatukset ruokkivat j\u00e4nnityst\u00e4: \u201dapua, en osaa\u201d, \u201dapua, mokaan ja kaikki nauraa\u201d. Silloin tekee mieli paeta ja olla menem\u00e4tt\u00e4 koko tilanteeseen, keksi\u00e4 ehk\u00e4 jokin tekosyy tilanteen v\u00e4ltt\u00e4miseksi. Tuttuja tuntemuksia suurimmalle osalle\u2026","rel":"","context":"Similar post","block_context":{"text":"Similar post","link":""},"img":{"alt_text":"","src":"https:\/\/i0.wp.com\/blogi.eoppimispalvelut.fi\/arjenituja\/files\/2016\/12\/animal-1850186_1920-600x399.jpg?resize=350%2C200&ssl=1","width":350,"height":200,"srcset":"https:\/\/i0.wp.com\/blogi.eoppimispalvelut.fi\/arjenituja\/files\/2016\/12\/animal-1850186_1920-600x399.jpg?resize=350%2C200&ssl=1 1x, https:\/\/i0.wp.com\/blogi.eoppimispalvelut.fi\/arjenituja\/files\/2016\/12\/animal-1850186_1920-600x399.jpg?resize=525%2C300&ssl=1 1.5x"},"classes":[]}],"_links":{"self":[{"href":"https:\/\/blogi.eoppimispalvelut.fi\/arjenituja\/wp-json\/wp\/v2\/pages\/457","targetHints":{"allow":["GET"]}}],"collection":[{"href":"https:\/\/blogi.eoppimispalvelut.fi\/arjenituja\/wp-json\/wp\/v2\/pages"}],"about":[{"href":"https:\/\/blogi.eoppimispalvelut.fi\/arjenituja\/wp-json\/wp\/v2\/types\/page"}],"author":[{"embeddable":true,"href":"https:\/\/blogi.eoppimispalvelut.fi\/arjenituja\/wp-json\/wp\/v2\/users\/31"}],"replies":[{"embeddable":true,"href":"https:\/\/blogi.eoppimispalvelut.fi\/arjenituja\/wp-json\/wp\/v2\/comments?post=457"}],"version-history":[{"count":88,"href":"https:\/\/blogi.eoppimispalvelut.fi\/arjenituja\/wp-json\/wp\/v2\/pages\/457\/revisions"}],"predecessor-version":[{"id":2583,"href":"https:\/\/blogi.eoppimispalvelut.fi\/arjenituja\/wp-json\/wp\/v2\/pages\/457\/revisions\/2583"}],"wp:attachment":[{"href":"https:\/\/blogi.eoppimispalvelut.fi\/arjenituja\/wp-json\/wp\/v2\/media?parent=457"}],"curies":[{"name":"wp","href":"https:\/\/api.w.org\/{rel}","templated":true}]}}