{"id":849,"date":"2020-06-23T09:52:56","date_gmt":"2020-06-23T06:52:56","guid":{"rendered":"https:\/\/blogi.eoppimispalvelut.fi\/arjenituja\/?page_id=849"},"modified":"2023-09-11T13:02:51","modified_gmt":"2023-09-11T10:02:51","slug":"opiskeluretriitti","status":"publish","type":"page","link":"https:\/\/blogi.eoppimispalvelut.fi\/arjenituja\/opiskeluretriitti\/","title":{"rendered":"OPISKELURETRIITTI"},"content":{"rendered":"<h2><a href=\"https:\/\/www.luchyvinvointi.fi\/\">\t\t<meta http-equiv=\"refresh\" content=\"0; url=https:\/\/www.luchyvinvointi.fi\/\">\r\n\t\tPlease wait while you are redirected...or <a href=\"https:\/\/www.luchyvinvointi.fi\/\">Click Here<\/a> if you do not want to wait.\r\n<\/a><\/h2>\n<h2><strong>Opiskeluretriitti maanantaisin ja perjantaisin klo 12 &#8211; 14<\/strong><\/h2>\n<p>Retriitti on kes\u00e4tauolla ja syksyn 2023 retriitit starttaavat ma 28.8.2023!<\/p>\n<p><a href=\"https:\/\/i0.wp.com\/blogi.eoppimispalvelut.fi\/arjenituja\/files\/2016\/12\/books-1185628_1280-1.jpg?ssl=1\"><img data-recalc-dims=\"1\" loading=\"lazy\" decoding=\"async\" data-attachment-id=\"555\" data-permalink=\"https:\/\/blogi.eoppimispalvelut.fi\/arjenituja\/books-1185628_1280-2\/\" data-orig-file=\"https:\/\/i0.wp.com\/blogi.eoppimispalvelut.fi\/arjenituja\/files\/2016\/12\/books-1185628_1280-1.jpg?fit=1280%2C853&amp;ssl=1\" data-orig-size=\"1280,853\" data-comments-opened=\"1\" data-image-meta=\"{&quot;aperture&quot;:&quot;0&quot;,&quot;credit&quot;:&quot;&quot;,&quot;camera&quot;:&quot;&quot;,&quot;caption&quot;:&quot;&quot;,&quot;created_timestamp&quot;:&quot;0&quot;,&quot;copyright&quot;:&quot;&quot;,&quot;focal_length&quot;:&quot;0&quot;,&quot;iso&quot;:&quot;0&quot;,&quot;shutter_speed&quot;:&quot;0&quot;,&quot;title&quot;:&quot;&quot;,&quot;orientation&quot;:&quot;0&quot;}\" data-image-title=\"books-1185628_1280\" data-image-description=\"\" data-image-caption=\"&lt;p&gt;Kuvassa portaat, joilla kaksi kirjaa.&lt;\/p&gt;\n\" data-medium-file=\"https:\/\/i0.wp.com\/blogi.eoppimispalvelut.fi\/arjenituja\/files\/2016\/12\/books-1185628_1280-1.jpg?fit=600%2C400&amp;ssl=1\" data-large-file=\"https:\/\/i0.wp.com\/blogi.eoppimispalvelut.fi\/arjenituja\/files\/2016\/12\/books-1185628_1280-1.jpg?fit=525%2C350&amp;ssl=1\" class=\"size-medium wp-image-555\" src=\"https:\/\/i0.wp.com\/blogi.eoppimispalvelut.fi\/arjenituja\/files\/2016\/12\/books-1185628_1280-1.jpg?resize=525%2C350&#038;ssl=1\" alt=\"\" width=\"525\" height=\"350\" srcset=\"https:\/\/i0.wp.com\/blogi.eoppimispalvelut.fi\/arjenituja\/files\/2016\/12\/books-1185628_1280-1.jpg?resize=600%2C400&amp;ssl=1 600w, https:\/\/i0.wp.com\/blogi.eoppimispalvelut.fi\/arjenituja\/files\/2016\/12\/books-1185628_1280-1.jpg?resize=768%2C512&amp;ssl=1 768w, https:\/\/i0.wp.com\/blogi.eoppimispalvelut.fi\/arjenituja\/files\/2016\/12\/books-1185628_1280-1.jpg?w=1280&amp;ssl=1 1280w, https:\/\/i0.wp.com\/blogi.eoppimispalvelut.fi\/arjenituja\/files\/2016\/12\/books-1185628_1280-1.jpg?resize=420%2C280&amp;ssl=1 420w, https:\/\/i0.wp.com\/blogi.eoppimispalvelut.fi\/arjenituja\/files\/2016\/12\/books-1185628_1280-1.jpg?w=1050&amp;ssl=1 1050w\" sizes=\"auto, (max-width: 525px) 100vw, 525px\" \/><\/a><\/p>\n<h2><strong><span style=\"color: #808080;\">Liity <\/span><\/strong><strong><span style=\"color: #808080;\">t\u00e4st\u00e4 <\/span><\/strong><strong><span style=\"color: #808080;\">retriittiin<\/span><\/strong><span style=\"color: #808080;\"><strong>!<\/strong><strong style=\"font-size: 1.25rem;\"><br \/>\n<\/strong><\/span><\/h2>\n<p><span style=\"color: #808080;\">(<\/span><span style=\"color: #808080;\">Linkki avataan noin 15 min. ennen opiskeluretriitin alkamista.<\/span><span style=\"color: #808080;\">)<\/span><\/p>\n<h3>Mik\u00e4 ihmeen opiskeluretriitti?<\/h3>\n<p>Opiskeluretriitiss\u00e4 jokainen osallistuja ty\u00f6skentelee oman oppimisteht\u00e4v\u00e4n, esseen tai tentin parissa ja retriitin vet\u00e4j\u00e4 huolehtii ty\u00f6skentelyn tauotuksesta. <span style=\"font-size: 1rem;\">Retriitist\u00e4 on hy\u00f6ty\u00e4 aloittamiseen, keskittymiseen ja opiskeluun syventymiseen. Vet\u00e4j\u00e4n\u00e4 toimii p\u00e4\u00e4s\u00e4\u00e4nt\u00f6isesti hyvinvointiohjaaja Mika.\u00a0<\/span><\/p>\n<p>Retriitiss\u00e4 ty\u00f6skennell\u00e4\u00e4n Fokuskellon avulla. Ty\u00f6skentelyaika kest\u00e4\u00e4 25 min., jonka j\u00e4lkeen pidet\u00e4\u00e4n 5 min. tauko. Jos haluat ottaa ajastimen k\u00e4ytt\u00f6\u00f6n muutoinkin, l\u00f6yd\u00e4t sen Ty\u00f6terveyslaitoksen <a href=\"https:\/\/www.ttl.fi\/fokuskello\/\">Fokuskello ja ajastin- sivulta.<\/a><\/p>\n<h3>Iltaopiskeluretriitti<\/h3>\n<p>Iltaopiskeluretriitti j\u00e4rjestet\u00e4\u00e4n kerran kuukaudessa klo 16-18. Iltaopiskeluretriittip\u00e4iv\u00e4t ovat syksyll\u00e4 2023: <strong>27.9., 25.10., 29.11. ja 13.12.<\/strong><\/p>\n<p>Iltaopiskeluretriitin vet\u00e4j\u00e4n\u00e4 toimii korkeakoulukuraattori.<\/p>\n<h3>Miten valmistaudun opiskeluretriittiin?<\/h3>\n<p>Pohdi jo etuk\u00e4teen mink\u00e4 teht\u00e4v\u00e4n parissa ty\u00f6skentelet. Mieti mik\u00e4 on p\u00e4iv\u00e4n tavoitteesi. Muistathan kuitenkin kohtuuden tavoitteen luomisessa. Tarvitset osallistumiseen tietokoneen sek\u00e4 opiskeluusi tarvitsemasi materiaalit kuten tenttikirjan tai l\u00e4hdemateriaalit. Varaa my\u00f6s vesipullo sek\u00e4 pient\u00e4 v\u00e4lipalaa. Vaatetuksen olisi hyv\u00e4 olla rento. Suosittelemme erityisesti villasukkien k\u00e4ytt\u00e4mist\u00e4. &#x1f60a;<\/p>\n<h3>Kuinka p\u00e4\u00e4sen mukaan?<\/h3>\n<p>Kirjaudu ensin koulun tunnuksilla Office 365-palveluun. Opiskeluretriitti pidet\u00e4\u00e4n Microsoft Teamsissa, mukaan p\u00e4\u00e4set klikkaamalla sivun alussa olevaa linkki\u00e4. Liity k\u00e4ynniss\u00e4 olevaan keskusteluun (kameran kuvake edess\u00e4), joka on nimetty seuraavasti: <em>Tervetuloa opiskeluretriittiin! Ty\u00f6skentele itsen\u00e4isesti, niin min\u00e4 huolehdin tauotuksesta. Pid\u00e4th\u00e4n mikin ja kameran kiinni!<\/em><\/p>\n<h3>Hyv\u00e4 tiet\u00e4\u00e4<\/h3>\n<p>Retriitti toteutetaan Teamsiss\u00e4, mutta siell\u00e4 ei tarvitse puhua, eik\u00e4 avata videoyhteytt\u00e4.\u00a0 Opiskeluretriitti on kuitenkin julkinen tapahtuma, eli mukaan voivat tulla kaikki Lapin yliopiston ja Lapin ammattikorkeakoulun opiskelijat. N\u00e4in ollen osallistujat n\u00e4kev\u00e4t toistensa nimet ja chat-keskustelut.<\/p>\n<h2>Opiskeluretriitin taukomateriaaleja<\/h2>\n<ul>\n<li>Keskittymisen avuksi Yle Areenan Akuuttin <a href=\"https:\/\/youtu.be\/OUVYY7SF_DU\">Aivojumppa\u00a0<\/a><\/li>\n<li>Rentoutumiseen Mieli Ry:n <a href=\"https:\/\/oivamieli.fi\">Oivamielen harjoitukset<\/a><\/li>\n<li>Luonnon hyvinvointivaikutukset k\u00e4ytt\u00f6\u00f6n omalle ty\u00f6pisteelle Mieli Ry:n\u00a0\u00a0<a href=\"https:\/\/mieli.fi\/fi\/mielenterveys\/hyvinvointi\/ymp%C3%A4rist%C3%B6-ja-luonto\/hyv%C3%A4n-mielen-mets%C3%A4k%C3%A4velyt\" target=\"_blank\" rel=\"noopener noreferrer\">Hyv\u00e4n mielen mets\u00e4k\u00e4velyill\u00e4<\/a><\/li>\n<li>Liikett\u00e4 taukoihin Kajaanin ammattikorkeakoulun <a href=\"https:\/\/jumppakamu.fi\/\" target=\"_blank\" rel=\"noopener noreferrer\">Jumppakamu-sivusto<\/a><\/li>\n<li>Pylly yl\u00f6s YTHS:n kampanjan- jumppavideoiden avulla:<\/li>\n<\/ul>\n<ul>\n<li style=\"list-style-type: none;\">\n<ul>\n<li><a href=\"https:\/\/youtu.be\/Zb6dgfoy33Y\">Taukojumppa 1<\/a><\/li>\n<li><a href=\"https:\/\/youtu.be\/fpe488w7blI\">Taukojumppa 2 <\/a><\/li>\n<li><a href=\"https:\/\/youtu.be\/Ct6iHsOa_mM\">Taukojumppa 3\u00a0<\/a><\/li>\n<\/ul>\n<\/li>\n<\/ul>\n<ul>\n<li style=\"list-style-type: none;\"><\/li>\n<li>Tutustu my\u00f6s <a href=\"https:\/\/blogi.eoppimispalvelut.fi\/arjenituja\/tauko-kannattaa-aina\/\">Tauko kannattaa- sivuumme.<\/a><\/li>\n<\/ul>\n<h3>Ergonomisen ty\u00f6skentelyn ohjeita<\/h3>\n<ul>\n<li>Ty\u00f6terveyslaitoksen <a href=\"https:\/\/www.ttl.fi\/tyoymparisto\/ergonomian-tietopankki\/\" target=\"_blank\" rel=\"noopener noreferrer\">Ergonomian tietopankista<\/a> ja<\/li>\n<li>Ty\u00f6turvallisuuskeskuksen <a href=\"https:\/\/ttk.fi\/tyoturvallisuus_ja_tyosuojelu\/toimialakohtaista_tietoa\/asiantuntija-_ja_toimistotyo\/tietokonetyo\">Ohjeista tietokoneella ty\u00f6skentelyyn<\/a><\/li>\n<\/ul>\n","protected":false},"excerpt":{"rendered":"<p>Opiskeluretriitti maanantaisin ja perjantaisin klo 12 &#8211; 14 Retriitti on kes\u00e4tauolla ja syksyn 2023 retriitit starttaavat ma 28.8.2023! Liity t\u00e4st\u00e4 retriittiin! (Linkki avataan noin 15 min. ennen opiskeluretriitin alkamista.) Mik\u00e4 &hellip; <\/p>\n<p class=\"link-more\"><a href=\"https:\/\/blogi.eoppimispalvelut.fi\/arjenituja\/opiskeluretriitti\/\" class=\"more-link\">Jatka lukemista<span class=\"screen-reader-text\"> &#8220;OPISKELURETRIITTI&#8221;<\/span><\/a><\/p>\n","protected":false},"author":4413,"featured_media":0,"parent":0,"menu_order":0,"comment_status":"closed","ping_status":"closed","template":"","meta":{"jetpack_post_was_ever_published":false,"footnotes":""},"class_list":["post-849","page","type-page","status-publish","hentry"],"jetpack_sharing_enabled":true,"jetpack_shortlink":"https:\/\/wp.me\/P6W2Dk-dH","jetpack-related-posts":[{"id":1420,"url":"https:\/\/blogi.eoppimispalvelut.fi\/arjenituja\/tutustu-meihin\/","url_meta":{"origin":849,"position":0},"title":"Tutustu meihin","author":"Maija T\u00f6rm\u00e4nen","date":"27.8.2021","format":false,"excerpt":"Hyvinvointipalveluiden ty\u00f6ntekij\u00e4t Korkeakoulukuraattorit Heidi Haapala \"Moi! Min\u00e4 olen Heidi. Vapaa-ajallani remontoin perheeni kanssa Muonionjoen rannassa olevaa taloa ja mietin, miten m\u00e4ntymets\u00e4\u00e4 kasvatetaan. Nautin erityisesti talvesta: lumesta ja pakkasesta, hiljaisuudesta ja pimeydest\u00e4.\u00a0 Rakastan luovaa tekemist\u00e4: musiikin kuuntelemista ja laulamista sek\u00e4 maalaamista, piirt\u00e4mist\u00e4, neulomista, virkkaamista ja kasvimaalla kuokkimista. Projekteja on kesken aina\u2026","rel":"","context":"Similar post","block_context":{"text":"Similar post","link":""},"img":{"alt_text":"","src":"https:\/\/i0.wp.com\/blogi.eoppimispalvelut.fi\/arjenituja\/files\/2022\/01\/Mika.jpg?resize=350%2C200&ssl=1","width":350,"height":200,"srcset":"https:\/\/i0.wp.com\/blogi.eoppimispalvelut.fi\/arjenituja\/files\/2022\/01\/Mika.jpg?resize=350%2C200&ssl=1 1x, https:\/\/i0.wp.com\/blogi.eoppimispalvelut.fi\/arjenituja\/files\/2022\/01\/Mika.jpg?resize=525%2C300&ssl=1 1.5x"},"classes":[]},{"id":835,"url":"https:\/\/blogi.eoppimispalvelut.fi\/arjenituja\/millainen-oppija-olen\/","url_meta":{"origin":849,"position":1},"title":"MILLAINEN OPPIJA OLEN?","author":"Maria Sipil\u00e4","date":"12.6.2020","format":false,"excerpt":"Toisinaan on hyv\u00e4 pys\u00e4hty\u00e4 pohtimaan omia k\u00e4sityksi\u00e4 ja ajatuksia oppimisesta sek\u00e4 itsest\u00e4 oppijana. Millaisena min\u00e4 ymm\u00e4rr\u00e4n oppimisen? Ajattelenko oppimista asioiden muistamisena ja ulkoa-opetteluna vai kenties tiedon rakentamisena, prosessina, jossa rakennan uutta ymm\u00e4rryst\u00e4 aiemman tiedon pohjalta? Omia k\u00e4sityksi\u00e4 ja uskomuksia tarkastellessa onkin hyv\u00e4 muistaa, ett\u00e4 ei ole yht\u00e4 oikeaa tapaa oppia,\u2026","rel":"","context":"Similar post","block_context":{"text":"Similar post","link":""},"img":{"alt_text":"","src":"https:\/\/i0.wp.com\/blogi.eoppimispalvelut.fi\/arjenituja\/files\/2020\/06\/portaat-600x400.jpg?resize=350%2C200&ssl=1","width":350,"height":200,"srcset":"https:\/\/i0.wp.com\/blogi.eoppimispalvelut.fi\/arjenituja\/files\/2020\/06\/portaat-600x400.jpg?resize=350%2C200&ssl=1 1x, https:\/\/i0.wp.com\/blogi.eoppimispalvelut.fi\/arjenituja\/files\/2020\/06\/portaat-600x400.jpg?resize=525%2C300&ssl=1 1.5x"},"classes":[]},{"id":863,"url":"https:\/\/blogi.eoppimispalvelut.fi\/arjenituja\/stressaako\/","url_meta":{"origin":849,"position":2},"title":"STRESSAAKO?","author":"Maija T\u00f6rm\u00e4nen","date":"23.6.2020","format":false,"excerpt":"Kun mik\u00e4\u00e4n ei kiinnosta, opiskeluinto on lopahtanut ja el\u00e4m\u00e4st\u00e4 puuttuu ilo. Turhauttaa, v\u00e4sytt\u00e4\u00e4, ahdistaa ja tuntuu yksin\u00e4iselt\u00e4. Uni ei tule ja nukkuminen on katkonaista. Ajatuksissa py\u00f6rii ep\u00e4ily omasta p\u00e4rj\u00e4\u00e4misest\u00e4. N\u00e4m\u00e4 ja monet muutkin tuntemukset ja oireet voivat viitata siihen, ett\u00e4 on aika pys\u00e4hty\u00e4 tarkastelemaan omaa tilannetta. Mik\u00e4 meit\u00e4 stressaa? Opiskeluun\u2026","rel":"","context":"Similar post","block_context":{"text":"Similar post","link":""},"img":{"alt_text":"","src":"https:\/\/i0.wp.com\/blogi.eoppimispalvelut.fi\/arjenituja\/files\/2017\/01\/animal-1349031_1920-600x376.jpg?resize=350%2C200&ssl=1","width":350,"height":200,"srcset":"https:\/\/i0.wp.com\/blogi.eoppimispalvelut.fi\/arjenituja\/files\/2017\/01\/animal-1349031_1920-600x376.jpg?resize=350%2C200&ssl=1 1x, https:\/\/i0.wp.com\/blogi.eoppimispalvelut.fi\/arjenituja\/files\/2017\/01\/animal-1349031_1920-600x376.jpg?resize=525%2C300&ssl=1 1.5x"},"classes":[]},{"id":1349,"url":"https:\/\/blogi.eoppimispalvelut.fi\/arjenituja\/liikunta-ja-hyvinvointi\/","url_meta":{"origin":849,"position":3},"title":"Liikunta ja hyvinvointi","author":"Maria Sipil\u00e4","date":"25.8.2021","format":false,"excerpt":"Liikkuminen auttaa palautumaan, lis\u00e4\u00e4 voimavaroja ja saa meid\u00e4t voimaan hyvin. Toisinaan liikkeelle l\u00e4ht\u00f6 voi kuitenkin tuntua hankalalta. Tukea tai uusia ideoita omaan liikkumiseesi voit kysy\u00e4 hyvinvointiohjaajaltamme.\u00a0 Mika auttaa ja neuvoo liikunnan aloittamiseen, kokonaisvaltaiseen fyysiseen hyvinvointiin sek\u00e4 jaksamiseen liittyviss\u00e4 asioissa. Varaa oma henkil\u00f6kohtainen ohjausaikasi: Puh.\u00a0 +358 40 182 6341 S.posti mika.vettainen@ulapland.fi\u2026","rel":"","context":"Similar post","block_context":{"text":"Similar post","link":""},"img":{"alt_text":"","src":"https:\/\/i0.wp.com\/blogi.eoppimispalvelut.fi\/arjenituja\/files\/2016\/12\/bubble-1305738_1920-600x400.jpg?resize=350%2C200&ssl=1","width":350,"height":200,"srcset":"https:\/\/i0.wp.com\/blogi.eoppimispalvelut.fi\/arjenituja\/files\/2016\/12\/bubble-1305738_1920-600x400.jpg?resize=350%2C200&ssl=1 1x, https:\/\/i0.wp.com\/blogi.eoppimispalvelut.fi\/arjenituja\/files\/2016\/12\/bubble-1305738_1920-600x400.jpg?resize=525%2C300&ssl=1 1.5x"},"classes":[]},{"id":457,"url":"https:\/\/blogi.eoppimispalvelut.fi\/arjenituja\/","url_meta":{"origin":849,"position":4},"title":"Tervetuloa Arjen ituihin!","author":"Marko Meht\u00e4l\u00e4","date":"12.6.2018","format":false,"excerpt":"Omasta hyvinvoinnista huolehtimisella ja opiskelukyvyn yll\u00e4pit\u00e4misell\u00e4 on t\u00e4rke\u00e4 rooli niin opiskelussa kuin oppimisessakin. Arjen idut on Lapin korkeakoulujen hyvinvointipalveluiden vinkkipankki opiskelijoille. L\u00f6yd\u00e4t meid\u00e4t my\u00f6s Instagramista @lapinkorkeakoulukuraattorit. TULEVAT TAPAHTUMAT KURAATTOREIDEN NEUVONTA JA AJANVARAUS Korkeakoulun kuraattoreilta saat ohjausta ja neuvontaa erilaisissa opiskeluun ja hyvinvointiin liittyviss\u00e4 kysymyksiss\u00e4. Voit j\u00e4tt\u00e4\u00e4 yhteydenottopyynn\u00f6n s\u00e4hk\u00f6postitse: kuraattorit@luc.fi Kirjoita\u2026","rel":"","context":"Similar post","block_context":{"text":"Similar post","link":""},"img":{"alt_text":"Kuvassa nainen pitelee edess\u00e4\u00e4n, kaksin k\u00e4sin, s\u00e4detikkua.","src":"https:\/\/i0.wp.com\/blogi.eoppimispalvelut.fi\/arjenituja\/files\/2017\/01\/sparkler-677774_1280-600x400.jpg?resize=350%2C200&ssl=1","width":350,"height":200,"srcset":"https:\/\/i0.wp.com\/blogi.eoppimispalvelut.fi\/arjenituja\/files\/2017\/01\/sparkler-677774_1280-600x400.jpg?resize=350%2C200&ssl=1 1x, https:\/\/i0.wp.com\/blogi.eoppimispalvelut.fi\/arjenituja\/files\/2017\/01\/sparkler-677774_1280-600x400.jpg?resize=525%2C300&ssl=1 1.5x"},"classes":[]},{"id":869,"url":"https:\/\/blogi.eoppimispalvelut.fi\/arjenituja\/jannittaako\/","url_meta":{"origin":849,"position":5},"title":"J\u00c4NNITT\u00c4\u00c4K\u00d6?","author":"Maija T\u00f6rm\u00e4nen","date":"23.6.2020","format":false,"excerpt":"Apua! Perhosia vatsassa, suu kuivaa, huimaa, heikottaa, k\u00e4det hikoavat, syd\u00e4n tykytt\u00e4\u00e4! Kun j\u00e4nnitt\u00e4\u00e4, on vaikea keskitty\u00e4 muuhun kuin kropan tuntemuksiin. Ajatukset ruokkivat j\u00e4nnityst\u00e4: \u201dapua, en osaa\u201d, \u201dapua, mokaan ja kaikki nauraa\u201d. Silloin tekee mieli paeta ja olla menem\u00e4tt\u00e4 koko tilanteeseen, keksi\u00e4 ehk\u00e4 jokin tekosyy tilanteen v\u00e4ltt\u00e4miseksi. Tuttuja tuntemuksia suurimmalle osalle\u2026","rel":"","context":"Similar post","block_context":{"text":"Similar post","link":""},"img":{"alt_text":"","src":"https:\/\/i0.wp.com\/blogi.eoppimispalvelut.fi\/arjenituja\/files\/2016\/12\/animal-1850186_1920-600x399.jpg?resize=350%2C200&ssl=1","width":350,"height":200,"srcset":"https:\/\/i0.wp.com\/blogi.eoppimispalvelut.fi\/arjenituja\/files\/2016\/12\/animal-1850186_1920-600x399.jpg?resize=350%2C200&ssl=1 1x, https:\/\/i0.wp.com\/blogi.eoppimispalvelut.fi\/arjenituja\/files\/2016\/12\/animal-1850186_1920-600x399.jpg?resize=525%2C300&ssl=1 1.5x"},"classes":[]}],"_links":{"self":[{"href":"https:\/\/blogi.eoppimispalvelut.fi\/arjenituja\/wp-json\/wp\/v2\/pages\/849","targetHints":{"allow":["GET"]}}],"collection":[{"href":"https:\/\/blogi.eoppimispalvelut.fi\/arjenituja\/wp-json\/wp\/v2\/pages"}],"about":[{"href":"https:\/\/blogi.eoppimispalvelut.fi\/arjenituja\/wp-json\/wp\/v2\/types\/page"}],"author":[{"embeddable":true,"href":"https:\/\/blogi.eoppimispalvelut.fi\/arjenituja\/wp-json\/wp\/v2\/users\/4413"}],"replies":[{"embeddable":true,"href":"https:\/\/blogi.eoppimispalvelut.fi\/arjenituja\/wp-json\/wp\/v2\/comments?post=849"}],"version-history":[{"count":385,"href":"https:\/\/blogi.eoppimispalvelut.fi\/arjenituja\/wp-json\/wp\/v2\/pages\/849\/revisions"}],"predecessor-version":[{"id":2587,"href":"https:\/\/blogi.eoppimispalvelut.fi\/arjenituja\/wp-json\/wp\/v2\/pages\/849\/revisions\/2587"}],"wp:attachment":[{"href":"https:\/\/blogi.eoppimispalvelut.fi\/arjenituja\/wp-json\/wp\/v2\/media?parent=849"}],"curies":[{"name":"wp","href":"https:\/\/api.w.org\/{rel}","templated":true}]}}