{"id":55,"date":"2017-12-08T17:32:53","date_gmt":"2017-12-08T15:32:53","guid":{"rendered":"https:\/\/blogi.eoppimispalvelut.fi\/blogik72t17s11\/?page_id=55"},"modified":"2017-12-11T14:16:04","modified_gmt":"2017-12-11T12:16:04","slug":"lahteet","status":"publish","type":"page","link":"https:\/\/blogi.eoppimispalvelut.fi\/blogik72t17s11\/lahteet\/","title":{"rendered":"6. L\u00e4hteet"},"content":{"rendered":"<p>\u2022 Abdelhamid P., Juntunen A. &amp; Koskinen L. Monikulttuurinen hoitoty\u00f6. WSOY, 2010.<br \/>\n\u2022 Alitolppa-Niitamo A., F\u00e5gel S. &amp; S\u00e4\u00e4v\u00e4l\u00e4 M. (toim.) Olemme muuttaneet \u2013 ja kotoudumme. Maahan muuttaneen kohtaaminen ammatillisessa ty\u00f6ss\u00e4. V\u00e4est\u00f6liitto 2013. Viitattu 4.12.2017. https:\/\/vaestoliitto-fi-bin.directo.fi\/@Bin\/f8a8db2c9289bd408279a82ee9160056\/1502081737\/application\/pdf\/4715338\/Olemme%20muuttaneet%20-%20ja%20kotoudumme_final%202608%20%283%29.pdf#page=133<br \/>\n\u2022 Kankare H., Hautala-Jylh\u00e4 P-L. &amp; Munnukka T. Tammi, Helsinki 2004.<br \/>\n\u2022 Keituri T. Monikulttuurisuus ja eettisyys terveydenhuollossa \u2013 Katsaus hoitoalan tutkimuksiin 2005. Viitattu 4.12.2017 https:\/\/www.tehy.fi\/fi\/system\/files\/mfiles\/julkaisu\/2005\/2005_f4_sisus_monikulttuurisuus_ja_eettisyys_terveydenhuollossa._katsaus_hoitoalan_tutkimuksiin_id_1909.pdf<br \/>\n\u2022 Kuva 1. etusivu.\u00a0www.aldreomsorgsbloggen.se\/wp-content\/uploads\/2010\/06\/hyva_ika-web.jpg. Viitattu 8.12.2017.<br \/>\n\u2022 Kuva 2. vuorovaikutus.\u00a0http:\/\/www.posiva.fi\/files\/3905\/Tervehdys_vaaka_web.jpg. Viitattu 5.12.2017<br \/>\n\u2022 Leino-Kilpi H.&amp; V\u00e4lim\u00e4ki M. Etiikka hoitoty\u00f6ss\u00e4. WSOY, Helsinki 2003.<br \/>\n\u2022 Louhilala P.&amp; Launis V. Parantamisen ja hoitamisen etiikka. Edita, Helsinki 2009.<br \/>\n\u2022 Mattila K., Arvostava kohtaaminen arjessa, auttamisty\u00f6ss\u00e4 ja ty\u00f6yhteis\u00f6ss\u00e4. WS Bookwell Oy, Juva 2007.<br \/>\n\u2022 M\u00e4kisalo-Ropponen M. Vuorovaikutustaidot sosiaali- ja terveysalalla. SanomaPro Helsinki, 2012.<br \/>\n\u2022 M\u00f6nkk\u00f6nen K. Vuorovaikutus, Dialoginen asiakasty\u00f6. Edita Prima Oy, Helsinki 2007.<br \/>\n\u2022 Niemi T. Nietosvuori L., Virikko, H., Hyvinvointialan viestint\u00e4. Edita, Helsinki 2006.<br \/>\n\u2022 Rautava-Nurmi H., Westerg\u00e5rd A., Henttonen T., Ojala M. &amp; Vuorinen S. Hoitoty\u00f6n taidot ja toiminnot, 2012 &amp; 2015. Sanoma Pro Oy, Helsinki.<br \/>\n\u2022 Silvennoinen M. Vuorovaikutuksen avaimet. Taletum, Helsinki 2004.<\/p>\n","protected":false},"excerpt":{"rendered":"<p>\u2022 Abdelhamid P., Juntunen A. &amp; Koskinen L. Monikulttuurinen hoitoty\u00f6. WSOY, 2010. \u2022 Alitolppa-Niitamo A., F\u00e5gel S. &amp; S\u00e4\u00e4v\u00e4l\u00e4 M. (toim.) Olemme muuttaneet \u2013 ja kotoudumme. Maahan muuttaneen kohtaaminen ammatillisessa ty\u00f6ss\u00e4. V\u00e4est\u00f6liitto 2013. Viitattu 4.12.2017. https:\/\/vaestoliitto-fi-bin.directo.fi\/@Bin\/f8a8db2c9289bd408279a82ee9160056\/1502081737\/application\/pdf\/4715338\/Olemme%20muuttaneet%20-%20ja%20kotoudumme_final%202608%20%283%29.pdf#page=133 \u2022 Kankare H., Hautala-Jylh\u00e4 P-L. &amp; Munnukka T. Tammi, Helsinki 2004. \u2022 Keituri T. Monikulttuurisuus ja eettisyys terveydenhuollossa \u2013 &hellip; <a href=\"https:\/\/blogi.eoppimispalvelut.fi\/blogik72t17s11\/lahteet\/\" class=\"more-link\">Continue reading <span class=\"screen-reader-text\">6. L\u00e4hteet<\/span> <span class=\"meta-nav\">&rarr;<\/span><\/a><\/p>\n","protected":false},"author":2426,"featured_media":0,"parent":0,"menu_order":0,"comment_status":"closed","ping_status":"closed","template":"","meta":{"footnotes":""},"class_list":["post-55","page","type-page","status-publish","hentry"],"_links":{"self":[{"href":"https:\/\/blogi.eoppimispalvelut.fi\/blogik72t17s11\/wp-json\/wp\/v2\/pages\/55","targetHints":{"allow":["GET"]}}],"collection":[{"href":"https:\/\/blogi.eoppimispalvelut.fi\/blogik72t17s11\/wp-json\/wp\/v2\/pages"}],"about":[{"href":"https:\/\/blogi.eoppimispalvelut.fi\/blogik72t17s11\/wp-json\/wp\/v2\/types\/page"}],"author":[{"embeddable":true,"href":"https:\/\/blogi.eoppimispalvelut.fi\/blogik72t17s11\/wp-json\/wp\/v2\/users\/2426"}],"replies":[{"embeddable":true,"href":"https:\/\/blogi.eoppimispalvelut.fi\/blogik72t17s11\/wp-json\/wp\/v2\/comments?post=55"}],"version-history":[{"count":5,"href":"https:\/\/blogi.eoppimispalvelut.fi\/blogik72t17s11\/wp-json\/wp\/v2\/pages\/55\/revisions"}],"predecessor-version":[{"id":130,"href":"https:\/\/blogi.eoppimispalvelut.fi\/blogik72t17s11\/wp-json\/wp\/v2\/pages\/55\/revisions\/130"}],"wp:attachment":[{"href":"https:\/\/blogi.eoppimispalvelut.fi\/blogik72t17s11\/wp-json\/wp\/v2\/media?parent=55"}],"curies":[{"name":"wp","href":"https:\/\/api.w.org\/{rel}","templated":true}]}}