{"id":87,"date":"2019-02-11T14:35:27","date_gmt":"2019-02-11T12:35:27","guid":{"rendered":"https:\/\/blogi.eoppimispalvelut.fi\/blogini\/?page_id=87"},"modified":"2019-03-23T09:58:31","modified_gmt":"2019-03-23T07:58:31","slug":"tervetuloa-sivuilleni","status":"publish","type":"page","link":"https:\/\/blogi.eoppimispalvelut.fi\/blogini\/","title":{"rendered":"Tervetuloa sivuilleni"},"content":{"rendered":"<p>Kiva ett\u00e4 l\u00f6ysit perille!<\/p>\n<p>Olen Jari Martikainen poissa Lohjalta, nykyisin Rovaniemell\u00e4 asusteleva. Sivustolleni olen koonnut blogikirjoituksiani ja muita ajatuksia \u201dDigiassari-valmennuksen\u201d ajalta, jolloin sis\u00e4inen digimin\u00e4ni alkoi hahmottumaan. Mik\u00e4li blogeissa ei ole tosin sanottu, niin niiss\u00e4 k\u00e4ytettyjen kuvien l\u00e4hteen\u00e4 on ollut https:\/\/picjumbo.com\/ , jonka sivustolla olevat kuvat ovat vapaasti k\u00e4ytett\u00e4viss\u00e4.<\/p>\n<p>Sivustolta l\u00f6yd\u00e4t my\u00f6s tietoja ja ty\u00f6n\u00e4ytteit\u00e4 matkan varrella kertyneest\u00e4 osaamisestani ja kokemuksestani, jos vaikka niiden pohjalta n\u00e4kisit minulle olevan k\u00e4ytt\u00f6\u00e4 jossakin haasteellisessa ja mielenkiintoisessa ty\u00f6teht\u00e4v\u00e4ss\u00e4. Yhteydenottoasi odotellen,<\/p>\n<p>Jari<\/p>\n","protected":false},"excerpt":{"rendered":"<p>Kiva ett\u00e4 l\u00f6ysit perille! Olen Jari Martikainen poissa Lohjalta, nykyisin Rovaniemell\u00e4 asusteleva. Sivustolleni olen koonnut blogikirjoituksiani ja muita ajatuksia \u201dDigiassari-valmennuksen\u201d ajalta, jolloin sis\u00e4inen digimin\u00e4ni alkoi hahmottumaan. Mik\u00e4li blogeissa ei ole tosin sanottu, niin niiss\u00e4 k\u00e4ytettyjen kuvien l\u00e4hteen\u00e4 on ollut https:\/\/picjumbo.com\/ , jonka sivustolla olevat kuvat ovat vapaasti k\u00e4ytett\u00e4viss\u00e4. Sivustolta l\u00f6yd\u00e4t my\u00f6s tietoja ja ty\u00f6n\u00e4ytteit\u00e4 matkan &hellip; <\/p>\n<p><a class=\"more-link btn\" href=\"https:\/\/blogi.eoppimispalvelut.fi\/blogini\/\">Jatka lukemista<\/a><\/p>\n","protected":false},"author":3624,"featured_media":0,"parent":0,"menu_order":1,"comment_status":"closed","ping_status":"closed","template":"","meta":{"_monsterinsights_skip_tracking":false,"_monsterinsights_sitenote_active":false,"_monsterinsights_sitenote_note":"","_monsterinsights_sitenote_category":0,"footnotes":""},"class_list":["post-87","page","type-page","status-publish","hentry","nodate","item-wrap"],"_links":{"self":[{"href":"https:\/\/blogi.eoppimispalvelut.fi\/blogini\/wp-json\/wp\/v2\/pages\/87","targetHints":{"allow":["GET"]}}],"collection":[{"href":"https:\/\/blogi.eoppimispalvelut.fi\/blogini\/wp-json\/wp\/v2\/pages"}],"about":[{"href":"https:\/\/blogi.eoppimispalvelut.fi\/blogini\/wp-json\/wp\/v2\/types\/page"}],"author":[{"embeddable":true,"href":"https:\/\/blogi.eoppimispalvelut.fi\/blogini\/wp-json\/wp\/v2\/users\/3624"}],"replies":[{"embeddable":true,"href":"https:\/\/blogi.eoppimispalvelut.fi\/blogini\/wp-json\/wp\/v2\/comments?post=87"}],"version-history":[{"count":4,"href":"https:\/\/blogi.eoppimispalvelut.fi\/blogini\/wp-json\/wp\/v2\/pages\/87\/revisions"}],"predecessor-version":[{"id":300,"href":"https:\/\/blogi.eoppimispalvelut.fi\/blogini\/wp-json\/wp\/v2\/pages\/87\/revisions\/300"}],"wp:attachment":[{"href":"https:\/\/blogi.eoppimispalvelut.fi\/blogini\/wp-json\/wp\/v2\/media?parent=87"}],"curies":[{"name":"wp","href":"https:\/\/api.w.org\/{rel}","templated":true}]}}