{"id":62,"date":"2019-08-13T13:02:48","date_gmt":"2019-08-13T10:02:48","guid":{"rendered":"https:\/\/blogi.eoppimispalvelut.fi\/digiajantyohyvinvointi\/?page_id=62"},"modified":"2022-01-11T14:52:32","modified_gmt":"2022-01-11T12:52:32","slug":"etusivu","status":"publish","type":"page","link":"https:\/\/blogi.eoppimispalvelut.fi\/digiajantyohyvinvointi\/","title":{"rendered":"Digiajan ty\u00f6hyvinvointia kehitt\u00e4m\u00e4ss\u00e4!"},"content":{"rendered":"<div class=\"_2cuy _3dgx _2vxa\">\n<p><strong>T\u00e4t\u00e4 sivustoa on yll\u00e4pidetty vuoden 2021 loppuun p\u00e4\u00e4ttyneen Digiajan ty\u00f6hyvinvointi -hankkeen toimesta eik\u00e4 sit\u00e4 en\u00e4\u00e4 p\u00e4ivitet\u00e4.<\/strong><\/p>\n<p>Digitaalisuus avaa paljon mahdollisuuksia ty\u00f6hyvinvoinnin kehitt\u00e4miseen, kun\u00a0 ty\u00f6hyvinvoinnin ja ty\u00f6kyvyn johtamisessa siirryt\u00e4\u00e4n yh\u00e4 enemm\u00e4n edist\u00e4v\u00e4\u00e4n ja ennakoivaan ty\u00f6h\u00f6n. T\u00f6iden sis\u00e4lt\u00f6 muuttuu mielekk\u00e4\u00e4mm\u00e4ksi, kun kasvava osa rutiineista voidaan j\u00e4tt\u00e4\u00e4 koneiden hoidettavaksi. Toisaalta digitalisaation kehitykseen liittyy my\u00f6s erilaisten seurantav\u00e4lineiden kehittyminen, jolloin sek\u00e4 fyysisen ett\u00e4 psyykkisen kuormituksen seuranta mahdollistuu. Uudenlaiset ratkaisut tuottavat muun muassa reaaliaikaista tietoa jaksamisen tilasta ja osaavat arvioida sit\u00e4 my\u00f6s ennakolta. Ty\u00f6n ja sen tekemisen tapojen muutoksen lis\u00e4ksi muuttuvat my\u00f6s ty\u00f6hyvinvoinnin merkitys ja vaatimukset sen johtamiselle. Tietoty\u00f6 ja digiaika asettavat erilaisia haasteita jaksamiselle ja ty\u00f6kyvyn yll\u00e4pit\u00e4miselle.<\/p>\n<p>Hankkeessa kehitimme uusia ja uudistimme vanhoja ty\u00f6hyvinvoinnin malleja, jotka tukevat digitalisaation kautta uudistuvan ty\u00f6el\u00e4m\u00e4n kehitt\u00e4mist\u00e4. Olemme koonneet sivustolle aineistoa ja tietoa digiajan ty\u00f6hyvinvoinnista sek\u00e4 tuottaneet asiantuntijakirjoituksia digiajan ty\u00f6hyvinvoinnin ilmi\u00f6ist\u00e4.Tervetuloa hy\u00f6dynt\u00e4m\u00e4\u00e4n kokoamaamme materiaalia.<\/p>\n<\/div>\n","protected":false},"excerpt":{"rendered":"<p>T\u00e4t\u00e4 sivustoa on yll\u00e4pidetty vuoden 2021 loppuun p\u00e4\u00e4ttyneen Digiajan ty\u00f6hyvinvointi -hankkeen toimesta eik\u00e4 sit\u00e4 en\u00e4\u00e4 p\u00e4ivitet\u00e4. Digitaalisuus avaa paljon mahdollisuuksia ty\u00f6hyvinvoinnin kehitt\u00e4miseen, kun\u00a0 ty\u00f6hyvinvoinnin ja ty\u00f6kyvyn johtamisessa siirryt\u00e4\u00e4n yh\u00e4 enemm\u00e4n edist\u00e4v\u00e4\u00e4n ja ennakoivaan ty\u00f6h\u00f6n. T\u00f6iden sis\u00e4lt\u00f6 muuttuu mielekk\u00e4\u00e4mm\u00e4ksi, kun kasvava &hellip; <a href=\"https:\/\/blogi.eoppimispalvelut.fi\/digiajantyohyvinvointi\/\">Continue reading <span class=\"meta-nav\">&rarr;<\/span><\/a><\/p>\n","protected":false},"author":3765,"featured_media":0,"parent":0,"menu_order":0,"comment_status":"closed","ping_status":"closed","template":"sidebar-page.php","meta":{"footnotes":""},"class_list":["post-62","page","type-page","status-publish","hentry"],"_links":{"self":[{"href":"https:\/\/blogi.eoppimispalvelut.fi\/digiajantyohyvinvointi\/wp-json\/wp\/v2\/pages\/62","targetHints":{"allow":["GET"]}}],"collection":[{"href":"https:\/\/blogi.eoppimispalvelut.fi\/digiajantyohyvinvointi\/wp-json\/wp\/v2\/pages"}],"about":[{"href":"https:\/\/blogi.eoppimispalvelut.fi\/digiajantyohyvinvointi\/wp-json\/wp\/v2\/types\/page"}],"author":[{"embeddable":true,"href":"https:\/\/blogi.eoppimispalvelut.fi\/digiajantyohyvinvointi\/wp-json\/wp\/v2\/users\/3765"}],"replies":[{"embeddable":true,"href":"https:\/\/blogi.eoppimispalvelut.fi\/digiajantyohyvinvointi\/wp-json\/wp\/v2\/comments?post=62"}],"version-history":[{"count":13,"href":"https:\/\/blogi.eoppimispalvelut.fi\/digiajantyohyvinvointi\/wp-json\/wp\/v2\/pages\/62\/revisions"}],"predecessor-version":[{"id":323,"href":"https:\/\/blogi.eoppimispalvelut.fi\/digiajantyohyvinvointi\/wp-json\/wp\/v2\/pages\/62\/revisions\/323"}],"wp:attachment":[{"href":"https:\/\/blogi.eoppimispalvelut.fi\/digiajantyohyvinvointi\/wp-json\/wp\/v2\/media?parent=62"}],"curies":[{"name":"wp","href":"https:\/\/api.w.org\/{rel}","templated":true}]}}