{"id":1175,"date":"2025-05-05T10:14:20","date_gmt":"2025-05-05T07:14:20","guid":{"rendered":"https:\/\/blogi.eoppimispalvelut.fi\/ehospitality\/?page_id=1175"},"modified":"2026-03-30T15:56:55","modified_gmt":"2026-03-30T12:56:55","slug":"uutiskirjeet","status":"publish","type":"page","link":"https:\/\/blogi.eoppimispalvelut.fi\/ehospitality\/uutiskirjeet\/","title":{"rendered":"Uutiskirjeet"},"content":{"rendered":"\n<h2 class=\"wp-block-heading\"><a href=\"https:\/\/mailchi.mp\/ab1600564921\/tilaa-uutiskirjeemme\" target=\"_blank\" rel=\"noreferrer noopener\"><strong>Tilaa uutiskirjeemme t\u00e4st\u00e4 linkist\u00e4<\/strong><\/a>.<\/h2>\n\n\n\n<ul class=\"wp-block-list\">\n<li> Saat ensimm\u00e4isen\u00e4 tiet\u00e4\u00e4 AImama-hankkeen tilaisuuksista, tuloksista ja vinkeist\u00e4!<\/li>\n<\/ul>\n\n\n\n<p>Lue t\u00e4\u00e4lt\u00e4 AImama-hankkeen julkaistut uutiskirjeet.<\/p>\n\n\n\n<p><img loading=\"lazy\" decoding=\"async\" width=\"12\" height=\"12\" class=\"wp-image-1129\" style=\"width: 12px\" src=\"https:\/\/blogi.eoppimispalvelut.fi\/ehospitality\/files\/2025\/02\/Logo-mini-1.png\" alt=\"\"> 1. uutiskirje &#8211; huhtikuu 2025 <a href=\"https:\/\/mailchi.mp\/37ba4fc7be32\/lapin-amkin-tekolyhanke-esittaytyy\" target=\"_blank\" rel=\"noreferrer noopener\">Lapin AMKin teko\u00e4lyhanke esitt\u00e4ytyy<\/a><\/p>\n\n\n\n<p><img loading=\"lazy\" decoding=\"async\" width=\"12\" height=\"12\" class=\"wp-image-1129\" style=\"width: 12px\" src=\"https:\/\/blogi.eoppimispalvelut.fi\/ehospitality\/files\/2025\/02\/Logo-mini-1.png\" alt=\"\"> 2. uutiskirje &#8211; toukokuu 2025 <a href=\"https:\/\/mailchi.mp\/1c590b2b2d79\/kuvia-kursseja-ja-kohtaamisia-aimama-uutisia\">Kuvia, kursseja ja kohtaamisia \u2013 AImama uutisia<\/a><\/p>\n\n\n\n<p><img loading=\"lazy\" decoding=\"async\" width=\"12\" height=\"12\" class=\"wp-image-1129\" style=\"width: 12px\" src=\"https:\/\/blogi.eoppimispalvelut.fi\/ehospitality\/files\/2025\/02\/Logo-mini-1.png\" alt=\"\"> 3. uutiskirje &#8211; kes\u00e4kuu 2025 <a href=\"https:\/\/mailchi.mp\/c63424c276af\/kuvia-kursseja-ja-kohtaamisia-aimama-uutisia-9297694\" target=\"_blank\" rel=\"noreferrer noopener\">Kev\u00e4\u00e4n teko\u00e4lykuulumisia ja uusia tuulia \u2013 AImama uutisia<\/a><\/p>\n\n\n\n<p><img loading=\"lazy\" decoding=\"async\" width=\"12\" height=\"12\" class=\"wp-image-1129\" style=\"width: 12px\" src=\"https:\/\/blogi.eoppimispalvelut.fi\/ehospitality\/files\/2025\/02\/Logo-mini-1.png\" alt=\"\"> 4. uutiskirje &#8211; elokuu 2025 <a href=\"https:\/\/mailchi.mp\/c9e86feb2c9e\/kesan-tekoalynostoja-aimama-uutisia\" target=\"_blank\" rel=\"noreferrer noopener\">Kes\u00e4n teko\u00e4lynostoja \u2013 AImama uutisia<\/a> <\/p>\n\n\n\n<p><img loading=\"lazy\" decoding=\"async\" width=\"12\" height=\"12\" class=\"wp-image-1129\" style=\"width: 12px\" src=\"https:\/\/blogi.eoppimispalvelut.fi\/ehospitality\/files\/2025\/02\/Logo-mini-1.png\" alt=\"\"> 5. uutiskirje &#8211; syyskuu 2025 <a data-type=\"link\" data-id=\"https:\/\/mailchi.mp\/2d43908d2ff4\/osallistu-syyskuun-tekoalytapahtumiimme-aimama-uutisia\" href=\"https:\/\/mailchi.mp\/2d43908d2ff4\/osallistu-syyskuun-tekoalytapahtumiimme-aimama-uutisia\" target=\"_blank\" rel=\"noreferrer noopener\">Osallistu syyskuun tapahtumiimme &#8212; AImama uutisia<\/a> <\/p>\n\n\n\n<p><img loading=\"lazy\" decoding=\"async\" width=\"12\" height=\"12\" class=\"wp-image-1129\" style=\"width: 12px\" src=\"https:\/\/blogi.eoppimispalvelut.fi\/ehospitality\/files\/2025\/02\/Logo-mini-1.png\" alt=\"\"> 6. uutiskirje &#8211; lokakuu 2025 <a href=\"https:\/\/mailchi.mp\/ae4f783d6377\/irti-ankeista-toista-aimama-uutisia\" target=\"_blank\" rel=\"noreferrer noopener\">Irti ankeista t\u00f6ist\u00e4 ja kohti teko\u00e4lyarkea \u2013 AImama uutisia <\/a><\/p>\n\n\n\n<p><img loading=\"lazy\" decoding=\"async\" width=\"12\" height=\"12\" class=\"wp-image-1129\" style=\"width: 12px\" src=\"https:\/\/blogi.eoppimispalvelut.fi\/ehospitality\/files\/2025\/02\/Logo-mini-1.png\" alt=\"\"> 7. uutiskirje &#8211; marraskuu 2025<a href=\"https:\/\/mailchi.mp\/f3cf582e0072\/kaamos-tekoaly-kestava-matkailu-aimama-uutisia\" target=\"_blank\" rel=\"noreferrer noopener\">Kaamos, teko\u00e4ly ja kest\u00e4v\u00e4 matkailu \u2013 AImama uutisia<\/a><\/p>\n\n\n\n<p><img loading=\"lazy\" decoding=\"async\" width=\"12\" height=\"12\" class=\"wp-image-1129\" style=\"width: 12px\" src=\"https:\/\/blogi.eoppimispalvelut.fi\/ehospitality\/files\/2025\/02\/Logo-mini-1.png\" alt=\"\"> 8. uutiskirje &#8211; joulukuu 2025 <a href=\"https:\/\/mailchi.mp\/8466d81880a0\/tekoly-matkailua-ja-joulun-tunnelmaa-aimaman-vuoden-viimeiset-oivallukset\" target=\"_blank\" rel=\"noreferrer noopener\">Teko\u00e4ly\u00e4, matkailua ja joulun tunnelmaa &#8211; AImaman vuoden viimeiset oivallukset<\/a> <\/p>\n\n\n\n<p><img loading=\"lazy\" decoding=\"async\" width=\"12\" height=\"12\" class=\"wp-image-1129\" style=\"width: 12px\" src=\"https:\/\/blogi.eoppimispalvelut.fi\/ehospitality\/files\/2025\/02\/Logo-mini-1.png\" alt=\"\"> 9. uutiskirje &#8211; helmikuu 2026 <a href=\"https:\/\/mailchi.mp\/3184a625733d\/mita-kuuluu-matkailun-tekoalylle-helmikuussa-aimama-uutisia\" target=\"_blank\" rel=\"noreferrer noopener\">Mit\u00e4 kuuluu matkailun teko\u00e4lylle helmikuussa? AImama-uutisia<\/a><\/p>\n\n\n\n<p><img loading=\"lazy\" decoding=\"async\" width=\"12\" height=\"12\" class=\"wp-image-1129\" style=\"width: 12px\" src=\"https:\/\/blogi.eoppimispalvelut.fi\/ehospitality\/files\/2025\/02\/Logo-mini-1.png\" alt=\"\"> 10. uutiskirje &#8211; maaliskuu 2026 <a href=\"https:\/\/mailchi.mp\/ff35f7eac85e\/nappaa-maaliskuun-ideat-matkailun-tekoalyyn-aimama-uutisia\" target=\"_blank\" rel=\"noreferrer noopener\">Nappaa maaliskuun ideat matkailun teko\u00e4lyyn &#8211; AImama uutisia <\/a><\/p>\n\n\n\n<p><\/p>\n","protected":false},"excerpt":{"rendered":"<p>Tilaa uutiskirjeemme t\u00e4st\u00e4 linkist\u00e4. Lue t\u00e4\u00e4lt\u00e4 AImama-hankkeen julkaistut uutiskirjeet. 1. uutiskirje &#8211; huhtikuu 2025 Lapin AMKin teko\u00e4lyhanke esitt\u00e4ytyy 2. uutiskirje &#8211; toukokuu 2025 Kuvia, kursseja ja kohtaamisia \u2013 AImama uutisia 3. uutiskirje &#8211; kes\u00e4kuu 2025 Kev\u00e4\u00e4n teko\u00e4lykuulumisia ja uusia tuulia \u2013 AImama uutisia 4. uutiskirje &#8211; elokuu 2025 Kes\u00e4n teko\u00e4lynostoja \u2013 AImama uutisia 5. uutiskirje [&hellip;]<\/p>\n","protected":false},"author":1712,"featured_media":0,"parent":0,"menu_order":0,"comment_status":"closed","ping_status":"closed","template":"","meta":{"_monsterinsights_skip_tracking":false,"_monsterinsights_sitenote_active":false,"_monsterinsights_sitenote_note":"","_monsterinsights_sitenote_category":0,"footnotes":""},"class_list":["post-1175","page","type-page","status-publish","hentry"],"yoast_head":"<!-- This site is optimized with the Yoast SEO plugin v27.1.1 - https:\/\/yoast.com\/product\/yoast-seo-wordpress\/ -->\n<title>Uutiskirjeet - Teko\u00e4ly matkailun myynti- ja markkinointiprosessien tukena<\/title>\n<meta name=\"robots\" content=\"index, follow, max-snippet:-1, max-image-preview:large, max-video-preview:-1\" \/>\n<link rel=\"canonical\" href=\"https:\/\/blogi.eoppimispalvelut.fi\/ehospitality\/uutiskirjeet\/\" \/>\n<meta property=\"og:locale\" content=\"fi_FI\" \/>\n<meta property=\"og:type\" content=\"article\" \/>\n<meta property=\"og:title\" content=\"Uutiskirjeet - Teko\u00e4ly matkailun myynti- ja markkinointiprosessien tukena\" \/>\n<meta property=\"og:description\" content=\"Tilaa uutiskirjeemme t\u00e4st\u00e4 linkist\u00e4. Lue t\u00e4\u00e4lt\u00e4 AImama-hankkeen julkaistut uutiskirjeet. 1. uutiskirje &#8211; huhtikuu 2025 Lapin AMKin teko\u00e4lyhanke esitt\u00e4ytyy 2. uutiskirje &#8211; toukokuu 2025 Kuvia, kursseja ja kohtaamisia \u2013 AImama uutisia 3. uutiskirje &#8211; kes\u00e4kuu 2025 Kev\u00e4\u00e4n teko\u00e4lykuulumisia ja uusia tuulia \u2013 AImama uutisia 4. uutiskirje &#8211; elokuu 2025 Kes\u00e4n teko\u00e4lynostoja \u2013 AImama uutisia 5. uutiskirje [&hellip;]\" \/>\n<meta property=\"og:url\" content=\"https:\/\/blogi.eoppimispalvelut.fi\/ehospitality\/uutiskirjeet\/\" \/>\n<meta property=\"og:site_name\" content=\"Teko\u00e4ly matkailun myynti- ja markkinointiprosessien tukena\" \/>\n<meta property=\"article:modified_time\" content=\"2026-03-30T12:56:55+00:00\" \/>\n<meta property=\"og:image\" content=\"https:\/\/blogi.eoppimispalvelut.fi\/ehospitality\/files\/2025\/02\/Logo-mini-1.png\" \/>\n\t<meta property=\"og:image:width\" content=\"12\" \/>\n\t<meta property=\"og:image:height\" content=\"12\" \/>\n\t<meta property=\"og:image:type\" content=\"image\/png\" \/>\n<meta name=\"twitter:card\" content=\"summary_large_image\" \/>\n<meta name=\"twitter:label1\" content=\"Est. reading time\" \/>\n\t<meta name=\"twitter:data1\" content=\"3 minuuttia\" \/>\n<script type=\"application\/ld+json\" class=\"yoast-schema-graph\">{\"@context\":\"https:\/\/schema.org\",\"@graph\":[{\"@type\":\"WebPage\",\"@id\":\"https:\/\/blogi.eoppimispalvelut.fi\/ehospitality\/uutiskirjeet\/\",\"url\":\"https:\/\/blogi.eoppimispalvelut.fi\/ehospitality\/uutiskirjeet\/\",\"name\":\"Uutiskirjeet - Teko\u00e4ly matkailun myynti- ja markkinointiprosessien tukena\",\"isPartOf\":{\"@id\":\"https:\/\/blogi.eoppimispalvelut.fi\/ehospitality\/#website\"},\"primaryImageOfPage\":{\"@id\":\"https:\/\/blogi.eoppimispalvelut.fi\/ehospitality\/uutiskirjeet\/#primaryimage\"},\"image\":{\"@id\":\"https:\/\/blogi.eoppimispalvelut.fi\/ehospitality\/uutiskirjeet\/#primaryimage\"},\"thumbnailUrl\":\"https:\/\/blogi.eoppimispalvelut.fi\/ehospitality\/files\/2025\/02\/Logo-mini-1.png\",\"datePublished\":\"2025-05-05T07:14:20+00:00\",\"dateModified\":\"2026-03-30T12:56:55+00:00\",\"breadcrumb\":{\"@id\":\"https:\/\/blogi.eoppimispalvelut.fi\/ehospitality\/uutiskirjeet\/#breadcrumb\"},\"inLanguage\":\"fi\",\"potentialAction\":[{\"@type\":\"ReadAction\",\"target\":[\"https:\/\/blogi.eoppimispalvelut.fi\/ehospitality\/uutiskirjeet\/\"]}]},{\"@type\":\"ImageObject\",\"inLanguage\":\"fi\",\"@id\":\"https:\/\/blogi.eoppimispalvelut.fi\/ehospitality\/uutiskirjeet\/#primaryimage\",\"url\":\"https:\/\/blogi.eoppimispalvelut.fi\/ehospitality\/files\/2025\/02\/Logo-mini-1.png\",\"contentUrl\":\"https:\/\/blogi.eoppimispalvelut.fi\/ehospitality\/files\/2025\/02\/Logo-mini-1.png\",\"width\":12,\"height\":12},{\"@type\":\"BreadcrumbList\",\"@id\":\"https:\/\/blogi.eoppimispalvelut.fi\/ehospitality\/uutiskirjeet\/#breadcrumb\",\"itemListElement\":[{\"@type\":\"ListItem\",\"position\":1,\"name\":\"Home\",\"item\":\"https:\/\/blogi.eoppimispalvelut.fi\/ehospitality\/\"},{\"@type\":\"ListItem\",\"position\":2,\"name\":\"Uutiskirjeet\"}]},{\"@type\":\"WebSite\",\"@id\":\"https:\/\/blogi.eoppimispalvelut.fi\/ehospitality\/#website\",\"url\":\"https:\/\/blogi.eoppimispalvelut.fi\/ehospitality\/\",\"name\":\"Teko\u00e4ly matkailun myynti- ja markkinointiprosessien tukena\",\"description\":\"\",\"potentialAction\":[{\"@type\":\"SearchAction\",\"target\":{\"@type\":\"EntryPoint\",\"urlTemplate\":\"https:\/\/blogi.eoppimispalvelut.fi\/ehospitality\/?s={search_term_string}\"},\"query-input\":{\"@type\":\"PropertyValueSpecification\",\"valueRequired\":true,\"valueName\":\"search_term_string\"}}],\"inLanguage\":\"fi\"}]}<\/script>\n<!-- \/ Yoast SEO plugin. -->","yoast_head_json":{"title":"Uutiskirjeet - Teko\u00e4ly matkailun myynti- ja markkinointiprosessien tukena","robots":{"index":"index","follow":"follow","max-snippet":"max-snippet:-1","max-image-preview":"max-image-preview:large","max-video-preview":"max-video-preview:-1"},"canonical":"https:\/\/blogi.eoppimispalvelut.fi\/ehospitality\/uutiskirjeet\/","og_locale":"fi_FI","og_type":"article","og_title":"Uutiskirjeet - Teko\u00e4ly matkailun myynti- ja markkinointiprosessien tukena","og_description":"Tilaa uutiskirjeemme t\u00e4st\u00e4 linkist\u00e4. Lue t\u00e4\u00e4lt\u00e4 AImama-hankkeen julkaistut uutiskirjeet. 1. uutiskirje &#8211; huhtikuu 2025 Lapin AMKin teko\u00e4lyhanke esitt\u00e4ytyy 2. uutiskirje &#8211; toukokuu 2025 Kuvia, kursseja ja kohtaamisia \u2013 AImama uutisia 3. uutiskirje &#8211; kes\u00e4kuu 2025 Kev\u00e4\u00e4n teko\u00e4lykuulumisia ja uusia tuulia \u2013 AImama uutisia 4. uutiskirje &#8211; elokuu 2025 Kes\u00e4n teko\u00e4lynostoja \u2013 AImama uutisia 5. uutiskirje [&hellip;]","og_url":"https:\/\/blogi.eoppimispalvelut.fi\/ehospitality\/uutiskirjeet\/","og_site_name":"Teko\u00e4ly matkailun myynti- ja markkinointiprosessien tukena","article_modified_time":"2026-03-30T12:56:55+00:00","og_image":[{"width":12,"height":12,"url":"https:\/\/blogi.eoppimispalvelut.fi\/ehospitality\/files\/2025\/02\/Logo-mini-1.png","type":"image\/png"}],"twitter_card":"summary_large_image","twitter_misc":{"Est. reading time":"3 minuuttia"},"schema":{"@context":"https:\/\/schema.org","@graph":[{"@type":"WebPage","@id":"https:\/\/blogi.eoppimispalvelut.fi\/ehospitality\/uutiskirjeet\/","url":"https:\/\/blogi.eoppimispalvelut.fi\/ehospitality\/uutiskirjeet\/","name":"Uutiskirjeet - Teko\u00e4ly matkailun myynti- ja markkinointiprosessien tukena","isPartOf":{"@id":"https:\/\/blogi.eoppimispalvelut.fi\/ehospitality\/#website"},"primaryImageOfPage":{"@id":"https:\/\/blogi.eoppimispalvelut.fi\/ehospitality\/uutiskirjeet\/#primaryimage"},"image":{"@id":"https:\/\/blogi.eoppimispalvelut.fi\/ehospitality\/uutiskirjeet\/#primaryimage"},"thumbnailUrl":"https:\/\/blogi.eoppimispalvelut.fi\/ehospitality\/files\/2025\/02\/Logo-mini-1.png","datePublished":"2025-05-05T07:14:20+00:00","dateModified":"2026-03-30T12:56:55+00:00","breadcrumb":{"@id":"https:\/\/blogi.eoppimispalvelut.fi\/ehospitality\/uutiskirjeet\/#breadcrumb"},"inLanguage":"fi","potentialAction":[{"@type":"ReadAction","target":["https:\/\/blogi.eoppimispalvelut.fi\/ehospitality\/uutiskirjeet\/"]}]},{"@type":"ImageObject","inLanguage":"fi","@id":"https:\/\/blogi.eoppimispalvelut.fi\/ehospitality\/uutiskirjeet\/#primaryimage","url":"https:\/\/blogi.eoppimispalvelut.fi\/ehospitality\/files\/2025\/02\/Logo-mini-1.png","contentUrl":"https:\/\/blogi.eoppimispalvelut.fi\/ehospitality\/files\/2025\/02\/Logo-mini-1.png","width":12,"height":12},{"@type":"BreadcrumbList","@id":"https:\/\/blogi.eoppimispalvelut.fi\/ehospitality\/uutiskirjeet\/#breadcrumb","itemListElement":[{"@type":"ListItem","position":1,"name":"Home","item":"https:\/\/blogi.eoppimispalvelut.fi\/ehospitality\/"},{"@type":"ListItem","position":2,"name":"Uutiskirjeet"}]},{"@type":"WebSite","@id":"https:\/\/blogi.eoppimispalvelut.fi\/ehospitality\/#website","url":"https:\/\/blogi.eoppimispalvelut.fi\/ehospitality\/","name":"Teko\u00e4ly matkailun myynti- ja markkinointiprosessien tukena","description":"","potentialAction":[{"@type":"SearchAction","target":{"@type":"EntryPoint","urlTemplate":"https:\/\/blogi.eoppimispalvelut.fi\/ehospitality\/?s={search_term_string}"},"query-input":{"@type":"PropertyValueSpecification","valueRequired":true,"valueName":"search_term_string"}}],"inLanguage":"fi"}]}},"_links":{"self":[{"href":"https:\/\/blogi.eoppimispalvelut.fi\/ehospitality\/wp-json\/wp\/v2\/pages\/1175","targetHints":{"allow":["GET"]}}],"collection":[{"href":"https:\/\/blogi.eoppimispalvelut.fi\/ehospitality\/wp-json\/wp\/v2\/pages"}],"about":[{"href":"https:\/\/blogi.eoppimispalvelut.fi\/ehospitality\/wp-json\/wp\/v2\/types\/page"}],"author":[{"embeddable":true,"href":"https:\/\/blogi.eoppimispalvelut.fi\/ehospitality\/wp-json\/wp\/v2\/users\/1712"}],"replies":[{"embeddable":true,"href":"https:\/\/blogi.eoppimispalvelut.fi\/ehospitality\/wp-json\/wp\/v2\/comments?post=1175"}],"version-history":[{"count":17,"href":"https:\/\/blogi.eoppimispalvelut.fi\/ehospitality\/wp-json\/wp\/v2\/pages\/1175\/revisions"}],"predecessor-version":[{"id":1538,"href":"https:\/\/blogi.eoppimispalvelut.fi\/ehospitality\/wp-json\/wp\/v2\/pages\/1175\/revisions\/1538"}],"wp:attachment":[{"href":"https:\/\/blogi.eoppimispalvelut.fi\/ehospitality\/wp-json\/wp\/v2\/media?parent=1175"}],"curies":[{"name":"wp","href":"https:\/\/api.w.org\/{rel}","templated":true}]}}