{"id":2,"date":"2022-01-26T12:54:33","date_gmt":"2022-01-26T10:54:33","guid":{"rendered":"https:\/\/blogi.eoppimispalvelut.fi\/ehospitality\/?page_id=2"},"modified":"2024-11-21T15:37:14","modified_gmt":"2024-11-21T13:37:14","slug":"hanke-esittelyt","status":"publish","type":"page","link":"https:\/\/blogi.eoppimispalvelut.fi\/ehospitality\/hanke-esittelyt\/","title":{"rendered":"ehospitality-hankkeet"},"content":{"rendered":"<div id=\"attachment_131\" style=\"width: 610px\" class=\"wp-caption alignnone\"><img loading=\"lazy\" decoding=\"async\" aria-describedby=\"caption-attachment-131\" class=\"wp-image-131 size-medium\" src=\"https:\/\/blogi.eoppimispalvelut.fi\/ehospitality\/files\/2022\/04\/Visuaalinen_mallinnus-600x338.png\" alt=\"\" width=\"600\" height=\"338\" srcset=\"https:\/\/blogi.eoppimispalvelut.fi\/ehospitality\/files\/2022\/04\/Visuaalinen_mallinnus-600x338.png 600w, https:\/\/blogi.eoppimispalvelut.fi\/ehospitality\/files\/2022\/04\/Visuaalinen_mallinnus-768x432.png 768w, https:\/\/blogi.eoppimispalvelut.fi\/ehospitality\/files\/2022\/04\/Visuaalinen_mallinnus.png 1280w\" sizes=\"auto, (max-width: 600px) 100vw, 600px\" \/><p id=\"caption-attachment-131\" class=\"wp-caption-text\">(c) Mika Kyl\u00e4nen<\/p><\/div>\n<h2>Etel\u00e4-Suomen rinnakkaishanke<img loading=\"lazy\" decoding=\"async\" class=\"wp-image-134 size-full alignright\" src=\"https:\/\/blogi.eoppimispalvelut.fi\/ehospitality\/files\/2022\/04\/Etela-Suomi_rahoittajan_logot-scaled-e1649251103654.jpg\" alt=\"\" width=\"397\" height=\"84\" \/><\/h2>\n<h3>e-Hospitality \u2013 digivieraanvaraisuutta ja -empatiaa digitaalisiin matkailupalvelukohtaamisiin uudessa normaalissa<\/h3>\n<p>Toimijat: LAB ammattikorkeakoulu ja Turun ammattikorkeakoulu<\/p>\n<p>Rahoitus: 464 531 \u20ac, EAKR 2014\u20132020. e-Hospitality rahoitetaan osana Euroopan unionin covid-19-pandemian johdosta toteuttamia toimia<\/p>\n<p>Hankkeen kesto: 1.8.2021\u201331.7.2023<\/p>\n<p>Hankkeen tavoitteet: &#8221;e-Hospitality tukee yrityksi\u00e4 digitalisaation muuttamisessa kilpailutekij\u00e4ksi. Se parantaa matkailuyritysten kilpailukyky\u00e4: vauhdittaa digitalisaatiota, kehitt\u00e4\u00e4 tuotteita ja palveluita, tukee kest\u00e4vien, kitkattomien ja saumattomien palveluratkaisujen sek\u00e4 -ketjujen digitalisaation kehitt\u00e4mist\u00e4 Varsinais-Suomessa ja P\u00e4ij\u00e4t-H\u00e4meess\u00e4. Lis\u00e4ksi hanke tukee matkailualan digipalveluihin ja digitaaliseen asiakaskokemukseen liittyv\u00e4\u00e4 innovaatiotoimintaa.&#8221;<\/p>\n<p>Lue lis\u00e4\u00e4 hankkeesta:\u00a0<a href=\"https:\/\/www.lab.fi\/fi\/projekti\/e-hospitality-digivieraanvaraisuutta-ja-empatiaa-digitaalisiin-matkailupalvelukohtaamisiin\" target=\"_blank\" rel=\"noopener\">LABin hanke-esittely<\/a> ja <a href=\"https:\/\/www.turkuamk.fi\/projekti\/e-hospitality-digivieraanvaraisuutta-ja-empatiaa-digitaalisiin-matkailupalvelukohtaamisiin-uudessa-normaalissa\/\" target=\"_blank\" rel=\"noopener\">Turun AMK:n hanke-esittely<\/a>.<\/p>\n<h2>Pohjois-Suomen rinnakkaishanke<img loading=\"lazy\" decoding=\"async\" class=\"wp-image-123 size-full alignright\" src=\"https:\/\/blogi.eoppimispalvelut.fi\/ehospitality\/files\/2022\/04\/Pohjoisen-rahoitus-e1649059521577.png\" alt=\"\" width=\"397\" height=\"98\" \/><\/h2>\n<h3>e-Hospitality \u2013 empatiaa ja arvonluontia matkailun digitaalisissa palvelukohtaamisissa<\/h3>\n<p>Toimija: Lapin ammattikorkeakoulu<\/p>\n<p>Rahoitus: 290 873 \u20ac, EAKR 2014\u20132020.<\/p>\n<p>Hankkeen kesto: 1.10.2021\u201330.6.2023<\/p>\n<p>Hankkeen tavoitteet: &#8221;Hankkeen kokonaistavoitteena on parantaa Lapissa matkailualan toimijoiden kilpailukyky\u00e4 vauhdittamalla toimijoiden digitaalisuutta ja keskittym\u00e4ll\u00e4 erityisesti asiakkaan palvelukohtaamisen ja \u2013kokemuksen parantamiseen. Hankkeen avulla tuetaan alan toimijoiden kyky\u00e4 parantaa palveluiden ja tuotteiden kest\u00e4vyytt\u00e4, saavutettavuutta, kitkattomuutta ja saumattomuutta. Palveluratkaisujen ja \u2013ketjujen digitaalisia sis\u00e4lt\u00f6j\u00e4 ja toimivuutta tarkastellaan tavalla, jossa uusi arvon luodaan asiakasymm\u00e4rryst\u00e4 (empatia) ja teknologiaa yhdist\u00e4m\u00e4ll\u00e4. Tavoitteena on m\u00e4\u00e4ritell\u00e4 syv\u00e4llist\u00e4 asiakasymm\u00e4rryst\u00e4 osoittavat digitaaliset palvelun kohtaamispisteet, joka luovat kokonaisvaltaisesti arvoa asiakkaalle ja parantavat asiakkaan el\u00e4myst\u00e4 ja kokemusta palvelupolulla ennen matkaa, matkan aikana ja matkan j\u00e4lkeen.&#8221;<\/p>\n<p>Lue lis\u00e4\u00e4 hankkeesta: <a href=\"https:\/\/lapinamk.fi\/hanke\/e-hospitality-empatiaa-ja-arvonluontia-matkailun-digitaalisissa-palvelukohtaamisissa\/\" target=\"_blank\" rel=\"noopener\">Lapin AMK:n hanke-esittely<\/a><\/p>\n","protected":false},"excerpt":{"rendered":"<p>Etel\u00e4-Suomen rinnakkaishanke e-Hospitality \u2013 digivieraanvaraisuutta ja -empatiaa digitaalisiin matkailupalvelukohtaamisiin uudessa normaalissa Toimijat: LAB ammattikorkeakoulu ja Turun ammattikorkeakoulu Rahoitus: 464 531 \u20ac, EAKR 2014\u20132020. e-Hospitality rahoitetaan osana Euroopan unionin covid-19-pandemian johdosta toteuttamia toimia Hankkeen kesto: 1.8.2021\u201331.7.2023 Hankkeen tavoitteet: &#8221;e-Hospitality tukee yrityksi\u00e4 digitalisaation muuttamisessa kilpailutekij\u00e4ksi. Se parantaa matkailuyritysten kilpailukyky\u00e4: vauhdittaa digitalisaatiota, kehitt\u00e4\u00e4 tuotteita ja palveluita, tukee kest\u00e4vien, [&hellip;]<\/p>\n","protected":false},"author":1712,"featured_media":0,"parent":0,"menu_order":0,"comment_status":"closed","ping_status":"open","template":"","meta":{"_monsterinsights_skip_tracking":false,"_monsterinsights_sitenote_active":false,"_monsterinsights_sitenote_note":"","_monsterinsights_sitenote_category":0,"footnotes":""},"class_list":["post-2","page","type-page","status-publish","hentry"],"yoast_head":"<!-- This site is optimized with the Yoast SEO plugin v27.1.1 - https:\/\/yoast.com\/product\/yoast-seo-wordpress\/ -->\n<title>ehospitality-hankkeet - Teko\u00e4ly matkailun myynti- ja markkinointiprosessien tukena<\/title>\n<meta name=\"robots\" content=\"index, follow, max-snippet:-1, max-image-preview:large, max-video-preview:-1\" \/>\n<link rel=\"canonical\" href=\"https:\/\/blogi.eoppimispalvelut.fi\/ehospitality\/hanke-esittelyt\/\" \/>\n<meta property=\"og:locale\" content=\"fi_FI\" \/>\n<meta property=\"og:type\" content=\"article\" \/>\n<meta property=\"og:title\" content=\"ehospitality-hankkeet - Teko\u00e4ly matkailun myynti- ja markkinointiprosessien tukena\" \/>\n<meta property=\"og:description\" content=\"Etel\u00e4-Suomen rinnakkaishanke e-Hospitality \u2013 digivieraanvaraisuutta ja -empatiaa digitaalisiin matkailupalvelukohtaamisiin uudessa normaalissa Toimijat: LAB ammattikorkeakoulu ja Turun ammattikorkeakoulu Rahoitus: 464 531 \u20ac, EAKR 2014\u20132020. e-Hospitality rahoitetaan osana Euroopan unionin covid-19-pandemian johdosta toteuttamia toimia Hankkeen kesto: 1.8.2021\u201331.7.2023 Hankkeen tavoitteet: &#8221;e-Hospitality tukee yrityksi\u00e4 digitalisaation muuttamisessa kilpailutekij\u00e4ksi. Se parantaa matkailuyritysten kilpailukyky\u00e4: vauhdittaa digitalisaatiota, kehitt\u00e4\u00e4 tuotteita ja palveluita, tukee kest\u00e4vien, [&hellip;]\" \/>\n<meta property=\"og:url\" content=\"https:\/\/blogi.eoppimispalvelut.fi\/ehospitality\/hanke-esittelyt\/\" \/>\n<meta property=\"og:site_name\" content=\"Teko\u00e4ly matkailun myynti- ja markkinointiprosessien tukena\" \/>\n<meta property=\"article:modified_time\" content=\"2024-11-21T13:37:14+00:00\" \/>\n<meta property=\"og:image\" content=\"https:\/\/blogi.eoppimispalvelut.fi\/ehospitality\/files\/2022\/02\/banner-e1643898935801.png\" \/>\n\t<meta property=\"og:image:width\" content=\"940\" \/>\n\t<meta property=\"og:image:height\" content=\"627\" \/>\n\t<meta property=\"og:image:type\" content=\"image\/png\" \/>\n<meta name=\"twitter:card\" content=\"summary_large_image\" \/>\n<meta name=\"twitter:label1\" content=\"Est. reading time\" \/>\n\t<meta name=\"twitter:data1\" content=\"3 minuuttia\" \/>\n<script type=\"application\/ld+json\" class=\"yoast-schema-graph\">{\"@context\":\"https:\/\/schema.org\",\"@graph\":[{\"@type\":\"WebPage\",\"@id\":\"https:\/\/blogi.eoppimispalvelut.fi\/ehospitality\/hanke-esittelyt\/\",\"url\":\"https:\/\/blogi.eoppimispalvelut.fi\/ehospitality\/hanke-esittelyt\/\",\"name\":\"ehospitality-hankkeet - Teko\u00e4ly matkailun myynti- ja markkinointiprosessien tukena\",\"isPartOf\":{\"@id\":\"https:\/\/blogi.eoppimispalvelut.fi\/ehospitality\/#website\"},\"primaryImageOfPage\":{\"@id\":\"https:\/\/blogi.eoppimispalvelut.fi\/ehospitality\/hanke-esittelyt\/#primaryimage\"},\"image\":{\"@id\":\"https:\/\/blogi.eoppimispalvelut.fi\/ehospitality\/hanke-esittelyt\/#primaryimage\"},\"thumbnailUrl\":\"https:\/\/blogi.eoppimispalvelut.fi\/ehospitality\/files\/2022\/04\/Visuaalinen_mallinnus-600x338.png\",\"datePublished\":\"2022-01-26T10:54:33+00:00\",\"dateModified\":\"2024-11-21T13:37:14+00:00\",\"breadcrumb\":{\"@id\":\"https:\/\/blogi.eoppimispalvelut.fi\/ehospitality\/hanke-esittelyt\/#breadcrumb\"},\"inLanguage\":\"fi\",\"potentialAction\":[{\"@type\":\"ReadAction\",\"target\":[\"https:\/\/blogi.eoppimispalvelut.fi\/ehospitality\/hanke-esittelyt\/\"]}]},{\"@type\":\"ImageObject\",\"inLanguage\":\"fi\",\"@id\":\"https:\/\/blogi.eoppimispalvelut.fi\/ehospitality\/hanke-esittelyt\/#primaryimage\",\"url\":\"https:\/\/blogi.eoppimispalvelut.fi\/ehospitality\/files\/2022\/04\/Visuaalinen_mallinnus.png\",\"contentUrl\":\"https:\/\/blogi.eoppimispalvelut.fi\/ehospitality\/files\/2022\/04\/Visuaalinen_mallinnus.png\",\"width\":1280,\"height\":720},{\"@type\":\"BreadcrumbList\",\"@id\":\"https:\/\/blogi.eoppimispalvelut.fi\/ehospitality\/hanke-esittelyt\/#breadcrumb\",\"itemListElement\":[{\"@type\":\"ListItem\",\"position\":1,\"name\":\"Home\",\"item\":\"https:\/\/blogi.eoppimispalvelut.fi\/ehospitality\/\"},{\"@type\":\"ListItem\",\"position\":2,\"name\":\"ehospitality-hankkeet\"}]},{\"@type\":\"WebSite\",\"@id\":\"https:\/\/blogi.eoppimispalvelut.fi\/ehospitality\/#website\",\"url\":\"https:\/\/blogi.eoppimispalvelut.fi\/ehospitality\/\",\"name\":\"Teko\u00e4ly matkailun myynti- ja markkinointiprosessien tukena\",\"description\":\"\",\"potentialAction\":[{\"@type\":\"SearchAction\",\"target\":{\"@type\":\"EntryPoint\",\"urlTemplate\":\"https:\/\/blogi.eoppimispalvelut.fi\/ehospitality\/?s={search_term_string}\"},\"query-input\":{\"@type\":\"PropertyValueSpecification\",\"valueRequired\":true,\"valueName\":\"search_term_string\"}}],\"inLanguage\":\"fi\"}]}<\/script>\n<!-- \/ Yoast SEO plugin. -->","yoast_head_json":{"title":"ehospitality-hankkeet - Teko\u00e4ly matkailun myynti- ja markkinointiprosessien tukena","robots":{"index":"index","follow":"follow","max-snippet":"max-snippet:-1","max-image-preview":"max-image-preview:large","max-video-preview":"max-video-preview:-1"},"canonical":"https:\/\/blogi.eoppimispalvelut.fi\/ehospitality\/hanke-esittelyt\/","og_locale":"fi_FI","og_type":"article","og_title":"ehospitality-hankkeet - Teko\u00e4ly matkailun myynti- ja markkinointiprosessien tukena","og_description":"Etel\u00e4-Suomen rinnakkaishanke e-Hospitality \u2013 digivieraanvaraisuutta ja -empatiaa digitaalisiin matkailupalvelukohtaamisiin uudessa normaalissa Toimijat: LAB ammattikorkeakoulu ja Turun ammattikorkeakoulu Rahoitus: 464 531 \u20ac, EAKR 2014\u20132020. e-Hospitality rahoitetaan osana Euroopan unionin covid-19-pandemian johdosta toteuttamia toimia Hankkeen kesto: 1.8.2021\u201331.7.2023 Hankkeen tavoitteet: &#8221;e-Hospitality tukee yrityksi\u00e4 digitalisaation muuttamisessa kilpailutekij\u00e4ksi. Se parantaa matkailuyritysten kilpailukyky\u00e4: vauhdittaa digitalisaatiota, kehitt\u00e4\u00e4 tuotteita ja palveluita, tukee kest\u00e4vien, [&hellip;]","og_url":"https:\/\/blogi.eoppimispalvelut.fi\/ehospitality\/hanke-esittelyt\/","og_site_name":"Teko\u00e4ly matkailun myynti- ja markkinointiprosessien tukena","article_modified_time":"2024-11-21T13:37:14+00:00","og_image":[{"width":940,"height":627,"url":"https:\/\/blogi.eoppimispalvelut.fi\/ehospitality\/files\/2022\/02\/banner-e1643898935801.png","type":"image\/png"}],"twitter_card":"summary_large_image","twitter_misc":{"Est. reading time":"3 minuuttia"},"schema":{"@context":"https:\/\/schema.org","@graph":[{"@type":"WebPage","@id":"https:\/\/blogi.eoppimispalvelut.fi\/ehospitality\/hanke-esittelyt\/","url":"https:\/\/blogi.eoppimispalvelut.fi\/ehospitality\/hanke-esittelyt\/","name":"ehospitality-hankkeet - Teko\u00e4ly matkailun myynti- ja markkinointiprosessien tukena","isPartOf":{"@id":"https:\/\/blogi.eoppimispalvelut.fi\/ehospitality\/#website"},"primaryImageOfPage":{"@id":"https:\/\/blogi.eoppimispalvelut.fi\/ehospitality\/hanke-esittelyt\/#primaryimage"},"image":{"@id":"https:\/\/blogi.eoppimispalvelut.fi\/ehospitality\/hanke-esittelyt\/#primaryimage"},"thumbnailUrl":"https:\/\/blogi.eoppimispalvelut.fi\/ehospitality\/files\/2022\/04\/Visuaalinen_mallinnus-600x338.png","datePublished":"2022-01-26T10:54:33+00:00","dateModified":"2024-11-21T13:37:14+00:00","breadcrumb":{"@id":"https:\/\/blogi.eoppimispalvelut.fi\/ehospitality\/hanke-esittelyt\/#breadcrumb"},"inLanguage":"fi","potentialAction":[{"@type":"ReadAction","target":["https:\/\/blogi.eoppimispalvelut.fi\/ehospitality\/hanke-esittelyt\/"]}]},{"@type":"ImageObject","inLanguage":"fi","@id":"https:\/\/blogi.eoppimispalvelut.fi\/ehospitality\/hanke-esittelyt\/#primaryimage","url":"https:\/\/blogi.eoppimispalvelut.fi\/ehospitality\/files\/2022\/04\/Visuaalinen_mallinnus.png","contentUrl":"https:\/\/blogi.eoppimispalvelut.fi\/ehospitality\/files\/2022\/04\/Visuaalinen_mallinnus.png","width":1280,"height":720},{"@type":"BreadcrumbList","@id":"https:\/\/blogi.eoppimispalvelut.fi\/ehospitality\/hanke-esittelyt\/#breadcrumb","itemListElement":[{"@type":"ListItem","position":1,"name":"Home","item":"https:\/\/blogi.eoppimispalvelut.fi\/ehospitality\/"},{"@type":"ListItem","position":2,"name":"ehospitality-hankkeet"}]},{"@type":"WebSite","@id":"https:\/\/blogi.eoppimispalvelut.fi\/ehospitality\/#website","url":"https:\/\/blogi.eoppimispalvelut.fi\/ehospitality\/","name":"Teko\u00e4ly matkailun myynti- ja markkinointiprosessien tukena","description":"","potentialAction":[{"@type":"SearchAction","target":{"@type":"EntryPoint","urlTemplate":"https:\/\/blogi.eoppimispalvelut.fi\/ehospitality\/?s={search_term_string}"},"query-input":{"@type":"PropertyValueSpecification","valueRequired":true,"valueName":"search_term_string"}}],"inLanguage":"fi"}]}},"_links":{"self":[{"href":"https:\/\/blogi.eoppimispalvelut.fi\/ehospitality\/wp-json\/wp\/v2\/pages\/2","targetHints":{"allow":["GET"]}}],"collection":[{"href":"https:\/\/blogi.eoppimispalvelut.fi\/ehospitality\/wp-json\/wp\/v2\/pages"}],"about":[{"href":"https:\/\/blogi.eoppimispalvelut.fi\/ehospitality\/wp-json\/wp\/v2\/types\/page"}],"author":[{"embeddable":true,"href":"https:\/\/blogi.eoppimispalvelut.fi\/ehospitality\/wp-json\/wp\/v2\/users\/1712"}],"replies":[{"embeddable":true,"href":"https:\/\/blogi.eoppimispalvelut.fi\/ehospitality\/wp-json\/wp\/v2\/comments?post=2"}],"version-history":[{"count":17,"href":"https:\/\/blogi.eoppimispalvelut.fi\/ehospitality\/wp-json\/wp\/v2\/pages\/2\/revisions"}],"predecessor-version":[{"id":1078,"href":"https:\/\/blogi.eoppimispalvelut.fi\/ehospitality\/wp-json\/wp\/v2\/pages\/2\/revisions\/1078"}],"wp:attachment":[{"href":"https:\/\/blogi.eoppimispalvelut.fi\/ehospitality\/wp-json\/wp\/v2\/media?parent=2"}],"curies":[{"name":"wp","href":"https:\/\/api.w.org\/{rel}","templated":true}]}}