{"id":690,"date":"2023-05-22T15:56:05","date_gmt":"2023-05-22T12:56:05","guid":{"rendered":"https:\/\/blogi.eoppimispalvelut.fi\/ehospitality\/?page_id=690"},"modified":"2024-03-19T10:01:35","modified_gmt":"2024-03-19T08:01:35","slug":"eye-tracking","status":"publish","type":"page","link":"https:\/\/blogi.eoppimispalvelut.fi\/ehospitality\/eye-tracking\/","title":{"rendered":"Eye tracking ja asiakaskokemuksen analysointi"},"content":{"rendered":"\n<p><strong>Eye tracking -osio esittelee sensoriteknologiaa hy\u00f6dynt\u00e4vien \u00e4lylasien mainioita kokeilujamme.<\/strong><\/p>\n\n\n\n<p>Kokeilimme eye tracking -katseenseurantadatan ker\u00e4\u00e4mist\u00e4 kolmen yhteisty\u00f6kumppanin kanssa: <a href=\"https:\/\/farmescape.fi\/\" target=\"_blank\" rel=\"noreferrer noopener\">Farm Escapen<\/a>, <a href=\"https:\/\/www.totto.fi\/\">Rovaniemen kotiseutumuseon<\/a> ja Tervolan kunnan <a href=\"https:\/\/maaseutuverkosto.fi\/hankkeet\/luontoreitti-katkan-luolat-ja-rotkot\/\" target=\"_blank\" rel=\"noreferrer noopener\">Luontoreitti K\u00e4tk\u00e4n luolat ja rotkot<\/a> -hankkeen kanssa sek\u00e4 j\u00e4rjestimme kaksi eye tracking -ty\u00f6pajaa. <\/p>\n\n\n\n<p>Kuuntele ensin podcastimme asiakaskokemuksen mittaamisesta:<\/p>\n\n\n\n<figure class=\"wp-block-embed is-type-rich is-provider-soundcloud wp-block-embed-soundcloud\"><div class=\"wp-block-embed__wrapper\">\n<iframe loading=\"lazy\" title=\"Miten asiakaskokemusta voi mitata eye trackingin ja \u00e4lysormuksen avulla? by ehospitality\" width=\"768\" height=\"400\" scrolling=\"no\" frameborder=\"no\" src=\"https:\/\/w.soundcloud.com\/player\/?visual=true&#038;url=https%3A%2F%2Fapi.soundcloud.com%2Ftracks%2F1494295882&#038;show_artwork=true&#038;maxheight=1000&#038;maxwidth=768\"><\/iframe>\n<\/div><\/figure>\n\n\n\n<p>Blogikirjoituksemme kuvaa Farm Escape -kokeilua <a href=\"https:\/\/blogi.eoppimispalvelut.fi\/ehospitality\/eye-tracking-apuna-matkailuyrityksen-tuotetta-kehitettaessa\/\">Eye tracking apuna matkailuyrityksen tuotetta kehitett\u00e4ess\u00e4<\/a>.<\/p>\n\n\n\n<p>Restonomiopiskelijat p\u00e4\u00e4siv\u00e4t testaamaan kiinte\u00e4\u00e4 eye tracking -laitteistoa. Blogikirjoituksessaan he kuvaavat oppimaansa: <a href=\"https:\/\/blogi.eoppimispalvelut.fi\/ehospitality\/sukellus-eye-trackingin-saloihin\/\" target=\"_blank\" rel=\"noreferrer noopener\">Sukellus eye trackingin saloihin<\/a>.<\/p>\n\n\n\n<p>Kerroimme eye tracking -kokeiluista Matkamessujen <a href=\"http:\/\/www.matkatieto.fi\/fi\/Seminaarien-materiaalit-ja-esitykset\" target=\"_blank\" rel=\"noreferrer noopener\">Matkatietoseminaarissa<\/a> 19.1.2023 sek\u00e4 Matkailun el\u00e4myksellist\u00e4misen teknologiat -webinaarissa: &nbsp;<\/p>\n\n\n\n<figure class=\"wp-block-embed is-type-video is-provider-youtube wp-block-embed-youtube wp-embed-aspect-16-9 wp-has-aspect-ratio\"><div class=\"wp-block-embed__wrapper\">\n<iframe loading=\"lazy\" title=\"Matkailun el\u00e4myksellist\u00e4misen teknologiat webinaaritallenne 29.3.2023\" width=\"768\" height=\"432\" src=\"https:\/\/www.youtube.com\/embed\/Dd9tA2Wp8HM?start=3278&#038;feature=oembed\" frameborder=\"0\" allow=\"accelerometer; autoplay; clipboard-write; encrypted-media; gyroscope; picture-in-picture; web-share\" allowfullscreen><\/iframe>\n<\/div><\/figure>\n\n\n\n<p><\/p>\n","protected":false},"excerpt":{"rendered":"<p>Eye tracking -osio esittelee sensoriteknologiaa hy\u00f6dynt\u00e4vien \u00e4lylasien mainioita kokeilujamme. Kokeilimme eye tracking -katseenseurantadatan ker\u00e4\u00e4mist\u00e4 kolmen yhteisty\u00f6kumppanin kanssa: Farm Escapen, Rovaniemen kotiseutumuseon ja Tervolan kunnan Luontoreitti K\u00e4tk\u00e4n luolat ja rotkot -hankkeen kanssa sek\u00e4 j\u00e4rjestimme kaksi eye tracking -ty\u00f6pajaa. Kuuntele ensin podcastimme asiakaskokemuksen mittaamisesta: Blogikirjoituksemme kuvaa Farm Escape -kokeilua Eye tracking apuna matkailuyrityksen tuotetta kehitett\u00e4ess\u00e4. Restonomiopiskelijat p\u00e4\u00e4siv\u00e4t [&hellip;]<\/p>\n","protected":false},"author":1712,"featured_media":0,"parent":0,"menu_order":0,"comment_status":"closed","ping_status":"closed","template":"","meta":{"_monsterinsights_skip_tracking":false,"_monsterinsights_sitenote_active":false,"_monsterinsights_sitenote_note":"","_monsterinsights_sitenote_category":0,"footnotes":""},"class_list":["post-690","page","type-page","status-publish","hentry"],"yoast_head":"<!-- This site is optimized with the Yoast SEO plugin v27.1.1 - https:\/\/yoast.com\/product\/yoast-seo-wordpress\/ -->\n<title>Eye tracking ja asiakaskokemuksen analysointi - Teko\u00e4ly matkailun myynti- ja markkinointiprosessien tukena<\/title>\n<meta name=\"description\" content=\"eHospitality-hankkeen mediajulkaisun Eye tracking -osio esittelee sensoriteknologiaa hy\u00f6dynt\u00e4vien \u00e4lylasien mainioita kokeilujamme eHospitality-hankkeessa.\" \/>\n<meta name=\"robots\" content=\"index, follow, max-snippet:-1, max-image-preview:large, max-video-preview:-1\" \/>\n<link rel=\"canonical\" href=\"https:\/\/blogi.eoppimispalvelut.fi\/ehospitality\/eye-tracking\/\" \/>\n<meta property=\"og:locale\" content=\"fi_FI\" \/>\n<meta property=\"og:type\" content=\"article\" \/>\n<meta property=\"og:title\" content=\"Eye tracking ja asiakaskokemuksen analysointi - Teko\u00e4ly matkailun myynti- ja markkinointiprosessien tukena\" \/>\n<meta property=\"og:description\" content=\"eHospitality-hankkeen mediajulkaisun Eye tracking -osio esittelee sensoriteknologiaa hy\u00f6dynt\u00e4vien \u00e4lylasien mainioita kokeilujamme eHospitality-hankkeessa.\" \/>\n<meta property=\"og:url\" content=\"https:\/\/blogi.eoppimispalvelut.fi\/ehospitality\/eye-tracking\/\" \/>\n<meta property=\"og:site_name\" content=\"Teko\u00e4ly matkailun myynti- ja markkinointiprosessien tukena\" \/>\n<meta property=\"article:modified_time\" content=\"2024-03-19T08:01:35+00:00\" \/>\n<meta name=\"twitter:card\" content=\"summary_large_image\" \/>\n<meta name=\"twitter:label1\" content=\"Est. reading time\" \/>\n\t<meta name=\"twitter:data1\" content=\"1 minuutti\" \/>\n<script type=\"application\/ld+json\" class=\"yoast-schema-graph\">{\"@context\":\"https:\/\/schema.org\",\"@graph\":[{\"@type\":\"WebPage\",\"@id\":\"https:\/\/blogi.eoppimispalvelut.fi\/ehospitality\/eye-tracking\/\",\"url\":\"https:\/\/blogi.eoppimispalvelut.fi\/ehospitality\/eye-tracking\/\",\"name\":\"Eye tracking ja asiakaskokemuksen analysointi - Teko\u00e4ly matkailun myynti- ja markkinointiprosessien tukena\",\"isPartOf\":{\"@id\":\"https:\/\/blogi.eoppimispalvelut.fi\/ehospitality\/#website\"},\"datePublished\":\"2023-05-22T12:56:05+00:00\",\"dateModified\":\"2024-03-19T08:01:35+00:00\",\"description\":\"eHospitality-hankkeen mediajulkaisun Eye tracking -osio esittelee sensoriteknologiaa hy\u00f6dynt\u00e4vien \u00e4lylasien mainioita kokeilujamme eHospitality-hankkeessa.\",\"breadcrumb\":{\"@id\":\"https:\/\/blogi.eoppimispalvelut.fi\/ehospitality\/eye-tracking\/#breadcrumb\"},\"inLanguage\":\"fi\",\"potentialAction\":[{\"@type\":\"ReadAction\",\"target\":[\"https:\/\/blogi.eoppimispalvelut.fi\/ehospitality\/eye-tracking\/\"]}]},{\"@type\":\"BreadcrumbList\",\"@id\":\"https:\/\/blogi.eoppimispalvelut.fi\/ehospitality\/eye-tracking\/#breadcrumb\",\"itemListElement\":[{\"@type\":\"ListItem\",\"position\":1,\"name\":\"Home\",\"item\":\"https:\/\/blogi.eoppimispalvelut.fi\/ehospitality\/\"},{\"@type\":\"ListItem\",\"position\":2,\"name\":\"Eye tracking ja asiakaskokemuksen analysointi\"}]},{\"@type\":\"WebSite\",\"@id\":\"https:\/\/blogi.eoppimispalvelut.fi\/ehospitality\/#website\",\"url\":\"https:\/\/blogi.eoppimispalvelut.fi\/ehospitality\/\",\"name\":\"Teko\u00e4ly matkailun myynti- ja markkinointiprosessien tukena\",\"description\":\"\",\"potentialAction\":[{\"@type\":\"SearchAction\",\"target\":{\"@type\":\"EntryPoint\",\"urlTemplate\":\"https:\/\/blogi.eoppimispalvelut.fi\/ehospitality\/?s={search_term_string}\"},\"query-input\":{\"@type\":\"PropertyValueSpecification\",\"valueRequired\":true,\"valueName\":\"search_term_string\"}}],\"inLanguage\":\"fi\"}]}<\/script>\n<!-- \/ Yoast SEO plugin. -->","yoast_head_json":{"title":"Eye tracking ja asiakaskokemuksen analysointi - Teko\u00e4ly matkailun myynti- ja markkinointiprosessien tukena","description":"eHospitality-hankkeen mediajulkaisun Eye tracking -osio esittelee sensoriteknologiaa hy\u00f6dynt\u00e4vien \u00e4lylasien mainioita kokeilujamme eHospitality-hankkeessa.","robots":{"index":"index","follow":"follow","max-snippet":"max-snippet:-1","max-image-preview":"max-image-preview:large","max-video-preview":"max-video-preview:-1"},"canonical":"https:\/\/blogi.eoppimispalvelut.fi\/ehospitality\/eye-tracking\/","og_locale":"fi_FI","og_type":"article","og_title":"Eye tracking ja asiakaskokemuksen analysointi - Teko\u00e4ly matkailun myynti- ja markkinointiprosessien tukena","og_description":"eHospitality-hankkeen mediajulkaisun Eye tracking -osio esittelee sensoriteknologiaa hy\u00f6dynt\u00e4vien \u00e4lylasien mainioita kokeilujamme eHospitality-hankkeessa.","og_url":"https:\/\/blogi.eoppimispalvelut.fi\/ehospitality\/eye-tracking\/","og_site_name":"Teko\u00e4ly matkailun myynti- ja markkinointiprosessien tukena","article_modified_time":"2024-03-19T08:01:35+00:00","twitter_card":"summary_large_image","twitter_misc":{"Est. reading time":"1 minuutti"},"schema":{"@context":"https:\/\/schema.org","@graph":[{"@type":"WebPage","@id":"https:\/\/blogi.eoppimispalvelut.fi\/ehospitality\/eye-tracking\/","url":"https:\/\/blogi.eoppimispalvelut.fi\/ehospitality\/eye-tracking\/","name":"Eye tracking ja asiakaskokemuksen analysointi - Teko\u00e4ly matkailun myynti- ja markkinointiprosessien tukena","isPartOf":{"@id":"https:\/\/blogi.eoppimispalvelut.fi\/ehospitality\/#website"},"datePublished":"2023-05-22T12:56:05+00:00","dateModified":"2024-03-19T08:01:35+00:00","description":"eHospitality-hankkeen mediajulkaisun Eye tracking -osio esittelee sensoriteknologiaa hy\u00f6dynt\u00e4vien \u00e4lylasien mainioita kokeilujamme eHospitality-hankkeessa.","breadcrumb":{"@id":"https:\/\/blogi.eoppimispalvelut.fi\/ehospitality\/eye-tracking\/#breadcrumb"},"inLanguage":"fi","potentialAction":[{"@type":"ReadAction","target":["https:\/\/blogi.eoppimispalvelut.fi\/ehospitality\/eye-tracking\/"]}]},{"@type":"BreadcrumbList","@id":"https:\/\/blogi.eoppimispalvelut.fi\/ehospitality\/eye-tracking\/#breadcrumb","itemListElement":[{"@type":"ListItem","position":1,"name":"Home","item":"https:\/\/blogi.eoppimispalvelut.fi\/ehospitality\/"},{"@type":"ListItem","position":2,"name":"Eye tracking ja asiakaskokemuksen analysointi"}]},{"@type":"WebSite","@id":"https:\/\/blogi.eoppimispalvelut.fi\/ehospitality\/#website","url":"https:\/\/blogi.eoppimispalvelut.fi\/ehospitality\/","name":"Teko\u00e4ly matkailun myynti- ja markkinointiprosessien tukena","description":"","potentialAction":[{"@type":"SearchAction","target":{"@type":"EntryPoint","urlTemplate":"https:\/\/blogi.eoppimispalvelut.fi\/ehospitality\/?s={search_term_string}"},"query-input":{"@type":"PropertyValueSpecification","valueRequired":true,"valueName":"search_term_string"}}],"inLanguage":"fi"}]}},"_links":{"self":[{"href":"https:\/\/blogi.eoppimispalvelut.fi\/ehospitality\/wp-json\/wp\/v2\/pages\/690","targetHints":{"allow":["GET"]}}],"collection":[{"href":"https:\/\/blogi.eoppimispalvelut.fi\/ehospitality\/wp-json\/wp\/v2\/pages"}],"about":[{"href":"https:\/\/blogi.eoppimispalvelut.fi\/ehospitality\/wp-json\/wp\/v2\/types\/page"}],"author":[{"embeddable":true,"href":"https:\/\/blogi.eoppimispalvelut.fi\/ehospitality\/wp-json\/wp\/v2\/users\/1712"}],"replies":[{"embeddable":true,"href":"https:\/\/blogi.eoppimispalvelut.fi\/ehospitality\/wp-json\/wp\/v2\/comments?post=690"}],"version-history":[{"count":8,"href":"https:\/\/blogi.eoppimispalvelut.fi\/ehospitality\/wp-json\/wp\/v2\/pages\/690\/revisions"}],"predecessor-version":[{"id":977,"href":"https:\/\/blogi.eoppimispalvelut.fi\/ehospitality\/wp-json\/wp\/v2\/pages\/690\/revisions\/977"}],"wp:attachment":[{"href":"https:\/\/blogi.eoppimispalvelut.fi\/ehospitality\/wp-json\/wp\/v2\/media?parent=690"}],"curies":[{"name":"wp","href":"https:\/\/api.w.org\/{rel}","templated":true}]}}