{"id":186,"date":"2015-11-25T11:14:56","date_gmt":"2015-11-25T09:14:56","guid":{"rendered":"https:\/\/blogi.eoppimispalvelut.fi\/ekku\/?page_id=186"},"modified":"2016-02-18T10:51:51","modified_gmt":"2016-02-18T08:51:51","slug":"ohjausryhma","status":"publish","type":"page","link":"https:\/\/blogi.eoppimispalvelut.fi\/ekku\/ohjausryhma\/","title":{"rendered":"Ohjausryhm\u00e4"},"content":{"rendered":"<p>T\u00e4ll\u00e4 sivulla esittelemme EKKU-hankkeen ohjausryhm\u00e4n j\u00e4senet. Kuvat ja pidemm\u00e4t esittelyt tulevat talven 2015-2016 aikana.<\/p>\n<p>&nbsp;<\/p>\n<p>P\u00e4ivi Holopainen, ennakointikoordinaattori, Lapin Liitto<\/p>\n<p>Antti Koski, <span class=\"st\">koulutus- ja kehitysjohtaja<\/span>, Lapin yliopisto<\/p>\n<p>Teija Mikkola, myyntijohtaja, Meri-Lapin Matkailu Oy<\/p>\n<p>Anni Miettunen, aikuiskoulutusjohtaja, Ammattiopisto Lappia<\/p>\n<p>Jarmo Okkonen, HR Manager, Stora Enso<\/p>\n<p>Raimo Pohjanen, myyntijohtaja, Pohjaset Oy<\/p>\n<p>Rea R\u00e4is\u00e4nen, <span class=\"st\"> terveydenhuollon suunnittelija, Lapin sairaanhoitopiiri<\/span><\/p>\n<p>Satu Tervasm\u00e4ki, kehitt\u00e4misp\u00e4\u00e4llikk\u00f6, Lapin ELY-keskus<\/p>\n","protected":false},"excerpt":{"rendered":"<p>T\u00e4ll\u00e4 sivulla esittelemme EKKU-hankkeen ohjausryhm\u00e4n j\u00e4senet. Kuvat ja pidemm\u00e4t esittelyt tulevat talven 2015-2016 aikana. &nbsp; P\u00e4ivi Holopainen, ennakointikoordinaattori, Lapin Liitto Antti Koski, koulutus- ja kehitysjohtaja, Lapin yliopisto Teija Mikkola, myyntijohtaja, Meri-Lapin Matkailu Oy Anni Miettunen, aikuiskoulutusjohtaja, Ammattiopisto Lappia Jarmo Okkonen, HR Manager, Stora Enso Raimo Pohjanen, myyntijohtaja, Pohjaset Oy Rea R\u00e4is\u00e4nen, terveydenhuollon suunnittelija, Lapin sairaanhoitopiiri &hellip; <\/p>\n<p><a class=\"more-link btn\" href=\"https:\/\/blogi.eoppimispalvelut.fi\/ekku\/ohjausryhma\/\">Jatka lukemista<\/a><\/p>\n","protected":false},"author":6,"featured_media":0,"parent":0,"menu_order":0,"comment_status":"closed","ping_status":"closed","template":"","meta":{"footnotes":""},"class_list":["post-186","page","type-page","status-publish","hentry","nodate","item-wrap"],"_links":{"self":[{"href":"https:\/\/blogi.eoppimispalvelut.fi\/ekku\/wp-json\/wp\/v2\/pages\/186","targetHints":{"allow":["GET"]}}],"collection":[{"href":"https:\/\/blogi.eoppimispalvelut.fi\/ekku\/wp-json\/wp\/v2\/pages"}],"about":[{"href":"https:\/\/blogi.eoppimispalvelut.fi\/ekku\/wp-json\/wp\/v2\/types\/page"}],"author":[{"embeddable":true,"href":"https:\/\/blogi.eoppimispalvelut.fi\/ekku\/wp-json\/wp\/v2\/users\/6"}],"replies":[{"embeddable":true,"href":"https:\/\/blogi.eoppimispalvelut.fi\/ekku\/wp-json\/wp\/v2\/comments?post=186"}],"version-history":[{"count":8,"href":"https:\/\/blogi.eoppimispalvelut.fi\/ekku\/wp-json\/wp\/v2\/pages\/186\/revisions"}],"predecessor-version":[{"id":333,"href":"https:\/\/blogi.eoppimispalvelut.fi\/ekku\/wp-json\/wp\/v2\/pages\/186\/revisions\/333"}],"wp:attachment":[{"href":"https:\/\/blogi.eoppimispalvelut.fi\/ekku\/wp-json\/wp\/v2\/media?parent=186"}],"curies":[{"name":"wp","href":"https:\/\/api.w.org\/{rel}","templated":true}]}}