{"id":317,"date":"2016-01-25T10:09:30","date_gmt":"2016-01-25T08:09:30","guid":{"rendered":"https:\/\/blogi.eoppimispalvelut.fi\/ekku\/?page_id=317"},"modified":"2016-03-29T13:17:32","modified_gmt":"2016-03-29T10:17:32","slug":"aktivoi-ajatukset-kasvata-katetta-seminaarin-antia-2","status":"publish","type":"page","link":"https:\/\/blogi.eoppimispalvelut.fi\/ekku\/blogi\/aktivoi-ajatukset-kasvata-katetta-seminaarin-antia-2\/","title":{"rendered":"Aktivoi ajatukset, kasvata katetta! -seminaarin antia"},"content":{"rendered":"<p><b>EKKU-hankkeessa <\/b>(Ennakoinnista koulutukseen ja kumppanuuteen) j\u00e4rjestettiin 18.1.2016 seminaari, johon kutsuttiin muun muassa yrityksi\u00e4, joihin on tehty osaamiskartoitus vuoden 2015 aikana. Seminaariin kutsuttiin my\u00f6s EKKU-hankkeessa toimivat koulutuksen j\u00e4rjest\u00e4j\u00e4t, asiantuntijoita sek\u00e4 arvovaltainen joukko alustajia puhumaan.<\/p>\n<p>Vuoden 2015 nuori lappilainen yritt\u00e4j\u00e4 <b>Julius Of\u00f6rsagd <\/b>toimi tilaisuudessa juontajana ja paneelin vet\u00e4j\u00e4n\u00e4. Ensimm\u00e4inen puhuja, torniolainen kansanedustaja <b>Katri Kulmuni<\/b> puhui muun muassa Lapin matkailun kasvumahdollisuuksista esimerkkin\u00e4, josta muillakin aloilla voisi ottaa oppia. L\u00e4hialuematkailu Lapissa vet\u00e4\u00e4 suhteellisen hyvin ja Aasian markkinat ovat my\u00f6s kehittym\u00e4ss\u00e4, mutta esimerkiksi Afrikassa ja Etel\u00e4-Amerikassa on viel\u00e4 valtavasti markkinapontentiaalia. Kulmuni muistutti my\u00f6s, ett\u00e4 Per\u00e4merenkaaren yhten\u00e4inen alue on muistettava; yhdess\u00e4 Per\u00e4merenkaaren asukkailla ja yritt\u00e4jill\u00e4 on hyv\u00e4t mahdollisuudet toimia ja tehd\u00e4 yhteisty\u00f6t\u00e4.<\/p>\n<p>Kansanedustajan avauksen j\u00e4lkeen Rovaniemen koulutuskuntayhtym\u00e4n yrityskehitt\u00e4j\u00e4 <b>Kari Rekil\u00e4 <\/b>kertoi 53 Lapin teollisuuspalveluyrityksille tehdyist\u00e4 C&amp;Q-kartoituksista. C&amp;Q -ohjelma on suomalaista tekoa \u2013 osaamisen kartoittamista varten tehty \u2013 ja siihen on kertynyt jo yli 15000 erilaista osaamista. Rekil\u00e4 muistutti, ett\u00e4 yrityksen strategia ja visio m\u00e4\u00e4r\u00e4\u00e4v\u00e4t, millaista osaamista \u201ctalossa\u201d pit\u00e4\u00e4 olla. Kartoituksen perusteella l\u00f6ydet\u00e4\u00e4n sek\u00e4 suurimmat osaamisvajeet ett\u00e4 vahvuudet. Yrityksen kasvun mahdollistamiseksi osaamiskuilut tulee poistaa, esimerkiksi t\u00e4ydennyskoulutusten avulla.<\/p>\n<p>Osaamiskartoituksista nousseita nykyajan ja tulevaisuuden osaamista on muun muassa kielitaito. Kielitaito nousi merkitt\u00e4v\u00e4ksi t\u00e4m\u00e4n hetken ja tulevaisuudessa korostuvaksi osaamiseksi: rajalla ja Norjan suuntaan pyrkivill\u00e4 yritysten ty\u00f6skelij\u00f6iden olisi hyv\u00e4 osata ruotsia ja englantia. Lis\u00e4ksi t\u00e4rke\u00e4\u00e4 osaamista yrityksiss\u00e4 on projektity\u00f6 ja sen hallinta, talousosaaminen, asiakassuhteiden hallinta ja laskutus. Suurimpia osaamisvajeita oli s\u00e4hk\u00f6isten j\u00e4rjestelmien k\u00e4yt\u00f6n syv\u00e4llisess\u00e4 osaamisessa.<\/p>\n<p>Muita osaamiskartoituksissa selvinneit\u00e4 yrityksille t\u00e4rkeit\u00e4 osaamisia ovat ty\u00f6ntekij\u00e4n yritt\u00e4j\u00e4m\u00e4inen asenne ja oman ty\u00f6n merkityksen ymm\u00e4rt\u00e4minen toiminnan suhteen. Lis\u00e4ksi mukautumiskyky sek\u00e4 poisoppiminen vanhoista opituista toimintatavoista korostuivat kartoitusten tuloksissa.<\/p>\n<div id=\"attachment_308\" style=\"width: 500px\" class=\"wp-caption alignleft\"><a href=\"https:\/\/blogi.eoppimispalvelut.fi\/ekku\/files\/2016\/01\/yleiso_blogiin1.jpg\"><img loading=\"lazy\" decoding=\"async\" aria-describedby=\"caption-attachment-308\" class=\"wp-image-308\" src=\"https:\/\/blogi.eoppimispalvelut.fi\/ekku\/files\/2016\/01\/yleiso_blogiin1-580x312.jpg\" alt=\"Yleis\u00f6\u00e4 EKKU-hankkeen seminaarissa oli tuvan t\u00e4ydelt\u00e4.\" width=\"500\" height=\"269\" srcset=\"https:\/\/blogi.eoppimispalvelut.fi\/ekku\/files\/2016\/01\/yleiso_blogiin1-580x312.jpg 580w, https:\/\/blogi.eoppimispalvelut.fi\/ekku\/files\/2016\/01\/yleiso_blogiin1.jpg 727w\" sizes=\"auto, (max-width: 500px) 100vw, 500px\" \/><\/a><p id=\"caption-attachment-308\" class=\"wp-caption-text\"><em>Yleis\u00f6\u00e4 EKKU-hankkeen seminaarissa oli tuvan t\u00e4ydelt\u00e4.<\/em><\/p><\/div>\n<p>Henkil\u00f6st\u00f6 on my\u00f6s otettava mukaan kehitt\u00e4misty\u00f6h\u00f6n. Yrityksen kehitt\u00e4minen ei tapahdu pelk\u00e4st\u00e4\u00e4n virran mukana kulkemalla vaan tarvitaan aktiivista kehitt\u00e4mist\u00e4. Yhteisty\u00f6t\u00e4 koulujen ja yritysten v\u00e4lill\u00e4 on kehitett\u00e4v\u00e4: kouluista valmistuvilta opiskelijoilta halutaan motivaatiota ja \u00a0ammattiosaamista, ylip\u00e4\u00e4t\u00e4\u00e4n tarvittaisiin entist\u00e4 valmiimpia koulusta valmistuneita ty\u00f6ntekij\u00f6it\u00e4.<\/p>\n<p>Rekil\u00e4n j\u00e4lkeen Lapin yritt\u00e4jien edustaja, varatoimitusjohtaja <b>Martti Kankaanranta<\/b> ja koordinaattori <b>P\u00e4ivi Koivupalo<\/b> Pohjoiskalotin rajaneuvonnasta kertoivat ajankohtaisia uutisia yritt\u00e4misest\u00e4 ja rajayhteisty\u00f6st\u00e4. Meill\u00e4 Pohjoismaissa rajan ylitys on helppoa ja esimerkiksi ty\u00f6harjoittelu toisessa maassa pit\u00e4isi tehd\u00e4 nykyist\u00e4 helpommaksi, samoin kuin tutkintojen hyv\u00e4ksyminen. Pohjoisen luonnonvarat, kuten \u00f6ljy, maakaasu, mets\u00e4t, mineraalit, vesi, meriruoka (seafood) ja matkailu kiinnostavat yh\u00e4 enemm\u00e4n kansainv\u00e4lisi\u00e4 toimijoita.<\/p>\n<p>Vertailtaessa l\u00e4himaita selvi\u00e4\u00e4, ett\u00e4 esimerkiksi ty\u00f6voiman sivukulut ovat Ruotsissa pienemm\u00e4t kuin Suomessa, kun taas esimerkiksi kuljetustuki on huomattavasti suurempi. Haasteita ovat muun muassa erilaiset lait, p\u00e4tev\u00e4n ty\u00f6voiman saatavuus, yleinen kehitys Euroopassa ja Pohjolassa sek\u00e4 kova kilpailu.<\/p>\n<p>Pohjoiskalotin rajaneuvonnasta saa apua ja neuvoja jos halutaan tutkailla p\u00e4\u00e4sy\u00e4 naapurimaiden markkinoille ja yritt\u00e4j\u00e4j\u00e4rjest\u00f6t auttavat pk-yritysten edunvalvonnassa sek\u00e4 ovat tienn\u00e4ytt\u00e4ji\u00e4 ja verkostojen luojia rajayhteisty\u00f6ss\u00e4. Yhteisty\u00f6ss\u00e4 muiden toimijoiden kanssa rajaesteit\u00e4 ratkaistaan ja vied\u00e4\u00e4n eteenp\u00e4in. My\u00f6s julkiset organisaatiot ovat kiinnostuneita rajayhteisty\u00f6st\u00e4. Yhteisty\u00f6n aikana on perustettu muutamia tyt\u00e4ryhti\u00f6it\u00e4 ja saatu urakoita; konkreettinen yhteisty\u00f6 on lis\u00e4\u00e4ntynyt.<\/p>\n<p>Kankaanranta ja Koivupalo pyysiv\u00e4t seminaariyleis\u00f6\u00e4 ajattelemaan Pohjoismaita yhten\u00e4 maana, jolloin alue olisi Euroopan viidenneksi suurin talousalue ja yhdenneksitoista suurin koko maailmassa. Yhteisty\u00f6n ja kaupan lis\u00e4\u00e4miseksi Lapin ja Norrbottenin yritysten v\u00e4lill\u00e4 on aloitettu Tienraivaaja-hanke, joka muun muassa luo verkostoa alueellisista elinkeinotoimijoista. Muina toimenpide-ehdotuksina Kankaanranta ja Koivupalo listasivat muun muassa matchmaking ja minimatchmaking -tapahtumia, yritysverkoston luonti, sidosryhmien aktivointi rajat ylitt\u00e4v\u00e4\u00e4n toimintaan, kilpailutus yli rajan sek\u00e4 koulutus- ja tietoiskutilaisuudet yritt\u00e4jille. Lis\u00e4ksi he kannustavat yritt\u00e4ji\u00e4 suhtautumaan hankkeisiin positiivisesti.<\/p>\n<p>Yritt\u00e4j\u00e4 <b>Roger Niemi <\/b>Tornedalens Renprodukter AB -yrityksest\u00e4 kertoi oman menestystarinansa. Niemi kouluttautui vuonna 2005 poronlihan jalostukseen, kehitti muun muassa oman hyvin s\u00e4ilyv\u00e4n porotuotteen ja kasvatti yritykselleen miljoonien liikevaihdon.<\/p>\n<p><b>Juha Alapuranen<\/b> Ylitornion Betoni Oy:st\u00e4 kertoi oman yrityksens\u00e4 menestystarinan. Ylitornion Betoni on tehnyt koulutusyhteisty\u00f6t\u00e4 Ammattiopisto Lappian kanssa jo vuodesta 1992 saakka. Toimitusjohtaja vinkkasi, ett\u00e4 heill\u00e4 on kasvatettu hiljaisina aikoina osaamista, jolloin kilpailukyky ja osaaminen ovat ajan tasalla kaupank\u00e4ynnin taas vilkastuessa. Yritys on laajentanut muuallekin Suomeen ja avaa my\u00f6s t\u00e4n\u00e4 vuonna Haaparannalle elementtitehtaan.<\/p>\n<p>Stora Enson HR Manager <b>Jarmo Okkonen<\/b> piti henkil\u00f6st\u00f6n kehitt\u00e4mist\u00e4 ja kehittymist\u00e4 t\u00e4rke\u00e4n\u00e4 liiketoiminnan kasvussa. H\u00e4n vertasi paikallaan pysymist\u00e4 alasp\u00e4in meneviss\u00e4 rullaportaissa seisomiseen. Kehitett\u00e4v\u00e4 on, jotta pysyy kehityksess\u00e4 mukana, eik\u00e4 \u201cvalu\u201d alasp\u00e4in. Henkil\u00f6st\u00f6n kehitt\u00e4misess\u00e4 johdon on tiedett\u00e4v\u00e4 suunta, mihin ollaan menossa ja tuettava koko organisaation toimintaa siihen suuntaan. Liiketoiminnassa my\u00f6s s\u00e4\u00e4nn\u00f6t muuttuvat jatkuvasti, kun kilpailu on kovaa. Johdon ohjaus ja kontrolli vaikuttavat onnistumiseen joten johtamista tarvitaan. Lis\u00e4ksi ty\u00f6yhteis\u00f6\u00f6n tarvitaan erilaisia ja motivoituneita ihmisi\u00e4 paikallaan polkemisen est\u00e4miseksi.<\/p>\n<p><b>Pirkko Taskinen<\/b> Storvik &amp; Co Oy:st\u00e4 otsikolla Kasvua Norjasta kertoi omista kokemuksistaan Norjan markkinoilla. Pohjois-Suomi on l\u00e4hell\u00e4 muun muassa Barentsinmerelle rakennettavia uusia \u00f6ljynporauslauttoja ja sinne on piakkoin tulossa 20 uutta lisenssi\u00e4, mik\u00e4 tarkoittaisi ensin parikymment\u00e4 vuotta infrastruktuurin ja palvelujen kehitt\u00e4mist\u00e4 ennen kuin porauksia edes voidaan aloittaa. Alueella tarvitaan esimerkiksi metsureita, betonia ja ruokahuoltoa.<\/p>\n<div id=\"attachment_312\" style=\"width: 209px\" class=\"wp-caption alignleft\"><a href=\"https:\/\/blogi.eoppimispalvelut.fi\/ekku\/files\/2016\/01\/Anni_ja_EKKU.jpg\"><img loading=\"lazy\" decoding=\"async\" aria-describedby=\"caption-attachment-312\" class=\"wp-image-312\" src=\"https:\/\/blogi.eoppimispalvelut.fi\/ekku\/files\/2016\/01\/Anni_ja_EKKU.jpg\" alt=\"Anni_ja_EKKU\" width=\"209\" height=\"370\" \/><\/a><p id=\"caption-attachment-312\" class=\"wp-caption-text\"><em>Aikuiskoulutusjohtaja Anni Miettunen esitteli cocktail-pisteiden teemat.<\/em><\/p><\/div>\n<p>Alustajien puheenvuorojen j\u00e4lkeen osallistujat kiersiv\u00e4t teemapisteiss\u00e4 keskustelemassa ja kyselem\u00e4ss\u00e4 ja nauttivat pieni\u00e4 cocktail-paloja. Lopuksi vuorossa oli paneeli, johon osallistuivat suunnittelija ja tiimivastaava Katja Jaako-K\u00f6rkk\u00f6 ja tiimivastaava Sirpa Leinonen Ammattiopisto Lappialta, Katri Kulmuni, Jarmo Okkonen, Pirkko Taskinen, Kari Rekil\u00e4 sek\u00e4 Lapin ammattikorkeakoulun kaupan ja kulttuurin osaamisalan TKI-p\u00e4\u00e4llikk\u00f6 Marika Saranne. Juontaja Julius Of\u00f6rsagd kyseli panelisteilta alustuksista nousseita asioita ja panelisteilta saatiin arvokkaita kommentteja.<\/p>\n<p>T\u00e4rkeimmiksi menestystekij\u00f6iksi paneelissa nousi edelleen kielitaito, moniosaaminen ja ty\u00f6ntekij\u00e4n ammattitaito. My\u00f6s johdon asenne, oikeat kontaktit ja kansainv\u00e4lisyys koettiin t\u00e4rkeiksi. Asiakkaan ymm\u00e4rt\u00e4minen ja aktiivinen l\u00e4sn\u00e4olo ovat my\u00f6s yrityksen menestystekij\u00f6it\u00e4. Mahdollisuuksia on paljon mutta on osattava tehd\u00e4 oikeita valintoja. Rehellinen ja rehti tekeminen, luottamus ja kommunikointi ovat t\u00e4rkeit\u00e4, kuten my\u00f6s itseluottamus. Omalta mukavuusalueelta on poistuttava jotta kehittymist\u00e4 p\u00e4\u00e4see tapahtumaan, yhdess\u00e4 tehden ollaan entist\u00e4 parempia eli olisi hyv\u00e4 my\u00f6s luottaa ja hy\u00f6dynt\u00e4\u00e4 muiden osaamista.<\/p>\n<p>Seminaarin materiaalit l\u00f6ytyv\u00e4t <a href=\"https:\/\/blogi.eoppimispalvelut.fi\/ekku\/2016\/01\/20\/seminaarin-antia-18-1-2016-torniossa\/\" target=\"_blank\">t\u00e4\u00e4lt\u00e4<\/a>.<\/p>\n","protected":false},"excerpt":{"rendered":"<p>EKKU-hankkeessa (Ennakoinnista koulutukseen ja kumppanuuteen) j\u00e4rjestettiin 18.1.2016 seminaari, johon kutsuttiin muun muassa yrityksi\u00e4, joihin on tehty osaamiskartoitus vuoden 2015 aikana. Seminaariin kutsuttiin my\u00f6s EKKU-hankkeessa toimivat koulutuksen j\u00e4rjest\u00e4j\u00e4t, asiantuntijoita sek\u00e4 arvovaltainen joukko alustajia puhumaan. Vuoden 2015 nuori lappilainen yritt\u00e4j\u00e4 Julius Of\u00f6rsagd toimi tilaisuudessa juontajana ja paneelin vet\u00e4j\u00e4n\u00e4. Ensimm\u00e4inen puhuja, torniolainen kansanedustaja Katri Kulmuni puhui muun muassa &hellip; <\/p>\n<p><a class=\"more-link btn\" href=\"https:\/\/blogi.eoppimispalvelut.fi\/ekku\/blogi\/aktivoi-ajatukset-kasvata-katetta-seminaarin-antia-2\/\">Jatka lukemista<\/a><\/p>\n","protected":false},"author":6,"featured_media":0,"parent":173,"menu_order":0,"comment_status":"closed","ping_status":"closed","template":"","meta":{"footnotes":""},"class_list":["post-317","page","type-page","status-publish","hentry","nodate","item-wrap"],"_links":{"self":[{"href":"https:\/\/blogi.eoppimispalvelut.fi\/ekku\/wp-json\/wp\/v2\/pages\/317","targetHints":{"allow":["GET"]}}],"collection":[{"href":"https:\/\/blogi.eoppimispalvelut.fi\/ekku\/wp-json\/wp\/v2\/pages"}],"about":[{"href":"https:\/\/blogi.eoppimispalvelut.fi\/ekku\/wp-json\/wp\/v2\/types\/page"}],"author":[{"embeddable":true,"href":"https:\/\/blogi.eoppimispalvelut.fi\/ekku\/wp-json\/wp\/v2\/users\/6"}],"replies":[{"embeddable":true,"href":"https:\/\/blogi.eoppimispalvelut.fi\/ekku\/wp-json\/wp\/v2\/comments?post=317"}],"version-history":[{"count":5,"href":"https:\/\/blogi.eoppimispalvelut.fi\/ekku\/wp-json\/wp\/v2\/pages\/317\/revisions"}],"predecessor-version":[{"id":343,"href":"https:\/\/blogi.eoppimispalvelut.fi\/ekku\/wp-json\/wp\/v2\/pages\/317\/revisions\/343"}],"up":[{"embeddable":true,"href":"https:\/\/blogi.eoppimispalvelut.fi\/ekku\/wp-json\/wp\/v2\/pages\/173"}],"wp:attachment":[{"href":"https:\/\/blogi.eoppimispalvelut.fi\/ekku\/wp-json\/wp\/v2\/media?parent=317"}],"curies":[{"name":"wp","href":"https:\/\/api.w.org\/{rel}","templated":true}]}}