{"id":54,"date":"2015-06-23T14:53:07","date_gmt":"2015-06-23T11:53:07","guid":{"rendered":"https:\/\/blogi.eoppimispalvelut.fi\/ekku\/?page_id=54"},"modified":"2017-03-09T12:48:48","modified_gmt":"2017-03-09T10:48:48","slug":"materiaalisalkku","status":"publish","type":"page","link":"https:\/\/blogi.eoppimispalvelut.fi\/ekku\/materiaalisalkku\/","title":{"rendered":"Materiaalisalkku"},"content":{"rendered":"<p><strong>T\u00e4lt\u00e4 sivulta l\u00f6ytyy hy\u00f6dyllist\u00e4 tietoa muun muassa ennakoinnista ja koulutuksesta.<\/strong><\/p>\n<p><strong><a href=\"http:\/\/Lapin liiton ennakointisivu\">Lapin liiton ennakointisivu<\/a><\/strong><\/p>\n<p><a href=\"http:\/\/tietokayttoon.fi\/documents\/10616\/3866814\/33_kohti-jaettua-ymmarrysta-tyon-tulevaisuudesta.pdf\/61a65884-3d8e-46ae-adce-dba625067df5?version=1.0\">Valtioneuvoston selvitys: <strong>Kohti jaettua ymm\u00e4rryst\u00e4 ty\u00f6n tulevaisuudesta<\/strong><\/a> 3.3.2017<\/p>\n<p>Valtioneuvoston selvitys:\u00a0<strong><a href=\"http:\/\/tietokayttoon.fi\/documents\/10616\/3866814\/26_Suomen+arktisen+osaamisen+kaupallistamisen%2C+tuotteistamisen%2C+viennin+ja+n%C3%A4kyvyyden+luonnin+esteet%2C+instrumentit+ja+mahdollisuudet.pdf\/7c3db160-8377-4dd5-baa9-4ef43b77ff11?version=1.0\">Suomen arktisen osaamisen kaupallistamisen, tuotteistamisen, viennin ja n\u00e4kyvyyden luonnin esteet, instrumentit ja mahdollisuudet<\/a>\u00a0<\/strong>22.2.2017<\/p>\n<p>&nbsp;<\/p>\n<p><strong>Kauppa ja kulttuuri<\/strong><\/p>\n<p>&nbsp;<\/p>\n<div class=\"textLayer\">\n<div><\/div>\n<div data-canvas-width=\"340.0199999999999\">Ruokaketjun ja v\u00e4hitt\u00e4iskaupan kyselyn<a href=\"https:\/\/blogi.eoppimispalvelut.fi\/ekku\/materiaalisalkku\/kyselyn-tulosten-arviointia-pdf\/\" rel=\"attachment wp-att-149\"> tulosten arviointia (pdf)<\/a><\/div>\n<\/div>\n<p><a href=\"https:\/\/blogi.eoppimispalvelut.fi\/ekku\/materiaalisalkku\/osaamista-nakyvissa_11-5-2015\/\" rel=\"attachment wp-att-61\">Ikkuna osaamistarpeisiin! Kirsti Jokiranta (PowerPoint)<\/a><\/p>\n<p><a href=\"https:\/\/blogi.eoppimispalvelut.fi\/ekku\/materiaalisalkku\/vahittaiskauppa_skenaariotarinat\/\" rel=\"attachment wp-att-331\">V\u00e4hitt\u00e4iskaupan skenaariotarinoita<\/a> (Word)<\/p>\n<p><a href=\"https:\/\/blogi.eoppimispalvelut.fi\/ekku\/materiaalisalkku\/vahittaiskaupan-taustaselvitys-pdf\/\" rel=\"attachment wp-att-153\">V\u00e4hitt\u00e4iskaupan taustaselvitys KPMG (pdf)<\/a>\u00a0ja\u00a0<a href=\"https:\/\/blogi.eoppimispalvelut.fi\/ekku\/materiaalisalkku\/liite-2-taustaselvitykseen-pdf\/\" rel=\"attachment wp-att-150\">Liite 2 taustaselvitykseen (pdf)<\/a><\/p>\n<p>KPMG:n tuore kauppaa koskeva raportti:\u00a0<a href=\"https:\/\/blogi.eoppimispalvelut.fi\/ekku\/materiaalisalkku\/to-stand-still-is-to-fall-behind-2015-global-consumer-executive-top-of-mind-survey\/\" rel=\"attachment wp-att-152\">To Stand Still is to Fall Behind &#8211; 2015 Global Consumer Executive Top of Mind Survey<\/a><\/p>\n<p><a href=\"https:\/\/blogi.eoppimispalvelut.fi\/ekku\/materiaalisalkku\/consumer-currents-pdf\/\" rel=\"attachment wp-att-148\">Consumer Currents (pdf)<\/a>\u00a0Taustakatsaus<\/p>\n<p><a href=\"https:\/\/blogi.eoppimispalvelut.fi\/ekku\/materiaalisalkku\/the-new-normal-of-consumer-behaviour-pdf-1\/\" rel=\"attachment wp-att-151\">The new normal of consumer behaviour (pdf)\u00a0<\/a>Taustakatsaus<\/p>\n<p><a href=\"https:\/\/blogi.eoppimispalvelut.fi\/ekku\/materiaalisalkku\/tilastoja_voimasta-seka-kaupan-ja-hallinnon-alan-koulutuksesta\/\" rel=\"attachment wp-att-163\">Tilastoja_ty\u00f6voimasta sek\u00e4 kaupan ja hallinnon alan koulutuksesta<\/a><\/p>\n<p>&nbsp;<\/p>\n<p><strong>Ennakointi<\/strong><\/p>\n<p>&nbsp;<\/p>\n<p>C&amp;Q- osaamisenhallintaj\u00e4rjestelm\u00e4st\u00e4 saatuja haastattelutietoja v\u00e4hitt\u00e4iskaupan nykyisist\u00e4 ja tulevista osaamistarpeista sek\u00e4 vastavalmistuneiden rekrytoitujen osaamispuutteista:\u00a0<a href=\"https:\/\/blogi.eoppimispalvelut.fi\/ekku\/materiaalisalkku\/vahittaiskaupan_osaamistarpeet_cq\/\" rel=\"attachment wp-att-158\">V\u00e4hitt\u00e4iskaupan_osaamistarpeet_CQ<\/a>\u00a0 (pdf)<\/p>\n<p><a href=\"http:\/\/www.oph.fi\/download\/143985_vose-prosessin_kuvaus.pdf\">Vose-projektissa kehitetyn ennakointimallin kuvaus <\/a>Ulla Taipale-Lehto (www-pdf)<\/p>\n<p><a href=\"https:\/\/blogi.eoppimispalvelut.fi\/ekku\/materiaalisalkku\/liite-5-raija-leena-soderholm\/\" rel=\"attachment wp-att-118\">V\u00e4hitt\u00e4iskaupan kehitys, Minne olemme menossa, Raija-Leena S\u00f6derholm<\/a>\u00a0(PowerPoint)<\/p>\n<p>&nbsp;<\/p>\n<p><strong>Aikuiskoulutus<\/strong><\/p>\n<p>&nbsp;<\/p>\n<p><a href=\"https:\/\/blogi.eoppimispalvelut.fi\/ekku\/materiaalisalkku\/aikuiskoulutus-nyt-ja-tulevaisuudessa-verkkoversio\/\" rel=\"attachment wp-att-75\">Aikuiskoulutus nyt ja tulevaisuudessa <\/a>\u00a0H. Kangastie &amp; O. Kokkonen &amp; K. Rautio (pdf)<\/p>\n<p>&nbsp;<\/p>\n<p>&nbsp;<\/p>\n<p>&nbsp;<\/p>\n<p>&nbsp;<\/p>\n","protected":false},"excerpt":{"rendered":"<p>T\u00e4lt\u00e4 sivulta l\u00f6ytyy hy\u00f6dyllist\u00e4 tietoa muun muassa ennakoinnista ja koulutuksesta. Lapin liiton ennakointisivu Valtioneuvoston selvitys: Kohti jaettua ymm\u00e4rryst\u00e4 ty\u00f6n tulevaisuudesta 3.3.2017 Valtioneuvoston selvitys:\u00a0Suomen arktisen osaamisen kaupallistamisen, tuotteistamisen, viennin ja n\u00e4kyvyyden luonnin esteet, instrumentit ja mahdollisuudet\u00a022.2.2017 &nbsp; Kauppa ja kulttuuri &nbsp; Ruokaketjun ja v\u00e4hitt\u00e4iskaupan kyselyn tulosten arviointia (pdf) Ikkuna osaamistarpeisiin! Kirsti Jokiranta (PowerPoint) V\u00e4hitt\u00e4iskaupan skenaariotarinoita (Word) &hellip; <\/p>\n<p><a class=\"more-link btn\" href=\"https:\/\/blogi.eoppimispalvelut.fi\/ekku\/materiaalisalkku\/\">Jatka lukemista<\/a><\/p>\n","protected":false},"author":6,"featured_media":0,"parent":0,"menu_order":0,"comment_status":"closed","ping_status":"closed","template":"","meta":{"footnotes":""},"class_list":["post-54","page","type-page","status-publish","hentry","nodate","item-wrap"],"_links":{"self":[{"href":"https:\/\/blogi.eoppimispalvelut.fi\/ekku\/wp-json\/wp\/v2\/pages\/54","targetHints":{"allow":["GET"]}}],"collection":[{"href":"https:\/\/blogi.eoppimispalvelut.fi\/ekku\/wp-json\/wp\/v2\/pages"}],"about":[{"href":"https:\/\/blogi.eoppimispalvelut.fi\/ekku\/wp-json\/wp\/v2\/types\/page"}],"author":[{"embeddable":true,"href":"https:\/\/blogi.eoppimispalvelut.fi\/ekku\/wp-json\/wp\/v2\/users\/6"}],"replies":[{"embeddable":true,"href":"https:\/\/blogi.eoppimispalvelut.fi\/ekku\/wp-json\/wp\/v2\/comments?post=54"}],"version-history":[{"count":45,"href":"https:\/\/blogi.eoppimispalvelut.fi\/ekku\/wp-json\/wp\/v2\/pages\/54\/revisions"}],"predecessor-version":[{"id":443,"href":"https:\/\/blogi.eoppimispalvelut.fi\/ekku\/wp-json\/wp\/v2\/pages\/54\/revisions\/443"}],"wp:attachment":[{"href":"https:\/\/blogi.eoppimispalvelut.fi\/ekku\/wp-json\/wp\/v2\/media?parent=54"}],"curies":[{"name":"wp","href":"https:\/\/api.w.org\/{rel}","templated":true}]}}