{"id":1340,"date":"2013-08-27T09:14:20","date_gmt":"2013-08-27T06:14:20","guid":{"rendered":"https:\/\/blogi.eoppimispalvelut.fi\/elavalappi\/?page_id=1340"},"modified":"2014-09-08T14:38:38","modified_gmt":"2014-09-08T11:38:38","slug":"2012-2013","status":"publish","type":"page","link":"https:\/\/blogi.eoppimispalvelut.fi\/elavalappi\/about\/rajalla-living-lab\/2012-2013\/","title":{"rendered":"2012-2013"},"content":{"rendered":"<p style=\"text-align: justify\">Kev\u00e4\u00e4ll\u00e4 2013 liiketalouden aikuisopiskelijaryhm\u00e4 suoritti verkkokurssina Osaaminen, innovaatiot ja liiketoiminta -opintojakson. Kurssin puitteissa toteutettiin k\u00e4yt\u00e4nn\u00f6n toimeksianto ideoiden <strong>uusia palvelukonsepteja Rajalla P\u00e5 Gr\u00e4nsen -kauppakeskukselle<\/strong>.\u00a0Toimeksiannon teemana oli <strong>\u201dkauppakeskus verkossa\u201d<\/strong>, ja palveluita kehitettiin kuuden eri kehitt\u00e4misongelman ymp\u00e4rille, joita olivat:<\/p>\n<ul style=\"text-align: justify\">\n<li>blogit asiakkaiden aktivoinnissa<\/li>\n<li><a href=\"https:\/\/blogi.eoppimispalvelut.fi\/elavalappi\/ideoi-ja-kehita\/innostava-verkkopalaute\/\">innostava verkkopalaute<\/a><\/li>\n<li><a href=\"https:\/\/blogi.eoppimispalvelut.fi\/elavalappi\/ideoi-ja-kehita\/virtuaalinen-lapsiparkki\/\">virtuaalinen lapsiparkki<\/a><\/li>\n<li>virtuaalinen miesparkki<\/li>\n<li><a href=\"https:\/\/blogi.eoppimispalvelut.fi\/elavalappi\/ideoi-ja-kehita\/sosiaalinen-media-kauppakeskuksessa\/\">sosiaalinen media kauppakeskukseSSA<\/a><\/li>\n<li><a href=\"https:\/\/blogi.eoppimispalvelut.fi\/elavalappi\/ideoi-ja-kehita\/kauppakeskuksen-verkkokauppa\/\">kauppakeskuksen verkkokauppa<\/a>.<\/li>\n<\/ul>\n<p style=\"text-align: justify\">Kehitt\u00e4misongelmat pohjautuivat El\u00e4v\u00e4 Lappi -hankkeen ja Rajalla Kauppakeskuksen asiakas- ja k\u00e4ytt\u00e4j\u00e4tutkimuksiin, ja niiden parissa ty\u00f6skenneltiin nelj\u00e4n kuukauden ajan ty\u00f6st\u00e4en uusia liiketoimintakonsepteja.\u00a0Kuudessa ryhm\u00e4ss\u00e4 luotiin suunnitelmallisen innovaatioprosessin tuloksena kuusi erilaista palvelukonseptia, joilla vastataan tulevaisuuden asiakkaiden muuttuviin tarpeisiin.<\/p>\n<p style=\"text-align: justify\"><a href=\"https:\/\/blogi.eoppimispalvelut.fi\/elavalappi\/files\/2012\/05\/kuplarivi.png\"><img decoding=\"async\" alt=\"\" src=\"https:\/\/blogi.eoppimispalvelut.fi\/elavalappi\/files\/2012\/05\/kuplarivi.png\" width=\"601,3\" height=\"33\" \/><\/a><\/p>\n<p style=\"text-align: justify\">Kev\u00e4\u00e4ll\u00e4 2012 ker\u00e4ttyjen <a href=\"https:\/\/blogi.eoppimispalvelut.fi\/elavalappi\/2012\/05\/02\/kesamarkkinoita-kehittamassa\/\">Kes\u00e4markkina-ideoiden<\/a> pohjalta nousi esiin tapahtumakonsepteja, joiden jatkokehitt\u00e4miselle oli tilausta. Tammi-maaliskuussa 2013 Kemi-Tornion ammattikorkeakoulun liiketalouden ensimm\u00e4isen vuosikurssin opiskelijat<br \/>\nideoivat Markkinoinnin perusteet -opintojaksolla\u00a0<b>el\u00e4myksellisi\u00e4 tapahtumia Tornioon<\/b>. Kehitt\u00e4misteht\u00e4v\u00e4 toteutettiin yhteisty\u00f6ss\u00e4 Tornion El\u00e4v\u00e4 Kaupunkikeskusta ry:n kanssa.<\/p>\n<p style=\"text-align: justify\">Opiskelijat suunnittelivat uusia tapahtumia 7 eri teeman mukaan:<\/p>\n<ul style=\"text-align: justify\">\n<li><img loading=\"lazy\" decoding=\"async\" class=\"wp-image-1396 alignright\" alt=\"opiskelijat_1\" src=\"https:\/\/blogi.eoppimispalvelut.fi\/elavalappi\/files\/2013\/08\/opiskelijat_1-300x253.jpg\" width=\"240\" height=\"202\" srcset=\"https:\/\/blogi.eoppimispalvelut.fi\/elavalappi\/files\/2013\/08\/opiskelijat_1-300x253.jpg 300w, https:\/\/blogi.eoppimispalvelut.fi\/elavalappi\/files\/2013\/08\/opiskelijat_1-1024x864.jpg 1024w\" sizes=\"auto, (max-width: 240px) 100vw, 240px\" \/>Raja &#8211;&gt;\u00a0Suomi\u2013Ruotsi<\/li>\n<li>Uusi vuosi<\/li>\n<li>Lasten kes\u00e4tapahtuma<\/li>\n<li>Lasten talvitapahtuma<\/li>\n<li>Per\u00e4pohjola Western-Country<\/li>\n<li>Harrastaminen &amp; harrastukset<\/li>\n<li>Taiteiden y\u00f6 rajalla<\/li>\n<\/ul>\n<p style=\"text-align: justify\">Tapahtumien k\u00e4yt\u00e4nn\u00f6n j\u00e4rjestelyiden suunnittelu ja projektisuunnitelman laatiminen toteutettiin kev\u00e4\u00e4n 2013 aikana Tehokas projektity\u00f6skentely -opintojaksolla.<\/p>\n<p style=\"text-align: justify\">Kaksi tapahtumakonsepteista testattiin ja vietiin k\u00e4yt\u00e4nt\u00f6\u00f6n: Twin City Festivalsin yhteydess\u00e4 17.-20.7.2013 j\u00e4rjestettiin <b>Twinkids rieha<\/b>. <strong>Country &amp; Western maalaismarkkinat <\/strong>-tapahtuma\u00a0puolestaan j\u00e4rjestettiin Tornion Nordbergin M\u00f6lj\u00e4n avajaisten yhteydess\u00e4 31.8.2013.<\/p>\n<p style=\"text-align: justify\"><a href=\"https:\/\/blogi.eoppimispalvelut.fi\/elavalappi\/files\/2012\/05\/kuplarivi.png\"><img decoding=\"async\" alt=\"\" src=\"https:\/\/blogi.eoppimispalvelut.fi\/elavalappi\/files\/2012\/05\/kuplarivi.png\" width=\"601,3\" height=\"33\" \/><\/a><\/p>\n<p style=\"text-align: justify\">Kev\u00e4\u00e4ll\u00e4 2013 toteutettiin Rajalla P\u00e5 Gr\u00e4nsen -kauppakeskuksessa <strong>avoin kehitt\u00e4misty\u00f6paja, jossa kauppakeskuksen asiakkaita osallistettiin ja aktivoitiin el\u00e4myksellisyyden sek\u00e4 moniaistillisuuden kehitt\u00e4misess\u00e4<\/strong>. Non-stop-tyyppisess\u00e4 ty\u00f6pajassa vieraili kolmen p\u00e4iv\u00e4n aikana noin 150 henke\u00e4.<\/p>\n<p style=\"text-align: justify\">Tarjolla oli erilaisia palvelumuotoilusta tuttuja v\u00e4lineit\u00e4 ja ty\u00f6kaluja el\u00e4myksellisyyden <a href=\"https:\/\/blogi.eoppimispalvelut.fi\/elavalappi\/files\/2013\/08\/IMG_9459.jpg\"><img loading=\"lazy\" decoding=\"async\" class=\"size-medium wp-image-1392 alignleft\" alt=\"IMG_9459\" src=\"https:\/\/blogi.eoppimispalvelut.fi\/elavalappi\/files\/2013\/08\/IMG_9459-300x200.jpg\" width=\"300\" height=\"200\" srcset=\"https:\/\/blogi.eoppimispalvelut.fi\/elavalappi\/files\/2013\/08\/IMG_9459-300x200.jpg 300w, https:\/\/blogi.eoppimispalvelut.fi\/elavalappi\/files\/2013\/08\/IMG_9459-1024x682.jpg 1024w\" sizes=\"auto, (max-width: 300px) 100vw, 300px\" \/><\/a>havainnollistamiseen. Asiakkaat p\u00e4\u00e4siv\u00e4t muun muassa rakentamaan pahvista oman unelmakauppakeskuksensa, ja ideoitaan pystyi jakamaan jo pelk\u00e4st\u00e4\u00e4n karkki-paperi\u00e4\u00e4nestyksess\u00e4.<\/p>\n<p style=\"text-align: justify\">Ty\u00f6pajan j\u00e4rjest\u00e4miseen osallistui my\u00f6s Kemi-Tornion ammattikorkeakoulun liiketalouden toisen vuosikurssin opiskelijoita osana Asiakkuuksien hallinta ja arvonmyynti -opintojaksoa.<b> <\/b>Yhteisty\u00f6ss\u00e4 kehitt\u00e4misteht\u00e4v\u00e4n toteutukseen osallistui lis\u00e4ksi kansainv\u00e4linen IDeALL-hanke, jossa Lapin yliopisto on mukana.<\/p>\n<p><iframe loading=\"lazy\" title=\"Rajalla P\u00e5 Gr\u00e4nsen -kauppakeskuksen el\u00e4myksellisyyden kehitt\u00e4minen\" width=\"640\" height=\"360\" src=\"https:\/\/www.youtube.com\/embed\/QoCz_gVYBO0?feature=oembed\" frameborder=\"0\" allow=\"accelerometer; autoplay; clipboard-write; encrypted-media; gyroscope; picture-in-picture; web-share\" referrerpolicy=\"strict-origin-when-cross-origin\" allowfullscreen><\/iframe><\/p>\n<p style=\"text-align: justify\"><a href=\"https:\/\/blogi.eoppimispalvelut.fi\/elavalappi\/files\/2012\/05\/kuplarivi.png\"><img decoding=\"async\" alt=\"\" src=\"https:\/\/blogi.eoppimispalvelut.fi\/elavalappi\/files\/2012\/05\/kuplarivi.png\" width=\"601,3\" height=\"33\" \/><\/a><\/p>\n<p style=\"text-align: justify\">Tornion ja Haaparannan ydinkeskustojen el\u00e4vyytt\u00e4 kartoitettiin kev\u00e4\u00e4ll\u00e4 2013 osana <strong>El\u00e4v\u00e4t Kaupunkikeskustat ry:n valtakunnallista<\/strong> <strong>el\u00e4vyysmittausprojektia<\/strong>.<\/p>\n<p>El\u00e4vyysmittaustutkimuksessa selvitettiin kymmenen eri tutkimustekij\u00e4\u00e4. Tilastollista tietoa ker\u00e4ttiin muun muassa majoituspaikoista, ydinkeskusta-alueen asukasm\u00e4\u00e4rist\u00e4, julkisista kehitt\u00e4misinvestoinneista, elokuvissa k\u00e4vij\u00f6iden m\u00e4\u00e4rist\u00e4, kulttuurin istuma- <a href=\"https:\/\/blogi.eoppimispalvelut.fi\/elavalappi\/files\/2013\/09\/el\u00e4vyysmittaus_opiskelijat_1.jpg\"><img loading=\"lazy\" decoding=\"async\" class=\"size-medium wp-image-1370 alignright\" alt=\"el\u00e4vyysmittaus_opiskelijat_1\" src=\"https:\/\/blogi.eoppimispalvelut.fi\/elavalappi\/files\/2013\/09\/el\u00e4vyysmittaus_opiskelijat_1-300x171.jpg\" width=\"300\" height=\"171\" srcset=\"https:\/\/blogi.eoppimispalvelut.fi\/elavalappi\/files\/2013\/09\/el\u00e4vyysmittaus_opiskelijat_1-300x171.jpg 300w, https:\/\/blogi.eoppimispalvelut.fi\/elavalappi\/files\/2013\/09\/el\u00e4vyysmittaus_opiskelijat_1-1024x584.jpg 1024w, https:\/\/blogi.eoppimispalvelut.fi\/elavalappi\/files\/2013\/09\/el\u00e4vyysmittaus_opiskelijat_1.jpg 1391w\" sizes=\"auto, (max-width: 300px) 100vw, 300px\" \/><\/a>ja seisomapaikoista sek\u00e4 l\u00e4hijoukkoliikennetuesta.<\/p>\n<p style=\"text-align: justify\">T\u00e4m\u00e4n lis\u00e4ksi ydinkeskusta-alueella selvitettiin ravintoloiden ja kahviloiden asiakaspaikkam\u00e4\u00e4ri\u00e4, asiakasautopaikkojen m\u00e4\u00e4ri\u00e4 sek\u00e4 yritysten kehitt\u00e4mis-investointeja ja aukioloa lauantaisin.<\/p>\n<p style=\"text-align: justify\">Kentt\u00e4tutkimuksen suorittivat Kemi-Tornion ammattikorkeakoulun liiketalouden opiskelijat, jotka jalkautuivat haastattelemaan paikallisia yritt\u00e4ji\u00e4 ja yritysten ty\u00f6ntekij\u00f6it\u00e4. El\u00e4vyysmittaus integroitiin osaksi Liikesuhteet ja verkostot -opintojaksoa.<\/p>\n<p style=\"text-align: justify\">Yhteisty\u00f6t\u00e4 ammattikorkeakoulun kanssa el\u00e4vyysmittauksen osalta jatketaan my\u00f6s tulevina vuosina.<\/p>\n<p><iframe loading=\"lazy\" title=\"Tornion ja Haaparannan kaupunkikeskustojen ela\u0308vyysmittaus\" width=\"640\" height=\"360\" src=\"https:\/\/www.youtube.com\/embed\/7intgZpWlWw?feature=oembed\" frameborder=\"0\" allow=\"accelerometer; autoplay; clipboard-write; encrypted-media; gyroscope; picture-in-picture; web-share\" referrerpolicy=\"strict-origin-when-cross-origin\" allowfullscreen><\/iframe><\/p>\n<p style=\"text-align: justify\">Artikkeli el\u00e4vyysmittauksen toteuttamisesta julkaistiin <a href=\"http:\/\/issuu.com\/lounaislappi\/docs\/ll8.8.2013\">Lounais-Lappi-lehdess\u00e4 8.8.2013<\/a>, s. 14.<\/p>\n<p style=\"text-align: justify\">\u00a0<a href=\"https:\/\/blogi.eoppimispalvelut.fi\/elavalappi\/files\/2012\/05\/kuplarivi.png\"><img decoding=\"async\" alt=\"\" src=\"https:\/\/blogi.eoppimispalvelut.fi\/elavalappi\/files\/2012\/05\/kuplarivi.png\" width=\"601,3\" height=\"33\" \/><\/a><\/p>\n<p style=\"text-align: justify\">Kev\u00e4\u00e4ll\u00e4 2013 aikana valmistui kaksi opinn\u00e4ytety\u00f6t\u00e4, jotka toteutettiin yhteisty\u00f6ss\u00e4 El\u00e4v\u00e4 Lappi -hankkeen ja Rajalla P\u00e5 Gr\u00e4nsen -kauppakeskuksen kanssa. Molempien tutkimusten kohderyhm\u00e4n\u00e4 olivat <b>kauppakeskuksen k\u00e4ytt\u00e4j\u00e4asiakkaat.<\/b><\/p>\n<p style=\"text-align: justify\">Liiketalouden opiskelijat <b>Miia Miettunen<\/b> ja <b>Johanna M\u00e4kel\u00e4<\/b> toteuttivat k\u00e4ytt\u00e4j\u00e4l\u00e4ht\u00f6isen tutkimuksen, jossa tarkastelun kohteena oli <strong>Rajalla P\u00e5 Gr\u00e4nsen &#8211;<a href=\"https:\/\/blogi.eoppimispalvelut.fi\/elavalappi\/files\/2013\/08\/4.jpg\"><img loading=\"lazy\" decoding=\"async\" class=\"size-medium wp-image-1390 alignleft\" alt=\"4\" src=\"https:\/\/blogi.eoppimispalvelut.fi\/elavalappi\/files\/2013\/08\/4-300x199.jpg\" width=\"300\" height=\"199\" srcset=\"https:\/\/blogi.eoppimispalvelut.fi\/elavalappi\/files\/2013\/08\/4-300x199.jpg 300w, https:\/\/blogi.eoppimispalvelut.fi\/elavalappi\/files\/2013\/08\/4.jpg 800w\" sizes=\"auto, (max-width: 300px) 100vw, 300px\" \/><\/a>kauppakeskuksen imago<\/strong>. Imago-tutkimus toteutettiin laadullisesta n\u00e4k\u00f6kulmasta, ja sit\u00e4 varten haastateltiin helmikuussa 2013 kauppakeskuksessa 30 asiakasta. Haastattelun yhteydess\u00e4 oli erilaisia visuaalisia materiaaleja, esimerkiksi valokuvia, ajatuspilvi\u00e4 sein\u00e4ll\u00e4 sek\u00e4 l\u00e4mp\u00f6mittari, jonka avulla sai antaa oman arvionsa kauppakeskuksen imagosta.<\/p>\n<p style=\"text-align: justify\"><strong>Kauppakeskuksen asiakasprofiilitutkimuksen<\/strong> toteuttamisesta vastasivat liike-talouden opiskelijat <b>Jenni Kangas<\/b> ja <b>Heidi Pikkuhookana<\/b>. Tutkimusote oli m\u00e4\u00e4r\u00e4llinen, ja syksyn 2012 sek\u00e4 kev\u00e4\u00e4n 2013 aikana haastateltiin kauppakeskuksessa yli 300 asiakasta. Tutkimuksen tavoitteena oli selvitt\u00e4\u00e4, millainen on Rajalla P\u00e5 Gr\u00e4nsen -kauppakeskuksen tyypillinen asiakas, sek\u00e4 tuottaa tietoa asiakkaiden asiointik\u00e4ytt\u00e4ytymisest\u00e4.<\/p>\n<p style=\"text-align: justify\">Miia Miettunen\u00a0ja\u00a0Johanna M\u00e4kel\u00e4 (2013):<b>\u00a0<\/b><a href=\"http:\/\/urn.fi\/URN:NBN:fi:amk-2013052811418\">Kauppakeskus Rajalla P\u00e5 Gr\u00e4nsen: Imagotutkimus<\/a><\/p>\n<p style=\"text-align: justify\">Jenni Kangas ja Heidi Pikkuhookana: Rajalla P\u00e5 Gr\u00e4nsen &#8211; kauppakeskuksen asiakasprofiilitutkimus<\/p>\n<p style=\"text-align: justify\">Artikkeli opinn\u00e4ytet\u00f6ist\u00e4 ja yhteisty\u00f6st\u00e4 kauppakeskuksen kanssa julkaistiin\u00a0<a href=\"http:\/\/issuu.com\/lounaislappi\/docs\/11.7.2013\">Lounais-Lappi-lehdess\u00e4 11.7.2013<\/a>, s. 18-19.<\/p>\n","protected":false},"excerpt":{"rendered":"<p>Kev\u00e4\u00e4ll\u00e4 2013 liiketalouden aikuisopiskelijaryhm\u00e4 suoritti verkkokurssina Osaaminen, innovaatiot ja liiketoiminta -opintojakson. Kurssin puitteissa toteutettiin k\u00e4yt\u00e4nn\u00f6n toimeksianto ideoiden uusia palvelukonsepteja Rajalla P\u00e5 Gr\u00e4nsen -kauppakeskukselle.\u00a0Toimeksiannon teemana oli \u201dkauppakeskus verkossa\u201d, ja palveluita kehitettiin kuuden eri kehitt\u00e4misongelman ymp\u00e4rille, joita olivat: blogit asiakkaiden aktivoinnissa innostava &hellip; <a href=\"https:\/\/blogi.eoppimispalvelut.fi\/elavalappi\/about\/rajalla-living-lab\/2012-2013\/\">Continue reading <span class=\"meta-nav\">&rarr;<\/span><\/a><\/p>\n","protected":false},"author":594,"featured_media":0,"parent":520,"menu_order":2,"comment_status":"closed","ping_status":"closed","template":"","meta":{"footnotes":""},"class_list":["post-1340","page","type-page","status-publish","hentry"],"_links":{"self":[{"href":"https:\/\/blogi.eoppimispalvelut.fi\/elavalappi\/wp-json\/wp\/v2\/pages\/1340","targetHints":{"allow":["GET"]}}],"collection":[{"href":"https:\/\/blogi.eoppimispalvelut.fi\/elavalappi\/wp-json\/wp\/v2\/pages"}],"about":[{"href":"https:\/\/blogi.eoppimispalvelut.fi\/elavalappi\/wp-json\/wp\/v2\/types\/page"}],"author":[{"embeddable":true,"href":"https:\/\/blogi.eoppimispalvelut.fi\/elavalappi\/wp-json\/wp\/v2\/users\/594"}],"replies":[{"embeddable":true,"href":"https:\/\/blogi.eoppimispalvelut.fi\/elavalappi\/wp-json\/wp\/v2\/comments?post=1340"}],"version-history":[{"count":32,"href":"https:\/\/blogi.eoppimispalvelut.fi\/elavalappi\/wp-json\/wp\/v2\/pages\/1340\/revisions"}],"predecessor-version":[{"id":1403,"href":"https:\/\/blogi.eoppimispalvelut.fi\/elavalappi\/wp-json\/wp\/v2\/pages\/1340\/revisions\/1403"}],"up":[{"embeddable":true,"href":"https:\/\/blogi.eoppimispalvelut.fi\/elavalappi\/wp-json\/wp\/v2\/pages\/520"}],"wp:attachment":[{"href":"https:\/\/blogi.eoppimispalvelut.fi\/elavalappi\/wp-json\/wp\/v2\/media?parent=1340"}],"curies":[{"name":"wp","href":"https:\/\/api.w.org\/{rel}","templated":true}]}}