{"id":1497,"date":"2016-08-17T09:31:48","date_gmt":"2016-08-17T06:31:48","guid":{"rendered":"https:\/\/blogi.eoppimispalvelut.fi\/elavalappi\/?page_id=1497"},"modified":"2017-03-01T12:13:44","modified_gmt":"2017-03-01T09:13:44","slug":"valkky-mobiilisovellus","status":"publish","type":"page","link":"https:\/\/blogi.eoppimispalvelut.fi\/elavalappi\/valkky-mobiilisovellus\/","title":{"rendered":"V\u00c4LKKY-mobiilisovellus"},"content":{"rendered":"<p><strong>V\u00c4LKKY<\/strong>-sovellus on\u00a0Tornion asukkaille, yritt\u00e4jille, kulttuuritoimijoille ja matkailijoille yhdess\u00e4 k\u00e4ytt\u00e4jien kanssa kehitett\u00e4v\u00e4 fiksu sovellus, jonka avulla\u00a0asukkaat ja matkailijat saavat tietoonsa alueen tapahtuma- ja muuta tarjontaa.<\/p>\n<p>Hankkeessa, jossa V\u00c4LKKY\u00e4 kehitet\u00e4\u00e4n,\u00a0syntyy my\u00f6s uutta tapaa toimia \u00e4lykk\u00e4\u00e4n\u00a0kaupungin tapahtumien ja kohteiden markkinoinnissa ja tiedon levitt\u00e4misess\u00e4. Hy\u00f6dynt\u00e4jien, mahdollistajien,\u00a0kehitt\u00e4jien ja k\u00e4ytt\u00e4jien aktiivisuus l\u00e4pi hankkeen on t\u00e4rke\u00e4\u00e4 tiedon keruun ja palautteen n\u00e4k\u00f6kulmasta. Kuntalaisten osallistuminen oman kaupunkimme kehitt\u00e4miseen on t\u00e4rke\u00e4\u00e4 kaikkien viihtyvyyden kannalta.<\/p>\n<p><strong>V\u00c4LKKY<\/strong>-mobiilisovellus on <strong>Digitaaliset \u00e4lykk\u00e4\u00e4t mobiiliratkaisut<\/strong> -hankkeen p\u00e4\u00e4tulos.<\/p>\n<div id=\"attachment_1499\" style=\"width: 853px\" class=\"wp-caption alignleft\"><img loading=\"lazy\" decoding=\"async\" aria-describedby=\"caption-attachment-1499\" class=\"wp-image-1499 size-full\" src=\"https:\/\/blogi.eoppimispalvelut.fi\/elavalappi\/files\/2016\/08\/metromap.jpg\" alt=\"metromap\" width=\"843\" height=\"420\" srcset=\"https:\/\/blogi.eoppimispalvelut.fi\/elavalappi\/files\/2016\/08\/metromap.jpg 843w, https:\/\/blogi.eoppimispalvelut.fi\/elavalappi\/files\/2016\/08\/metromap-300x149.jpg 300w, https:\/\/blogi.eoppimispalvelut.fi\/elavalappi\/files\/2016\/08\/metromap-768x383.jpg 768w\" sizes=\"auto, (max-width: 843px) 100vw, 843px\" \/><p id=\"caption-attachment-1499\" class=\"wp-caption-text\">Kuvassa mukaeltu &#8220;Kulttuurin metrokartta&#8221;, V\u00c4LKKY-sovelluksen idean pohja. Asukkaat ja matkailijat saavat mobiililaitteeseensa tietoja Tornion alueen palvelu- ja kulttuuritarjonnasta.<\/p><\/div>\n<p>&nbsp;<\/p>\n<p>&nbsp;<br \/>\n&nbsp;<\/p>\n<p>&nbsp;<\/p>\n<p>&nbsp;<\/p>\n<p>&nbsp;<\/p>\n<p>&nbsp;<\/p>\n<p>&nbsp;<\/p>\n<p>&nbsp;<\/p>\n","protected":false},"excerpt":{"rendered":"<p>V\u00c4LKKY-sovellus on\u00a0Tornion asukkaille, yritt\u00e4jille, kulttuuritoimijoille ja matkailijoille yhdess\u00e4 k\u00e4ytt\u00e4jien kanssa kehitett\u00e4v\u00e4 fiksu sovellus, jonka avulla\u00a0asukkaat ja matkailijat saavat tietoonsa alueen tapahtuma- ja muuta tarjontaa. Hankkeessa, jossa V\u00c4LKKY\u00e4 kehitet\u00e4\u00e4n,\u00a0syntyy my\u00f6s uutta tapaa toimia \u00e4lykk\u00e4\u00e4n\u00a0kaupungin tapahtumien ja kohteiden markkinoinnissa ja tiedon levitt\u00e4misess\u00e4. &hellip; <a href=\"https:\/\/blogi.eoppimispalvelut.fi\/elavalappi\/valkky-mobiilisovellus\/\">Continue reading <span class=\"meta-nav\">&rarr;<\/span><\/a><\/p>\n","protected":false},"author":6,"featured_media":0,"parent":0,"menu_order":0,"comment_status":"closed","ping_status":"closed","template":"","meta":{"footnotes":""},"class_list":["post-1497","page","type-page","status-publish","hentry"],"_links":{"self":[{"href":"https:\/\/blogi.eoppimispalvelut.fi\/elavalappi\/wp-json\/wp\/v2\/pages\/1497","targetHints":{"allow":["GET"]}}],"collection":[{"href":"https:\/\/blogi.eoppimispalvelut.fi\/elavalappi\/wp-json\/wp\/v2\/pages"}],"about":[{"href":"https:\/\/blogi.eoppimispalvelut.fi\/elavalappi\/wp-json\/wp\/v2\/types\/page"}],"author":[{"embeddable":true,"href":"https:\/\/blogi.eoppimispalvelut.fi\/elavalappi\/wp-json\/wp\/v2\/users\/6"}],"replies":[{"embeddable":true,"href":"https:\/\/blogi.eoppimispalvelut.fi\/elavalappi\/wp-json\/wp\/v2\/comments?post=1497"}],"version-history":[{"count":10,"href":"https:\/\/blogi.eoppimispalvelut.fi\/elavalappi\/wp-json\/wp\/v2\/pages\/1497\/revisions"}],"predecessor-version":[{"id":1570,"href":"https:\/\/blogi.eoppimispalvelut.fi\/elavalappi\/wp-json\/wp\/v2\/pages\/1497\/revisions\/1570"}],"wp:attachment":[{"href":"https:\/\/blogi.eoppimispalvelut.fi\/elavalappi\/wp-json\/wp\/v2\/media?parent=1497"}],"curies":[{"name":"wp","href":"https:\/\/api.w.org\/{rel}","templated":true}]}}