{"id":2,"date":"2011-01-28T13:13:31","date_gmt":"2011-01-28T10:13:31","guid":{"rendered":"https:\/\/blogi.eoppimispalvelut.fi\/elavalappi\/?page_id=2"},"modified":"2014-09-08T15:08:01","modified_gmt":"2014-09-08T12:08:01","slug":"about","status":"publish","type":"page","link":"https:\/\/blogi.eoppimispalvelut.fi\/elavalappi\/about\/","title":{"rendered":"El\u00e4v\u00e4 Lappi 2010-2013"},"content":{"rendered":"<p><a href=\"https:\/\/blogi.eoppimispalvelut.fi\/elavalappi\/files\/2011\/08\/Blogi_header2.jpg\"><img loading=\"lazy\" decoding=\"async\" class=\"aligncenter wp-image-290 size-full\" src=\"https:\/\/blogi.eoppimispalvelut.fi\/elavalappi\/files\/2011\/08\/Blogi_header2.jpg\" alt=\"Blogi_header2.jpg\" width=\"940\" height=\"198\" srcset=\"https:\/\/blogi.eoppimispalvelut.fi\/elavalappi\/files\/2011\/08\/Blogi_header2.jpg 940w, https:\/\/blogi.eoppimispalvelut.fi\/elavalappi\/files\/2011\/08\/Blogi_header2-300x63.jpg 300w\" sizes=\"auto, (max-width: 940px) 100vw, 940px\" \/><\/a><\/p>\n<p>Vuosina 2010-2013 \u00a0toteutettu El\u00e4v\u00e4 Lappi -hanke oli\u00a0Lapin korkeakoulujen yhteinen Living Lab -kokonaisuus, jossa kehitettiin ostos-, liikunta- ja luontomatkailupalveluja yhteiskehitt\u00e4misen menetelmin. Hankkeessa toteutettiin kaksi pilottia,\u00a0<a href=\"https:\/\/blogi.eoppimispalvelut.fi\/elavalappi\/rajalla-living-lab\/\">Rajalla Living Lab Torniossa<\/a>\u00a0ja\u00a0<a href=\"https:\/\/blogi.eoppimispalvelut.fi\/elavalappi\/ounasvaara-living-lab\/\">Ounasvaara Living Lab Rovaniemell\u00e4<\/a>, joissa k\u00e4yt\u00e4nn\u00f6n toteutusten kautta luotiin yhdess\u00e4 k\u00e4ytt\u00e4j\u00e4l\u00e4ht\u00f6isen kehitt\u00e4misen toimintamallia.<\/p>\n<p>Hanke ja t\u00e4m\u00e4 sivusto on toteutettu<strong>\u00a0Lapin Liiton EAKR-<\/strong>rahoituksella, muita rahoittajia olivat <a title=\"Lapin amk\" href=\"http:\/\/www.lapinamk.fi\" target=\"_blank\">Lapin ammattikorkeakoulun<\/a> edelt\u00e4j\u00e4t\u00a0Kemi-Tornion\u00a0ja\u00a0Rovaniemen ammattikorkeakoulut,\u00a0<a title=\"LY\" href=\"http:\/\/www.ulapland.fi\/Suomeksi.iw3\" target=\"_blank\">Lapin yliopisto<\/a>,\u00a0<a title=\"Santasport\" href=\"http:\/\/www.santasport.fi\/index.php?name=Content&amp;nodeIDX=7\" target=\"_blank\">Santasport<\/a>,\u00a0<a title=\"Rajalla\" href=\"http:\/\/www.rajalla.com\/\" target=\"_blank\">Rajalla kauppakeskus\/yritt\u00e4j\u00e4yhdistys<\/a>,\u00a0<a title=\"Ounasvaaran hiihtokeskus\" href=\"http:\/\/www.ounasvaara.fi\/index.php?name=Content&amp;nodeIDX=102\" target=\"_blank\">Ounasvaaran Hiihtokeskuskus Oy<\/a>\u00a0ja\u00a0<a title=\"Ounasvaaran pirtit\" href=\"http:\/\/www.ounasvaaranpirtit.fi\/pages\/fi\/etusivu.php\" target=\"_blank\">Ounasvaaran Pirtit<\/a>.<\/p>\n<div>\n<iframe loading=\"lazy\" src=\"https:\/\/www.slideshare.net\/slideshow\/embed_code\/9731240\" width=\"640\" height=\"519\" frameborder=\"0\" marginwidth=\"0\" marginheight=\"0\" scrolling=\"no\"><\/iframe><br\/>\n<\/div>\n<p><strong>El\u00e4v\u00e4 Lappi Project Introduction<\/strong><\/p>\n<p>El\u00e4v\u00e4 Lappi project was\u00a0a Living Lab project of Lapland University Consortium (2010-2013). There were\u00a0two Living Lab pilots, Rajalla Living Lab in Tornio and Ounasvaara Living Lab in Rovaniemi. The main focus was\u00a0to develop and design services for shopping, sport and nature tourism together with all the participants; universities, service providers, customers and users.<\/p>\n<p>The project and this site\u00a0was funded by\u00a0<a href=\"http:\/\/www.rakennerahastot.fi\/rakennerahastot\/en\/index.jsp\" target=\"_blank\">European Regional Development Fund (ERDF)<\/a>\u00a0and granted by the\u00a0<a href=\"http:\/\/www.lapinliitto.fi\/en\" target=\"_blank\">Regional Council of Lapland<\/a>. The other sponsors were\u00a0the\u00a0Kemi-Tornio\u00a0and\u00a0Rovaniemi\u00a0Universities of Applied Sciences (from 1.1.2014 forward <a title=\"Lapland UAS\" href=\"http:\/\/www.lapinamk.fi\/en\" target=\"_blank\">Lapland UAS<\/a>),\u00a0<a href=\"http:\/\/www.ulapland.fi\/InEnglish.iw3\" target=\"_blank\">University of Lapland<\/a>,\u00a0<a title=\"Santasport\" href=\"http:\/\/www.santasport.fi\/index.php?name=Content&amp;nodeIDX=7\" target=\"_blank\">Santasport<\/a>,\u00a0<a title=\"Rajalla\" href=\"http:\/\/www.rajalla.com\/\" target=\"_blank\">Rajalla Shopping centre<\/a>,\u00a0<a href=\"http:\/\/www.ounasvaara.fi\/index.php?name=Content&amp;nodeIDX=102\" target=\"_blank\">Ounasvaara Ski Resort<\/a>\u00a0ja\u00a0<a href=\"http:\/\/www.ounasvaaranpirtit.fi\/pages\/en\/home.php\" target=\"_blank\">Ounasvaaran Pirtit<\/a>.<\/p>\n<iframe loading=\"lazy\" src=\"https:\/\/www.slideshare.net\/slideshow\/embed_code\/19049948\" width=\"640\" height=\"519\" frameborder=\"0\" marginwidth=\"0\" marginheight=\"0\" scrolling=\"no\"><\/iframe><br\/>\n<p><a href=\"https:\/\/blogi.eoppimispalvelut.fi\/elavalappi\/files\/2011\/08\/Blogi_kuplarivi1.png\"><img loading=\"lazy\" decoding=\"async\" src=\"https:\/\/blogi.eoppimispalvelut.fi\/elavalappi\/files\/2011\/08\/Blogi_kuplarivi1.png\" alt=\"\" width=\"654\" height=\"48\" \/><\/a><\/p>\n","protected":false},"excerpt":{"rendered":"<p>Vuosina 2010-2013 \u00a0toteutettu El\u00e4v\u00e4 Lappi -hanke oli\u00a0Lapin korkeakoulujen yhteinen Living Lab -kokonaisuus, jossa kehitettiin ostos-, liikunta- ja luontomatkailupalveluja yhteiskehitt\u00e4misen menetelmin. Hankkeessa toteutettiin kaksi pilottia,\u00a0Rajalla Living Lab Torniossa\u00a0ja\u00a0Ounasvaara Living Lab Rovaniemell\u00e4, joissa k\u00e4yt\u00e4nn\u00f6n toteutusten kautta luotiin yhdess\u00e4 k\u00e4ytt\u00e4j\u00e4l\u00e4ht\u00f6isen kehitt\u00e4misen toimintamallia. Hanke &hellip; <a href=\"https:\/\/blogi.eoppimispalvelut.fi\/elavalappi\/about\/\">Continue reading <span class=\"meta-nav\">&rarr;<\/span><\/a><\/p>\n","protected":false},"author":69,"featured_media":0,"parent":0,"menu_order":5,"comment_status":"closed","ping_status":"closed","template":"","meta":{"footnotes":""},"class_list":["post-2","page","type-page","status-publish","hentry"],"_links":{"self":[{"href":"https:\/\/blogi.eoppimispalvelut.fi\/elavalappi\/wp-json\/wp\/v2\/pages\/2","targetHints":{"allow":["GET"]}}],"collection":[{"href":"https:\/\/blogi.eoppimispalvelut.fi\/elavalappi\/wp-json\/wp\/v2\/pages"}],"about":[{"href":"https:\/\/blogi.eoppimispalvelut.fi\/elavalappi\/wp-json\/wp\/v2\/types\/page"}],"author":[{"embeddable":true,"href":"https:\/\/blogi.eoppimispalvelut.fi\/elavalappi\/wp-json\/wp\/v2\/users\/69"}],"replies":[{"embeddable":true,"href":"https:\/\/blogi.eoppimispalvelut.fi\/elavalappi\/wp-json\/wp\/v2\/comments?post=2"}],"version-history":[{"count":69,"href":"https:\/\/blogi.eoppimispalvelut.fi\/elavalappi\/wp-json\/wp\/v2\/pages\/2\/revisions"}],"predecessor-version":[{"id":1470,"href":"https:\/\/blogi.eoppimispalvelut.fi\/elavalappi\/wp-json\/wp\/v2\/pages\/2\/revisions\/1470"}],"wp:attachment":[{"href":"https:\/\/blogi.eoppimispalvelut.fi\/elavalappi\/wp-json\/wp\/v2\/media?parent=2"}],"curies":[{"name":"wp","href":"https:\/\/api.w.org\/{rel}","templated":true}]}}