{"id":12,"date":"2016-06-30T15:57:25","date_gmt":"2016-06-30T12:57:25","guid":{"rendered":"https:\/\/blogi.eoppimispalvelut.fi\/elma\/?page_id=12"},"modified":"2016-10-02T23:35:59","modified_gmt":"2016-10-02T20:35:59","slug":"yhteydenotot","status":"publish","type":"page","link":"https:\/\/blogi.eoppimispalvelut.fi\/elma\/yhteydenotot\/","title":{"rendered":"Yhteystiedot"},"content":{"rendered":"<p><strong>LAPIN AMK, P\u00c4\u00c4TOTEUTTAJA (EL\u00c4INTEN HYVINVOINTI), spostit muotoa etunimi.sukunimi@lapinamk.f<\/strong>i<\/p>\n<p><strong>Karoliina Majuri<\/strong>, projektisuunnittelija, puh. 040 702 0272<\/p>\n<p><strong>Eija Raasakka<\/strong>, projektip\u00e4\u00e4llikk\u00f6, puh. 040 709 8160<\/p>\n<p><strong>Outi K\u00e4hk\u00f6nen<\/strong>, lehtori, asiantuntija, puh. 040 710 6410<\/p>\n<p><strong>Veikko Maijala<\/strong>, lehtori, asiantuntija, puh. 040 706 1699<\/p>\n<p>&nbsp;<\/p>\n<p><strong>LAPIN YLIOPISTO (MATKAILUN LIIKETOIMINTA), spostit muotoa etunimi.sukunimi@ulapland.fi<\/strong><\/p>\n<p><strong>Mikko \u00c4ij\u00e4l\u00e4<\/strong>, projektisuunnittelija, puh. 040 484 4481<\/p>\n<p><strong>Jose-Carlos Garcia-Rosell<\/strong>, yliopistonlehtori, asiantuntija, puh. 040 484 4190<\/p>\n<p><strong>Minni Haanp\u00e4\u00e4<\/strong>, yliopisto-opettaja, asiantuntija, puh. 040 484 4192<\/p>\n<p><strong>Maria Hakkarainen<\/strong>, tutkija, asiantuntija, puh. 040 484 4213<\/p>\n<p><strong>Jaana Ojuva<\/strong>, viestint\u00e4suunnittelija, puh. 040 484 4155<\/p>\n","protected":false},"excerpt":{"rendered":"<p>LAPIN AMK, P\u00c4\u00c4TOTEUTTAJA (EL\u00c4INTEN HYVINVOINTI), spostit muotoa etunimi.sukunimi@lapinamk.fi Karoliina Majuri, projektisuunnittelija, puh. 040 702 0272 Eija Raasakka, projektip\u00e4\u00e4llikk\u00f6, puh. 040 709 8160 Outi K\u00e4hk\u00f6nen, lehtori, asiantuntija, puh. 040 710 6410 Veikko Maijala, lehtori, asiantuntija, puh. 040 706 1699 &nbsp; LAPIN YLIOPISTO (MATKAILUN LIIKETOIMINTA), spostit muotoa etunimi.sukunimi@ulapland.fi Mikko \u00c4ij\u00e4l\u00e4, projektisuunnittelija, puh. 040 484 4481 Jose-Carlos Garcia-Rosell, [&hellip;]<\/p>\n","protected":false},"author":31,"featured_media":0,"parent":0,"menu_order":0,"comment_status":"closed","ping_status":"closed","template":"","meta":{"footnotes":""},"class_list":["post-12","page","type-page","status-publish","hentry"],"_links":{"self":[{"href":"https:\/\/blogi.eoppimispalvelut.fi\/elma\/wp-json\/wp\/v2\/pages\/12","targetHints":{"allow":["GET"]}}],"collection":[{"href":"https:\/\/blogi.eoppimispalvelut.fi\/elma\/wp-json\/wp\/v2\/pages"}],"about":[{"href":"https:\/\/blogi.eoppimispalvelut.fi\/elma\/wp-json\/wp\/v2\/types\/page"}],"author":[{"embeddable":true,"href":"https:\/\/blogi.eoppimispalvelut.fi\/elma\/wp-json\/wp\/v2\/users\/31"}],"replies":[{"embeddable":true,"href":"https:\/\/blogi.eoppimispalvelut.fi\/elma\/wp-json\/wp\/v2\/comments?post=12"}],"version-history":[{"count":18,"href":"https:\/\/blogi.eoppimispalvelut.fi\/elma\/wp-json\/wp\/v2\/pages\/12\/revisions"}],"predecessor-version":[{"id":336,"href":"https:\/\/blogi.eoppimispalvelut.fi\/elma\/wp-json\/wp\/v2\/pages\/12\/revisions\/336"}],"wp:attachment":[{"href":"https:\/\/blogi.eoppimispalvelut.fi\/elma\/wp-json\/wp\/v2\/media?parent=12"}],"curies":[{"name":"wp","href":"https:\/\/api.w.org\/{rel}","templated":true}]}}