{"id":394,"date":"2024-09-18T11:25:44","date_gmt":"2024-09-18T08:25:44","guid":{"rendered":"https:\/\/blogi.eoppimispalvelut.fi\/ennakoi\/?page_id=394"},"modified":"2024-11-22T12:18:37","modified_gmt":"2024-11-22T10:18:37","slug":"4-tornio-etsivan-seniorityon-pilotti","status":"publish","type":"page","link":"https:\/\/blogi.eoppimispalvelut.fi\/ennakoi\/4-tornio-etsivan-seniorityon-pilotti\/","title":{"rendered":"4. Tornio, Etsiv\u00e4n seniority\u00f6n -pilotti"},"content":{"rendered":"<p>[et_pb_section fb_built=&#8221;1&#8243; _builder_version=&#8221;4.27.2&#8243; _module_preset=&#8221;default&#8221; hover_enabled=&#8221;0&#8243; global_colors_info=&#8221;{}&#8221; sticky_enabled=&#8221;0&#8243;][et_pb_row _builder_version=&#8221;4.20.4&#8243; _module_preset=&#8221;default&#8221; global_colors_info=&#8221;{}&#8221;][et_pb_column type=&#8221;4_4&#8243; _builder_version=&#8221;4.20.4&#8243; _module_preset=&#8221;default&#8221; global_colors_info=&#8221;{}&#8221;][et_pb_text _builder_version=&#8221;4.27.2&#8243; _module_preset=&#8221;default&#8221; global_colors_info=&#8221;{}&#8221;]<\/p>\n<h1>4. Tornio, Etsiv\u00e4n seniority\u00f6n -pilotti<\/h1>\n<p><span data-contrast=\"auto\" xml:lang=\"FI-FI\" lang=\"FI-FI\" class=\"TextRun SCXW98719402 BCX8\"><span class=\"NormalTextRun SCXW98719402 BCX8\"><\/span><\/span><\/p>\n<p><span data-contrast=\"auto\" xml:lang=\"FI-FI\" lang=\"FI-FI\" class=\"TextRun SCXW98719402 BCX8\"><span class=\"NormalTextRun SCXW98719402 BCX8\"><\/span><\/span><span data-contrast=\"auto\" xml:lang=\"FI-FI\" lang=\"FI-FI\" class=\"TextRun SCXW98719402 BCX8\"><span class=\"NormalTextRun SCXW98719402 BCX8\">Pilotin suunnittelu toteutettiin yhteisty\u00f6ss\u00e4 hankkeen a<\/span><span class=\"NormalTextRun SCXW98719402 BCX8\">siantuntijoiden ja <\/span><span class=\"NormalTextRun SCXW98719402 BCX8\">Tornion <\/span><span class=\"NormalTextRun SpellingErrorV2Themed SCXW98719402 BCX8\">SRK:n<\/span><span class=\"NormalTextRun SCXW98719402 BCX8\">, <\/span><span class=\"NormalTextRun SpellingErrorV2Themed SCXW98719402 BCX8\">Laphan:<\/span><span class=\"NormalTextRun SpellingErrorV2Themed SCXW98719402 BCX8\">n<\/span><span class=\"NormalTextRun SCXW98719402 BCX8\"> ja <\/span><span class=\"NormalTextRun SpellingErrorV2Themed SCXW98719402 BCX8\">TornionTuvan<\/span><span class=\"NormalTextRun SCXW98719402 BCX8\"> edustajien kanssa. <\/span><span class=\"NormalTextRun SCXW98719402 BCX8\">Kehitt\u00e4misty\u00f6h\u00f6n <\/span><span class=\"NormalTextRun SCXW98719402 BCX8\">pyrit<\/span><span class=\"NormalTextRun SCXW98719402 BCX8\">tiin <\/span><span class=\"NormalTextRun SCXW98719402 BCX8\">saamaan lis\u00e4ksi mukaan edustajia\u00a0 liikunta- ja kulttuuri- sek\u00e4 pelastustoimesta. <\/span><span class=\"NormalTextRun SCXW98719402 BCX8\">Suunnittelussa nousi t<\/span><span class=\"NormalTextRun SCXW98719402 BCX8\">arpeita teknologisille ratk<\/span><span class=\"NormalTextRun SCXW98719402 BCX8\">a<\/span><span class=\"NormalTextRun SCXW98719402 BCX8\">i<\/span><span class=\"NormalTextRun SCXW98719402 BCX8\">suille mm <\/span><span class=\"NormalTextRun SCXW98719402 BCX8\">s\u00e4hk\u00f6ise<\/span><span class=\"NormalTextRun SCXW98719402 BCX8\">en <\/span><span class=\"NormalTextRun SCXW98719402 BCX8\">tiedo<\/span><span class=\"NormalTextRun SCXW98719402 BCX8\">n<\/span><span class=\"NormalTextRun SCXW98719402 BCX8\"> <\/span><span class=\"NormalTextRun SCXW98719402 BCX8\">keruus<\/span><span class=\"NormalTextRun SCXW98719402 BCX8\">een<\/span><span class=\"NormalTextRun SCXW98719402 BCX8\"> sek\u00e4 <\/span><span class=\"NormalTextRun SCXW98719402 BCX8\">eri toimijoiden v\u00e4liseen y<\/span><span class=\"NormalTextRun SCXW98719402 BCX8\">hteydenpito<\/span><span class=\"NormalTextRun SCXW98719402 BCX8\">on<\/span><span class=\"NormalTextRun SCXW98719402 BCX8\">,<\/span><span class=\"NormalTextRun SCXW98719402 BCX8\"> asiakkaiden digi<\/span><span class=\"NormalTextRun SCXW98719402 BCX8\">ohjauk<\/span><span class=\"NormalTextRun SCXW98719402 BCX8\">s<\/span><span class=\"NormalTextRun SCXW98719402 BCX8\">een<\/span><span class=\"NormalTextRun SCXW98719402 BCX8\"> sek\u00e4<\/span><span class=\"NormalTextRun SCXW98719402 BCX8\"> ik\u00e4ihmisten <\/span><span class=\"NormalTextRun SCXW98719402 BCX8\">aktivointiin. <\/span><span class=\"NormalTextRun SCXW98719402 BCX8\">Saarenvireen hallinnoiman Ev\u00e4it\u00e4 aktiiviseen ik\u00e4\u00e4ntymiseen<\/span><span class=\"NormalTextRun SCXW98719402 BCX8\"> <\/span><span class=\"NormalTextRun SCXW98719402 BCX8\">-hankkeen kanssa<\/span><span class=\"NormalTextRun SCXW98719402 BCX8\"> k\u00e4ynnistyi yhteisty\u00f6 <\/span><span class=\"NormalTextRun SCXW98719402 BCX8\">teemallisten p\u00e4iv<\/span><span class=\"NormalTextRun SCXW98719402 BCX8\">ien toteuttamiseksi. Teemap\u00e4iviin ohjautuisi asiakkaita <\/span><span class=\"NormalTextRun SpellingErrorV2Themed SCXW98719402 BCX8\">TornioTuvan<\/span><span class=\"NormalTextRun SCXW98719402 BCX8\"> ja <\/span><span class=\"NormalTextRun SpellingErrorV2Themed SCXW98719402 BCX8\">SRK:n<\/span><span class=\"NormalTextRun SCXW98719402 BCX8\"> toimista sek\u00e4 <\/span><span class=\"NormalTextRun SpellingErrorV2Themed SCXW98719402 BCX8\">Laphan<\/span><span class=\"NormalTextRun SCXW98719402 BCX8\"> palveluohjauksesta. Teemap\u00e4iv\u00e4t tarjosivat asiakkaille <\/span><span class=\"NormalTextRun SCXW98719402 BCX8\">toimintakyvyn arvioint<\/span><span class=\"NormalTextRun SCXW98719402 BCX8\">ia <\/span><span class=\"NormalTextRun SCXW98719402 BCX8\">sek\u00e4 neuvontaa ja ohjausta mm teknologisten ratkaisujen hy\u00f6dynt\u00e4misest\u00e4. Teemap\u00e4iv\u00e4t toteutuivat Saarenvireen tiloissa 11.9., 8.10., 28.10. ja Kemi Lapin AMKin Hyvinvointipys\u00e4kkill\u00e4 18.11.<\/span><\/span><\/p>\n<p><span data-contrast=\"auto\">Tornion Etsiv\u00e4n seniority\u00f6n -pilotti toteutettiin 1.9.-30.10.2024 v\u00e4lisen\u00e4 aikana. Etsiv\u00e4n seniority\u00f6n pilotin toimilla tavoitettiin kaiken kaikkiaan noin\u00a0<\/span><span data-contrast=\"auto\">200 osallistujaa. <\/span><\/p>\n<p><span data-contrast=\"auto\">Ennakoi-hankkeessa toteutetuissa tapahtumissa, joita olivat Saarenvireen kanssa yhteisty\u00f6ss\u00e4 toteutetut Ev\u00e4it\u00e4 aktiiviseen ik\u00e4\u00e4ntymiseen teemap\u00e4iv\u00e4t, Torniotuvan kanssa yhteisty\u00f6ss\u00e4 toteutettu Digitutuksi tapahtuma sek\u00e4 Tornion seurakunnan kanssa yhteisty\u00f6ss\u00e4 toteutetut yhteis\u00f6llisyytt\u00e4 tukevat tapahtumat. N\u00e4iss\u00e4 eri tapahtumissa ik\u00e4\u00e4ntyv\u00e4t saivat ohjausta terveyden ja hyvinvoinnin edist\u00e4miseen sek\u00e4 mobiililaitteiden ja digitaalisten palveluiden k\u00e4ytt\u00f6\u00f6n omien yksil\u00f6llisten tarpeidensa mukaisesti. Tornion etsiv\u00e4n seniority\u00f6n pilottiin osallistuvien ik\u00e4\u00e4ntyvien kokemukset ohjauksista olivat positiivisia ja ohjauksen my\u00f6t\u00e4 useat heist\u00e4 saivat onnistumisen kokemuksia, ja osa jopa innostui hankkimaan oman mobiililaitteen, kuten tabletin tai tietokoneen.<\/span><span data-ccp-props=\"{}\">\u00a0<\/span><\/p>\n<p><span data-contrast=\"auto\">Mukana olevat toimijat kokivat pilotin olleen eritt\u00e4in hy\u00f6dyllinen. He saivat vinkkej\u00e4 ja ideoita oman toiminnan kehitt\u00e4miseen ja ensiarvoisen t\u00e4rke\u00e4n\u00e4 he pitiv\u00e4t toimijoiden v\u00e4lisen yhteisty\u00f6n syntymist\u00e4.<\/span> <span data-contrast=\"auto\">Pilotin tuloksena eri toimijat jatkavat s\u00e4\u00e4nn\u00f6llisi\u00e4 tapaamisia alueen Etsiv\u00e4n seniority\u00f6n edelleen kehitt\u00e4miseksi. Toimijoiden tietoisuus digitaalisista ja teknologisista ratkaisuista on lis\u00e4\u00e4ntynyt ja valmius neuvoa ja ohjata ik\u00e4ihmisi\u00e4 niiden k\u00e4yt\u00f6ss\u00e4 on vahvistunut.<\/span><span data-contrast=\"auto\">\u00a0<\/span><span data-contrast=\"auto\">\u00a0<\/span><span data-ccp-props=\"{}\">\u00a0<\/span><\/p>\n<p><span data-contrast=\"auto\">Pilotissa kokeiltiin teknologisina ratkaisuina HEKO-mittarin mobiilisovellusta, tabletteja digiohjaukseen ja YetiMini\u2013pelisovellusta. Teknologiateemap\u00e4iv\u00e4ss\u00e4 oli Vallin konstikoppa esittelyss\u00e4<\/span><span data-contrast=\"none\"> \u00a0<\/span><a href=\"https:\/\/www.valli.fi\/tyomuotomme\/ikateknologiakeskus\/tietopankki\/konstikoppa\/\"><span data-contrast=\"none\">Konstikoppa | Kiert\u00e4v\u00e4 teknologian\u00e4yttely | Valli.fi<\/span><\/a><span data-ccp-props=\"{}\">\u00a0<\/span><\/p>\n<p>&nbsp;<\/p>\n<p>&nbsp;<\/p>\n<p>[\/et_pb_text][\/et_pb_column][\/et_pb_row][\/et_pb_section]<\/p>\n","protected":false},"excerpt":{"rendered":"<p>4. Tornio, Etsiv\u00e4n seniority\u00f6n -pilotti Pilotin suunnittelu toteutettiin yhteisty\u00f6ss\u00e4 hankkeen asiantuntijoiden ja Tornion SRK:n, Laphan:n ja TornionTuvan edustajien kanssa. Kehitt\u00e4misty\u00f6h\u00f6n pyrittiin saamaan lis\u00e4ksi mukaan edustajia\u00a0 liikunta- ja kulttuuri- sek\u00e4 pelastustoimesta. [&hellip;]<\/p>\n","protected":false},"author":4340,"featured_media":0,"parent":0,"menu_order":0,"comment_status":"closed","ping_status":"closed","template":"","meta":{"_et_pb_use_builder":"on","_et_pb_old_content":"","_et_gb_content_width":"","footnotes":""},"class_list":["post-394","page","type-page","status-publish","hentry"],"_links":{"self":[{"href":"https:\/\/blogi.eoppimispalvelut.fi\/ennakoi\/wp-json\/wp\/v2\/pages\/394","targetHints":{"allow":["GET"]}}],"collection":[{"href":"https:\/\/blogi.eoppimispalvelut.fi\/ennakoi\/wp-json\/wp\/v2\/pages"}],"about":[{"href":"https:\/\/blogi.eoppimispalvelut.fi\/ennakoi\/wp-json\/wp\/v2\/types\/page"}],"author":[{"embeddable":true,"href":"https:\/\/blogi.eoppimispalvelut.fi\/ennakoi\/wp-json\/wp\/v2\/users\/4340"}],"replies":[{"embeddable":true,"href":"https:\/\/blogi.eoppimispalvelut.fi\/ennakoi\/wp-json\/wp\/v2\/comments?post=394"}],"version-history":[{"count":9,"href":"https:\/\/blogi.eoppimispalvelut.fi\/ennakoi\/wp-json\/wp\/v2\/pages\/394\/revisions"}],"predecessor-version":[{"id":508,"href":"https:\/\/blogi.eoppimispalvelut.fi\/ennakoi\/wp-json\/wp\/v2\/pages\/394\/revisions\/508"}],"wp:attachment":[{"href":"https:\/\/blogi.eoppimispalvelut.fi\/ennakoi\/wp-json\/wp\/v2\/media?parent=394"}],"curies":[{"name":"wp","href":"https:\/\/api.w.org\/{rel}","templated":true}]}}