{"id":629,"date":"2025-05-19T12:51:25","date_gmt":"2025-05-19T09:51:25","guid":{"rendered":"https:\/\/blogi.eoppimispalvelut.fi\/ennakoi\/?page_id=629"},"modified":"2025-10-13T15:05:09","modified_gmt":"2025-10-13T12:05:09","slug":"julkaisut","status":"publish","type":"page","link":"https:\/\/blogi.eoppimispalvelut.fi\/ennakoi\/julkaisut\/","title":{"rendered":"Julkaisut"},"content":{"rendered":"<p>[et_pb_section fb_built=&#8221;1&#8243; _builder_version=&#8221;4.27.4&#8243; _module_preset=&#8221;default&#8221; global_colors_info=&#8221;{}&#8221;][et_pb_row _builder_version=&#8221;4.27.4&#8243; _module_preset=&#8221;default&#8221; global_colors_info=&#8221;{}&#8221;][et_pb_column type=&#8221;4_4&#8243; _builder_version=&#8221;4.27.4&#8243; _module_preset=&#8221;default&#8221; global_colors_info=&#8221;{}&#8221;][et_pb_text _builder_version=&#8221;4.27.4&#8243; _module_preset=&#8221;default&#8221; global_colors_info=&#8221;{}&#8221;]<\/p>\n<h1>Ennakoi-hankkeen julkaisut<\/h1>\n<p>[\/et_pb_text][\/et_pb_column][\/et_pb_row][et_pb_row disabled_on=&#8221;on|on|off&#8221; _builder_version=&#8221;4.27.4&#8243; _module_preset=&#8221;default&#8221; global_colors_info=&#8221;{}&#8221;][et_pb_column type=&#8221;4_4&#8243; _builder_version=&#8221;4.27.4&#8243; _module_preset=&#8221;default&#8221; global_colors_info=&#8221;{}&#8221;][et_pb_text _builder_version=&#8221;4.27.4&#8243; _module_preset=&#8221;default&#8221; hover_enabled=&#8221;0&#8243; global_colors_info=&#8221;{}&#8221; sticky_enabled=&#8221;0&#8243;]<\/p>\n<table width=\"964\">\n<tbody>\n<tr>\n<td width=\"81\">12.12.2023<\/td>\n<td width=\"363\">\n<p>Vanhusty\u00f6n uudelleen muotoilu -blogi:<\/p>\n<p><strong>Ennakoinnilla ja teknologisia ratkaisuja hy\u00f6dynt\u00e4m\u00e4ll\u00e4 tuetaan ik\u00e4ihmisten kotona asumista<\/strong><\/p>\n<\/td>\n<td width=\"520\"><a href=\"https:\/\/blogi.eoppimispalvelut.fi\/tyohyve\/?p=418\">Ennakoinnilla ja teknologisia ratkaisuja hy\u00f6dynt\u00e4m\u00e4ll\u00e4 tuetaan ik\u00e4ihmisten kotona asumista \u2013 Vanhusty\u00f6n uudelleen muotoilu<\/a><\/td>\n<\/tr>\n<tr>\n<td width=\"81\">16.2.2024<\/td>\n<td width=\"363\">\n<p>Vanhusty\u00f6n uudelleen muotoilu -blogi:<\/p>\n<p><span><strong>Ik\u00e4ihmisten liikkumisongelmien varhainen tunnistaminen tukee itsen\u00e4ist\u00e4 kotona asumista<\/strong><\/span><\/p>\n<\/td>\n<td width=\"520\"><a href=\"https:\/\/blogi.eoppimispalvelut.fi\/tyohyve\/?p=427\">Ik\u00e4ihmisten liikkumisongelmien varhainen tunnistaminen tukee itsen\u00e4ist\u00e4 kotona asumista \u2013 Vanhusty\u00f6n uudelleen muotoilu<\/a><\/td>\n<\/tr>\n<tr>\n<td width=\"81\">5\/ 2024<\/td>\n<td width=\"363\">\n<p>Sosiaali- ja kuntatalous:<\/p>\n<p><strong>Ennakointi ja teknologia avuksi tunnistamaan ik\u00e4ihmisten kotona asumisen riskitekij\u00f6it\u00e4<\/strong><\/p>\n<\/td>\n<td width=\"520\"><a href=\"https:\/\/yritma.fi\/uutiset\/sosiaali-ja-kuntatalous\/ennakointi-ja-teknologia-avuksi-tunnistamaan-ikaihmisten-kotona-asumisen-riskitekijoita\">Ennakointi ja teknologia avuksi tunnistamaan ik\u00e4ihmisten kotona asumisen riskitekij\u00f6it\u00e4 | Yritysmaailma<\/a><\/td>\n<\/tr>\n<tr>\n<td width=\"81\">7.6.2024<\/td>\n<td width=\"363\">\n<p>Vanhusty\u00f6n uudelleen muotoilu -blogi:<\/p>\n<p><strong>Pelisovelluksen kokeilu Ennakoi \u2013hankkeessa<\/strong><\/p>\n<\/td>\n<td width=\"520\"><a href=\"https:\/\/blogi.eoppimispalvelut.fi\/tyohyve\/?p=437\">Pelisovelluksen kokeilu Ennakoi \u2013hankkeessa \u2013 Vanhusty\u00f6n uudelleen muotoilu<\/a><\/td>\n<\/tr>\n<tr>\n<td width=\"81\">2.10.2024<\/td>\n<td width=\"363\">\n<p><span>Tervola-lehti:<\/span><\/p>\n<p><span><strong>Tervolan ik\u00e4ihmisten toimintakyky\u00e4 kartoitetaan ennakolta<\/strong><\/span><span><strong>\u00a0<\/strong><\/span><\/p>\n<\/td>\n<td width=\"520\"><a href=\"https:\/\/www.visualdesign.fi\/wp-content\/uploads\/2024\/10\/TERVOLA_A_20241002_01.pdf\"><span>TERVOLA_A_20241002_01.pdf<\/span><\/a><span>\u00a0<\/span><\/td>\n<\/tr>\n<tr>\n<td width=\"81\">23.10.2024<\/td>\n<td width=\"363\">\n<p><span>Lounais -Lappi:<\/span><\/p>\n<p><span><strong>Tavoitteena turvallinen ja terve arki kotona<\/strong><\/span><span><strong>\u00a0<\/strong><\/span><span>(haastattelu<strong>)<\/strong> <\/span><\/p>\n<\/td>\n<td width=\"520\"><a href=\"https:\/\/nakoislehti.lapinkansa.fi\/c570f885-b4c9-4346-b887-0062a01935ee\/6\">Page 6 | 23.10.2024 | Lounais-Lappi<\/a><\/td>\n<\/tr>\n<tr>\n<td width=\"81\">4.12.2024<\/td>\n<td width=\"363\">\n<p>Vanhusty\u00f6n uudelleen muotoilu -blogi:<\/p>\n<p><span><strong>Ennakointi edist\u00e4\u00e4 ik\u00e4ihmisten hyvinvointia, terveytt\u00e4 ja toimintakyky\u00e4 sek\u00e4 kotona asumista<\/strong><\/span><span><strong>\u00a0<\/strong><\/span><\/p>\n<\/td>\n<td width=\"520\"><a href=\"https:\/\/blogi.eoppimispalvelut.fi\/tyohyve\/?p=450\">Ennakointi edist\u00e4\u00e4 ik\u00e4ihmisten hyvinvointia, terveytt\u00e4 ja toimintakyky\u00e4 sek\u00e4 kotona asumista \u2013 Vanhusty\u00f6n uudelleen muotoilu<\/a><\/td>\n<\/tr>\n<tr>\n<td width=\"81\">9.12.2024<\/td>\n<td width=\"363\">\n<p><span>Pohjoisen tekij\u00e4t -blogi:<\/span><\/p>\n<p><span><strong>Palapeli ennakoivan vanhusty\u00f6n avuksi<\/strong><\/span><span><strong>\u00a0<\/strong><\/span><\/p>\n<\/td>\n<td width=\"520\"><a href=\"https:\/\/lapinamk.fi\/blogiartikkeli\/palapeli-ennakoivan-vanhustyon-avuksi\/\">Palapeli ennakoivan vanhusty\u00f6n avuksi &#8211; Lapin ammattikorkeakoulu<\/a><\/td>\n<\/tr>\n<tr>\n<td width=\"81\">4\/ 2025<\/td>\n<td width=\"363\">\n<p>Opinn\u00e4ytety\u00f6 (ylempi AMK<strong>): <\/strong><\/p>\n<p><strong>Hyvinvointiteknologiaako minulle? Tornion syrj\u00e4kylill\u00e4 asuvien ik\u00e4ihmisten toiveet hyvinvointiteknologialta: Ennakoi \u2212hankkeen Tornion pilotti<\/strong><\/p>\n<\/td>\n<td width=\"520\"><a href=\"https:\/\/www.theseus.fi\/handle\/10024\/884550\">https:\/\/www.theseus.fi\/handle\/10024\/884550<\/a><\/td>\n<\/tr>\n<tr>\n<td>3.6.2025<\/td>\n<td>\n<p>Vanhusty\u00f6n uudelleen muotoilu-blogi:<\/p>\n<p><strong>Opiskelijana Ennakoi-hankkeessa<\/strong><\/p>\n<\/td>\n<td><a href=\"https:\/\/blogi.eoppimispalvelut.fi\/tyohyve\/?p=462\">Opiskelijana Ennakoi-hankkeessa &#8211; Vanhusty\u00f6n uudelleen muotoilu-blogi<\/a><\/td>\n<\/tr>\n<tr>\n<td>10.10.2025<\/td>\n<td>\n<p>Pohjoisen tekij\u00e4t \u2013 Lapin ammattikorkeakoulun julkaisuja 18\/2025<\/p>\n<p><strong>Tietoturva ja pilvipalvelut terveysteknologiassa<\/strong><\/p>\n<\/td>\n<td><a href=\"https:\/\/lapinamk.fi\/e-kirja\/tietoturva-ja-pilvipalvelut-terveysteknologiassa\/\">Tietoturva ja pilvipalvelut terveysteknologiassa &#8211; Lapin ammattikorkeakoulu<\/a><\/td>\n<\/tr>\n<\/tbody>\n<\/table>\n<p>[\/et_pb_text][\/et_pb_column][\/et_pb_row][et_pb_row disabled_on=&#8221;off|off|on&#8221; _builder_version=&#8221;4.27.4&#8243; _module_preset=&#8221;default&#8221; global_colors_info=&#8221;{}&#8221;][et_pb_column type=&#8221;4_4&#8243; _builder_version=&#8221;4.27.4&#8243; _module_preset=&#8221;default&#8221; global_colors_info=&#8221;{}&#8221;][et_pb_text _builder_version=&#8221;4.27.4&#8243; _module_preset=&#8221;default&#8221; global_colors_info=&#8221;{}&#8221;]<\/p>\n<p><strong>12.12.2023 <\/strong>Vanhusty\u00f6n uudelleen muotoilu -blogi<strong>: Ennakoinnilla ja teknologisia ratkaisuja hy\u00f6dynt\u00e4m\u00e4ll\u00e4 tuetaan ik\u00e4ihmisten kotona asumista<br \/><\/strong><a href=\"https:\/\/blogi.eoppimispalvelut.fi\/tyohyve\/?p=418\">Ennakoinnilla ja teknologisia ratkaisuja hy\u00f6dynt\u00e4m\u00e4ll\u00e4 tuetaan ik\u00e4ihmisten kotona asumista \u2013 Vanhusty\u00f6n uudelleen muotoilu<\/a><\/p>\n<p>&nbsp;<\/p>\n<p><strong>16.2.2024<\/strong> Vanhusty\u00f6n uudelleen muotoilu -blogi: <span><strong>Ik\u00e4ihmisten liikkumisongelmien varhainen tunnistaminen tukee itsen\u00e4ist\u00e4 kotona asumista<br \/><\/strong><\/span><a href=\"https:\/\/blogi.eoppimispalvelut.fi\/tyohyve\/?p=427\">Ik\u00e4ihmisten liikkumisongelmien varhainen tunnistaminen tukee itsen\u00e4ist\u00e4 kotona asumista \u2013 Vanhusty\u00f6n uudelleen muotoilu<\/a><\/p>\n<p>&nbsp;<\/p>\n<p><strong>5\/ 2024<\/strong> Sosiaali- ja kuntatalous: <strong>Ennakointi ja teknologia avuksi tunnistamaan ik\u00e4ihmisten kotona asumisen riskitekij\u00f6it\u00e4<\/strong><br \/><a href=\"https:\/\/yritma.fi\/uutiset\/sosiaali-ja-kuntatalous\/ennakointi-ja-teknologia-avuksi-tunnistamaan-ikaihmisten-kotona-asumisen-riskitekijoita\">Ennakointi ja teknologia avuksi tunnistamaan ik\u00e4ihmisten kotona asumisen riskitekij\u00f6it\u00e4 | Yritysmaailma<\/a><\/p>\n<p>&nbsp;<\/p>\n<p><strong>7.6.2024<\/strong> Vanhusty\u00f6n uudelleen muotoilu -blogi: <strong>Pelisovelluksen kokeilu Ennakoi \u2013hankkeessa<\/strong><br \/><a href=\"https:\/\/blogi.eoppimispalvelut.fi\/tyohyve\/?p=437\">Pelisovelluksen kokeilu Ennakoi \u2013hankkeessa \u2013 Vanhusty\u00f6n uudelleen muotoilu<\/a><\/p>\n<p><span>\u00a0<\/span><\/p>\n<p><strong>2.10.2024<\/strong> <span>Tervola-lehti: <strong>Tervolan ik\u00e4ihmisten toimintakyky\u00e4 kartoitetaan ennakolta<\/strong><\/span><span><strong><br \/><\/strong><\/span><a href=\"https:\/\/www.visualdesign.fi\/wp-content\/uploads\/2024\/10\/TERVOLA_A_20241002_01.pdf\"><span>TERVOLA_A_20241002_01.pdf<\/span><\/a><span>\u00a0<\/span><\/p>\n<p><span>\u00a0<\/span><\/p>\n<p><span><strong>23.10.2024<\/strong><\/span><span> Lounais -Lappi:<\/span><span><strong> Tavoitteena turvallinen ja terveellinen arki kotona<br \/><\/strong><\/span><a href=\"https:\/\/nakoislehti.lapinkansa.fi\/c570f885-b4c9-4346-b887-0062a01935ee\/6\">Page 6 | 23.10.2024 | Lounais-Lappi<\/a><\/p>\n<p>&nbsp;<\/p>\n<p><strong>4.12.2024<\/strong> Vanhusty\u00f6n uudelleen muotoilu -blogi: <strong>Ennakointi edist\u00e4\u00e4 ik\u00e4ihmisten hyvinvointia, terveytt\u00e4 ja toimintakyky\u00e4 sek\u00e4 kotona asumista<br \/><\/strong><a href=\"https:\/\/blogi.eoppimispalvelut.fi\/tyohyve\/?p=450\">Ennakointi edist\u00e4\u00e4 ik\u00e4ihmisten hyvinvointia, terveytt\u00e4 ja toimintakyky\u00e4 sek\u00e4 kotona asumista \u2013 Vanhusty\u00f6n uudelleen muotoilu<\/a><\/p>\n<p><span>\u00a0<\/span><\/p>\n<p><strong>9.12.2024<\/strong> <span>Pohjoisen tekij\u00e4t -blogi: <\/span><span><strong>Palapeli ennakoivan vanhusty\u00f6n avuksi<\/strong><\/span><span><strong><br \/><\/strong><\/span><a href=\"https:\/\/lapinamk.fi\/blogiartikkeli\/palapeli-ennakoivan-vanhustyon-avuksi\/\">Palapeli ennakoivan vanhusty\u00f6n avuksi &#8211; Lapin ammattikorkeakoulu<\/a><\/p>\n<p>&nbsp;<\/p>\n<p><strong>4\/ 2025<\/strong> Opinn\u00e4ytety\u00f6 (ylempi AMK<strong>): Hyvinvointiteknologiaako minulle? Tornion syrj\u00e4kylill\u00e4 asuvien ik\u00e4ihmisten toiveet hyvinvointiteknologialta: Ennakoi \u2212hankkeen Tornion pilotti<\/strong><br \/><a href=\"https:\/\/www.theseus.fi\/handle\/10024\/884550\">https:\/\/www.theseus.fi\/handle\/10024\/884550<\/a><\/p>\n<p>[\/et_pb_text][\/et_pb_column][\/et_pb_row][\/et_pb_section]<\/p>\n","protected":false},"excerpt":{"rendered":"<p>Ennakoi-hankkeen julkaisut 12.12.2023 Vanhusty\u00f6n uudelleen muotoilu -blogi: Ennakoinnilla ja teknologisia ratkaisuja hy\u00f6dynt\u00e4m\u00e4ll\u00e4 tuetaan ik\u00e4ihmisten kotona asumista Ennakoinnilla ja teknologisia ratkaisuja hy\u00f6dynt\u00e4m\u00e4ll\u00e4 tuetaan ik\u00e4ihmisten kotona asumista \u2013 Vanhusty\u00f6n uudelleen muotoilu 16.2.2024 [&hellip;]<\/p>\n","protected":false},"author":4340,"featured_media":0,"parent":0,"menu_order":0,"comment_status":"closed","ping_status":"closed","template":"","meta":{"_et_pb_use_builder":"on","_et_pb_old_content":"","_et_gb_content_width":"","footnotes":""},"class_list":["post-629","page","type-page","status-publish","hentry"],"_links":{"self":[{"href":"https:\/\/blogi.eoppimispalvelut.fi\/ennakoi\/wp-json\/wp\/v2\/pages\/629","targetHints":{"allow":["GET"]}}],"collection":[{"href":"https:\/\/blogi.eoppimispalvelut.fi\/ennakoi\/wp-json\/wp\/v2\/pages"}],"about":[{"href":"https:\/\/blogi.eoppimispalvelut.fi\/ennakoi\/wp-json\/wp\/v2\/types\/page"}],"author":[{"embeddable":true,"href":"https:\/\/blogi.eoppimispalvelut.fi\/ennakoi\/wp-json\/wp\/v2\/users\/4340"}],"replies":[{"embeddable":true,"href":"https:\/\/blogi.eoppimispalvelut.fi\/ennakoi\/wp-json\/wp\/v2\/comments?post=629"}],"version-history":[{"count":6,"href":"https:\/\/blogi.eoppimispalvelut.fi\/ennakoi\/wp-json\/wp\/v2\/pages\/629\/revisions"}],"predecessor-version":[{"id":677,"href":"https:\/\/blogi.eoppimispalvelut.fi\/ennakoi\/wp-json\/wp\/v2\/pages\/629\/revisions\/677"}],"wp:attachment":[{"href":"https:\/\/blogi.eoppimispalvelut.fi\/ennakoi\/wp-json\/wp\/v2\/media?parent=629"}],"curies":[{"name":"wp","href":"https:\/\/api.w.org\/{rel}","templated":true}]}}