{"id":12,"date":"2020-07-03T09:31:44","date_gmt":"2020-07-03T06:31:44","guid":{"rendered":"https:\/\/blogi.eoppimispalvelut.fi\/etasote\/?page_id=12"},"modified":"2020-11-17T15:17:30","modified_gmt":"2020-11-17T13:17:30","slug":"tallenteet","status":"publish","type":"page","link":"https:\/\/blogi.eoppimispalvelut.fi\/etasote\/tallenteet\/","title":{"rendered":"Webinaarien tallenteet"},"content":{"rendered":"<h5><span style=\"color: #000000\"><strong>TEEMA 1: TIETOSUOJA JA TIETOTURVA<\/strong><\/span><\/h5>\n<p>Hankkeen ensimm\u00e4isen webinaarin ja klinikan aikana osallistujat saivat tietoa tietoturvaan ja tietosuojaan liittyvist\u00e4 kysymyksist\u00e4 LapIt:n asiantuntijoiden Jukka Rautakorven ja Jatta Kivel\u00e4n perehdytyksess\u00e4.<\/p>\n<p>Sosiaali- ja terveysalalla sek\u00e4 vanhustenhuollossa ja kuntoutuksessa k\u00e4sitell\u00e4\u00e4n asiakkaiden yksityisyyteen kuuluvia tietoa, joten niiden k\u00e4yt\u00f6ss\u00e4, k\u00e4sittelyss\u00e4 ja mahdollisessa s\u00e4ilytt\u00e4misess\u00e4 on noudatettava erityist\u00e4 huolellisuuta sek\u00e4 toimittava ajantasaisen lains\u00e4\u00e4d\u00e4nn\u00f6n mukaan. Tarjolla olevat tietotekniset ratkaisut on aina suhteutettava olemassa oleviin tarpeisiin.<\/p>\n<p>Ohjelmistokohtaisesti on olemassa isoja eroja siin\u00e4, mik\u00e4 on turvallista kuluttajalle arkik\u00e4ytt\u00f6\u00f6n ja mitk\u00e4 puolestaan t\u00e4ytt\u00e4v\u00e4t ammatillisen k\u00e4yt\u00f6n tietoturvallisuusvaatimukset. Tietojen tallentamisessa tulee my\u00f6s varmistaa niiden turvallinen s\u00e4ilytt\u00e4minen ja asianmukainen tunnistautuminen palveluun. Tietoja talletettaessa tulisi aina mietti\u00e4, mit\u00e4 tiedolla tekee. Vaikka itse toimisi huolellisesti, on aina olemassa uhka, ett\u00e4 tietoja yritet\u00e4\u00e4n kaapata ja mahdollisesti jakaakin. Tilanteen tekee haasteelliseksi se, ett\u00e4 toimintaymp\u00e4rist\u00f6 on vahvassa muutoksessa, selkeit\u00e4 yhdenmukaisia ohjaistuksia ei aina ole ammattilaisille saatavissa.<\/p>\n<p>T\u00e4m\u00e4 aihe oli hyvin ajankohtainen ja t\u00e4rke\u00e4, etenkin kun useat palvelut on muuttuneet et\u00e4palveluiksi. Esiintyj\u00e4t osasivat kertoa n\u00e4inkin vaikean aiheen mielenkiintoisesti ja niin ett\u00e4 maallikkokin ymm\u00e4rsi asian. K\u00e4yt\u00e4nn\u00f6n esimerkkej\u00e4 voit kuunnella webinaarin tallenteesta alla olevasta linkist\u00e4. Kyselyit\u00e4 aiheesta on tullut j\u00e4lkeen p\u00e4in paljon, joten t\u00e4m\u00e4 webinaari <strong>j\u00e4rjestet\u00e4\u00e4n uudestaan 6.10.<\/strong> Voit ilmoittautua mukaan <a href=\"https:\/\/blogi.eoppimispalvelut.fi\/etasote\/webinaarit\/\">webinaarit ja klinikat -sivulta<\/a>.<\/p>\n<p><a href=\"https:\/\/blogi.eoppimispalvelut.fi\/etasote\/tallenteet\/1-teeman-esitykset\/\">Ensimm\u00e4isen teeman kaikki materiaalit l\u00f6ytyv\u00e4t t\u00e4\u00e4lt\u00e4<\/a><\/p>\n<p>&nbsp;<\/p>\n<hr \/>\n<h5><span style=\"color: #000000\"><strong>TEEMA 2: ERILAISET TEKNOLOGISET RATKAISUT JA SOVELLUKSET<\/strong><\/span><\/h5>\n<p>Et\u00e4sote-hankkeen asiantuntija Sari Arolaakso sek\u00e4 Arki l\u00e4hemm\u00e4s -hankkeen projektip\u00e4\u00e4llikk\u00f6 Pirjo Lappalainen kuvasivat et\u00e4palveluiden toteuttamiseen tarvittavia reunaehtoja. Et\u00e4palvelujen kehitt\u00e4misess\u00e4 palveluiden sis\u00e4ll\u00f6lliset tarpeet, niin asiakkaiden kuin ty\u00f6ntekij\u00f6iden n\u00e4k\u00f6kulmasta, ohjaavat teknologisten ratkaisujen valintaa ja laitehankintoja.<\/p>\n<p><a href=\"https:\/\/blogi.eoppimispalvelut.fi\/etasote\/tallenteet\/2-teeman-esitykset\/\">Katso asiantuntijoiden parhaat vinkit ajankohtaisiin pulmatilanteisiin t\u00e4\u00e4lt\u00e4<\/a>.<\/p>\n<p>&nbsp;<\/p>\n<hr \/>\n<h5><span style=\"color: #000000\"><strong>TEEMA 3: ET\u00c4OHJAUKSEEN LIITTYV\u00c4 OSAAMINEN<\/strong><\/span><\/h5>\n<p>Hankkeen asiantuntijat Sari Arolaakso, Sari Pet\u00e4j\u00e4 ja Marjukka Rasa perehdyttiv\u00e4t et\u00e4ohjaukseen liittyviin saloihin. Vuorovaikutus ja kommunikointi verkossa eroaa monella tapaa kasvokkain tapahtuvasta kohtaamisesta. T\u00e4st\u00e4 syyst\u00e4 et\u00e4ohjauksen suunnittelussa ja toteuttamisessa on huomioitava erilaisia muuttujia kuin kasvokkain tapahtuvassa ohjaamisessa.<\/p>\n<p><a href=\"https:\/\/blogi.eoppimispalvelut.fi\/etasote\/teema-3\/\">Katso asiantuntijoiden vinkit onnistuneen et\u00e4ohjaustilanteen rakentamiseksi.<\/a><\/p>\n<p>&nbsp;<\/p>\n<hr \/>\n<h5><span style=\"color: #000000\"><strong>TEEMA 4: TY\u00d6N UUDELLEEN MUOTOILU<\/strong><\/span><\/h5>\n<p>Ty\u00f6n muotoilu k\u00e4sitt\u00e4\u00e4 muutosten luomisen tai alulle saattamisen ty\u00f6ss\u00e4. Se voi olla ty\u00f6teht\u00e4vien ajallisten ja fyysisten rajojen muokkausta, vuorovaikutussuhteiden muotoilua tai kognitiivista muotoilua. Ty\u00f6n muotoilu on arjen innovatiivisuutta, rutiinien ravistelua ja rohkeita kokeiluja. Vaikka ty\u00f6n muotoilun katsotaan olevan ty\u00f6ntekij\u00e4l\u00e4ht\u00f6ist\u00e4 ty\u00f6toiminnan muokkaamista ty\u00f6n optimoimiseksi, se edellytt\u00e4\u00e4 koko ty\u00f6yhteis\u00f6n osallistumista, yhteist\u00e4 kehittely\u00e4 ja yhteisi\u00e4 sopimuksia. Hankkeen asiantuntija Anne Puro tarkasteli webinaarissa ty\u00f6n muotoilua ja sen yhteyksi\u00e4 ty\u00f6hyvinvointiin erityisesti ty\u00f6ajan, ty\u00f6tilojen ja ty\u00f6tapojen muotoilun n\u00e4k\u00f6kulmista. Webinaarissa k\u00e4siteltiin my\u00f6s ty\u00f6n uudelleen muotoilun mahdollisuuksia ja konkreettisia keinoja et\u00e4palveluiden sek\u00e4 sosiaali- ja terveysalan ty\u00f6ntekij\u00f6iden ja ty\u00f6yhteis\u00f6jen ty\u00f6n arjessa.<\/p>\n<p>&nbsp;<\/p>\n<p><a href=\"https:\/\/blogi.eoppimispalvelut.fi\/etasote\/4-teeman-esitykset\/\">Kuuntele webinaarin vinkit yksin ja yhdess\u00e4 tapahtuvaan ty\u00f6n uudelleen muotoiluun.<\/a><\/p>\n<hr \/>\n<h5><span style=\"color: #000000\"><strong>TEEMA 5: TY\u00d6N ORGANISOINTI JA JOHTAMINEN MUUTOSTILANTEESSA<\/strong><\/span><\/h5>\n<p>&nbsp;<\/p>\n<p class=\"paragraph\" style=\"margin: 0cm;margin-bottom: .0001pt;vertical-align: baseline\"><a name=\"_Hlk53154984\"><\/a><span style=\"font-family: 'Arial',sans-serif\">Ty\u00f6el\u00e4m\u00e4 ja ty\u00f6nteon perinteet ovat muuttuneet merkitt\u00e4v\u00e4sti viimeisten vuosikymmenien aikana. Nykyty\u00f6t\u00e4 tehd\u00e4\u00e4n entist\u00e4 yksil\u00f6llisemmin, ty\u00f6 on hajautetumpaa ja sit\u00e4 tehd\u00e4\u00e4n erilaisissa fyysisiss\u00e4 ja virtuaalisissa tiloissa sek\u00e4 vaihtelevissa verkostoissa erilaisin kokoonpanoin. Ty\u00f6nteon tavat ovat moninaistuneet ja ty\u00f6 ei ole tiettyyn aikaan sidottua. Ty\u00f6v\u00e4lineet, ty\u00f6n kohde, organisaatioiden rakenteet ja johtaminen ovat olleet my\u00f6s muutosten kohteina. Hankkeen asiantuntija Anne Puro johdatteli w<span class=\"normaltextrun\">ebinaarissa pohtimaan <\/span>muuttuvan ty\u00f6n tuomia haasteita ja mahdollisuuksia ty\u00f6ntekij\u00f6iden, ty\u00f6yhteis\u00f6iden ja johtamisen n\u00e4k\u00f6kulmista. Teemoina olivat erityisesti ty\u00f6n organisointi, hallinta ja johtaminen muutoksessa. Webinaarissa tuotiin esille keinoja kohdata muutoksia ja vahvistaa sek\u00e4 ty\u00f6ntekij\u00f6iden ett\u00e4 organisaatioiden resilienssi\u00e4 jatkuvassa muutoksessa<\/span><span style=\"font-family: 'Arial',sans-serif\">.<\/span><\/p>\n<p>&nbsp;<\/p>\n<p>&nbsp;<\/p>\n<hr \/>\n<p><a href=\"https:\/\/blogi.eoppimispalvelut.fi\/etasote\/etasote-hanke\/logo-rivi\/\" rel=\"attachment wp-att-142\"><img loading=\"lazy\" decoding=\"async\" class=\"alignnone size-medium wp-image-142\" src=\"https:\/\/blogi.eoppimispalvelut.fi\/etasote\/files\/2020\/08\/logo-rivi-900x112.jpg\" alt=\"\" width=\"900\" height=\"112\" srcset=\"https:\/\/blogi.eoppimispalvelut.fi\/etasote\/files\/2020\/08\/logo-rivi-900x112.jpg 900w, https:\/\/blogi.eoppimispalvelut.fi\/etasote\/files\/2020\/08\/logo-rivi-1280x159.jpg 1280w, https:\/\/blogi.eoppimispalvelut.fi\/etasote\/files\/2020\/08\/logo-rivi-768x96.jpg 768w, https:\/\/blogi.eoppimispalvelut.fi\/etasote\/files\/2020\/08\/logo-rivi-1536x191.jpg 1536w, https:\/\/blogi.eoppimispalvelut.fi\/etasote\/files\/2020\/08\/logo-rivi-2048x255.jpg 2048w\" sizes=\"auto, (max-width: 706px) 89vw, (max-width: 767px) 82vw, 740px\" \/><\/a><\/p>\n","protected":false},"excerpt":{"rendered":"<p>TEEMA 1: TIETOSUOJA JA TIETOTURVA Hankkeen ensimm\u00e4isen webinaarin ja klinikan aikana osallistujat saivat tietoa tietoturvaan ja tietosuojaan liittyvist\u00e4 kysymyksist\u00e4 LapIt:n asiantuntijoiden Jukka Rautakorven ja Jatta Kivel\u00e4n perehdytyksess\u00e4. Sosiaali- ja terveysalalla sek\u00e4 vanhustenhuollossa ja kuntoutuksessa k\u00e4sitell\u00e4\u00e4n asiakkaiden yksityisyyteen kuuluvia tietoa, joten niiden k\u00e4yt\u00f6ss\u00e4, k\u00e4sittelyss\u00e4 ja mahdollisessa s\u00e4ilytt\u00e4misess\u00e4 on noudatettava erityist\u00e4 huolellisuuta sek\u00e4 toimittava ajantasaisen lains\u00e4\u00e4d\u00e4nn\u00f6n mukaan. &hellip; <\/p>\n<p class=\"link-more\"><a href=\"https:\/\/blogi.eoppimispalvelut.fi\/etasote\/tallenteet\/\" class=\"more-link\">Jatka lukemista<span class=\"screen-reader-text\"> &#8220;Webinaarien tallenteet&#8221;<\/span><\/a><\/p>\n","protected":false},"author":4411,"featured_media":0,"parent":0,"menu_order":0,"comment_status":"closed","ping_status":"closed","template":"","meta":{"footnotes":""},"class_list":["post-12","page","type-page","status-publish","hentry"],"_links":{"self":[{"href":"https:\/\/blogi.eoppimispalvelut.fi\/etasote\/wp-json\/wp\/v2\/pages\/12","targetHints":{"allow":["GET"]}}],"collection":[{"href":"https:\/\/blogi.eoppimispalvelut.fi\/etasote\/wp-json\/wp\/v2\/pages"}],"about":[{"href":"https:\/\/blogi.eoppimispalvelut.fi\/etasote\/wp-json\/wp\/v2\/types\/page"}],"author":[{"embeddable":true,"href":"https:\/\/blogi.eoppimispalvelut.fi\/etasote\/wp-json\/wp\/v2\/users\/4411"}],"replies":[{"embeddable":true,"href":"https:\/\/blogi.eoppimispalvelut.fi\/etasote\/wp-json\/wp\/v2\/comments?post=12"}],"version-history":[{"count":23,"href":"https:\/\/blogi.eoppimispalvelut.fi\/etasote\/wp-json\/wp\/v2\/pages\/12\/revisions"}],"predecessor-version":[{"id":347,"href":"https:\/\/blogi.eoppimispalvelut.fi\/etasote\/wp-json\/wp\/v2\/pages\/12\/revisions\/347"}],"wp:attachment":[{"href":"https:\/\/blogi.eoppimispalvelut.fi\/etasote\/wp-json\/wp\/v2\/media?parent=12"}],"curies":[{"name":"wp","href":"https:\/\/api.w.org\/{rel}","templated":true}]}}