{"id":290,"date":"2020-11-09T13:01:47","date_gmt":"2020-11-09T11:01:47","guid":{"rendered":"https:\/\/blogi.eoppimispalvelut.fi\/etasote\/?page_id=290"},"modified":"2020-11-27T09:35:16","modified_gmt":"2020-11-27T07:35:16","slug":"haltija-oy-materiaaleja","status":"publish","type":"page","link":"https:\/\/blogi.eoppimispalvelut.fi\/etasote\/haltija-oy-materiaaleja\/","title":{"rendered":"Haltija Oy &#8211; materiaaleja"},"content":{"rendered":"<p>&nbsp;<\/p>\n<p><strong>Yetimove -esite<\/strong><\/p>\n<p>[pdf-embedder url=&#8221;https:\/\/blogi.eoppimispalvelut.fi\/etasote\/files\/2020\/11\/2020-Haltija-Yetimove-esite.pdf&#8221; title=&#8221;2020 Haltija Yetimove esite&#8221;]<\/p>\n<p>&nbsp;<\/p>\n<p><strong>OmiVista install -esite<\/strong><\/p>\n<p>[pdf-embedder url=&#8221;https:\/\/blogi.eoppimispalvelut.fi\/etasote\/files\/2020\/11\/Haltija_esite_omiVista_install.pdf&#8221;]<\/p>\n<p>&nbsp;<\/p>\n<p><strong>OmiVista mobiili -esite<\/strong><\/p>\n<p>[pdf-embedder url=&#8221;https:\/\/blogi.eoppimispalvelut.fi\/etasote\/files\/2020\/11\/Haltija_esite_omiVista_mobii.pdf&#8221;]<\/p>\n<p>&nbsp;<\/p>\n<p><strong>Yeti ja YetiCare -esite<\/strong><\/p>\n<p>[pdf-embedder url=&#8221;https:\/\/blogi.eoppimispalvelut.fi\/etasote\/files\/2020\/11\/Haltija_Esite_Yeti-ja-YetiCare.pdf&#8221; title=&#8221;Haltija_Esite_Yeti ja YetiCare&#8221;]<\/p>\n<p>&nbsp;<\/p>\n<p><a href=\"https:\/\/youtu.be\/YdIgAQVQ9pY\">Elk nostotyynyn esittelyvideoon t\u00e4st\u00e4<\/a><\/p>\n<p><a href=\"https:\/\/www.vooler.fi\/esittelyt\/yetimove\/\">T\u00e4st\u00e4 Yeti\/Vooler esittelyhuoneeseen<\/a><\/p>\n<p>&nbsp;<\/p>\n<p>&nbsp;<\/p>\n","protected":false},"excerpt":{"rendered":"<p>&nbsp; Yetimove -esite [pdf-embedder url=&#8221;https:\/\/blogi.eoppimispalvelut.fi\/etasote\/files\/2020\/11\/2020-Haltija-Yetimove-esite.pdf&#8221; title=&#8221;2020 Haltija Yetimove esite&#8221;] &nbsp; OmiVista install -esite [pdf-embedder url=&#8221;https:\/\/blogi.eoppimispalvelut.fi\/etasote\/files\/2020\/11\/Haltija_esite_omiVista_install.pdf&#8221;] &nbsp; OmiVista mobiili -esite [pdf-embedder url=&#8221;https:\/\/blogi.eoppimispalvelut.fi\/etasote\/files\/2020\/11\/Haltija_esite_omiVista_mobii.pdf&#8221;] &nbsp; Yeti ja YetiCare -esite [pdf-embedder url=&#8221;https:\/\/blogi.eoppimispalvelut.fi\/etasote\/files\/2020\/11\/Haltija_Esite_Yeti-ja-YetiCare.pdf&#8221; title=&#8221;Haltija_Esite_Yeti ja YetiCare&#8221;] &nbsp; Elk nostotyynyn esittelyvideoon t\u00e4st\u00e4 T\u00e4st\u00e4 Yeti\/Vooler esittelyhuoneeseen &nbsp; &nbsp;<\/p>\n","protected":false},"author":4411,"featured_media":0,"parent":0,"menu_order":0,"comment_status":"closed","ping_status":"closed","template":"","meta":{"footnotes":""},"class_list":["post-290","page","type-page","status-publish","hentry"],"_links":{"self":[{"href":"https:\/\/blogi.eoppimispalvelut.fi\/etasote\/wp-json\/wp\/v2\/pages\/290","targetHints":{"allow":["GET"]}}],"collection":[{"href":"https:\/\/blogi.eoppimispalvelut.fi\/etasote\/wp-json\/wp\/v2\/pages"}],"about":[{"href":"https:\/\/blogi.eoppimispalvelut.fi\/etasote\/wp-json\/wp\/v2\/types\/page"}],"author":[{"embeddable":true,"href":"https:\/\/blogi.eoppimispalvelut.fi\/etasote\/wp-json\/wp\/v2\/users\/4411"}],"replies":[{"embeddable":true,"href":"https:\/\/blogi.eoppimispalvelut.fi\/etasote\/wp-json\/wp\/v2\/comments?post=290"}],"version-history":[{"count":5,"href":"https:\/\/blogi.eoppimispalvelut.fi\/etasote\/wp-json\/wp\/v2\/pages\/290\/revisions"}],"predecessor-version":[{"id":362,"href":"https:\/\/blogi.eoppimispalvelut.fi\/etasote\/wp-json\/wp\/v2\/pages\/290\/revisions\/362"}],"wp:attachment":[{"href":"https:\/\/blogi.eoppimispalvelut.fi\/etasote\/wp-json\/wp\/v2\/media?parent=290"}],"curies":[{"name":"wp","href":"https:\/\/api.w.org\/{rel}","templated":true}]}}