{"id":33,"date":"2025-03-26T12:29:05","date_gmt":"2025-03-26T10:29:05","guid":{"rendered":"https:\/\/blogi.eoppimispalvelut.fi\/gerodigi\/?page_id=33"},"modified":"2026-04-20T10:55:19","modified_gmt":"2026-04-20T07:55:19","slug":"etusivu","status":"publish","type":"page","link":"https:\/\/blogi.eoppimispalvelut.fi\/gerodigi\/","title":{"rendered":"Aloita t\u00e4st\u00e4"},"content":{"rendered":"<p>[et_pb_section fb_built=&#8221;1&#8243; next_background_color=&#8221;#ffffff&#8221; admin_label=&#8221;Header&#8221; _builder_version=&#8221;4.27.4&#8243; _module_preset=&#8221;default&#8221; background_color=&#8221;RGBA(255,255,255,0)&#8221; use_background_color_gradient=&#8221;on&#8221; background_color_gradient_direction=&#8221;225deg&#8221; background_color_gradient_stops=&#8221;gcid-34807b40-f97e-428a-90f8-6d5ad2ecd8cd 0%|rgba(245,246,241,0.9) 100%&#8221; background_color_gradient_overlays_image=&#8221;on&#8221; background_image=&#8221;https:\/\/blogi.eoppimispalvelut.fi\/gerodigi\/files\/2025\/03\/senior-care-1.jpg&#8221; custom_margin=&#8221;||-213px|||&#8221; custom_padding=&#8221;||100px||false|false&#8221; bottom_divider_style=&#8221;curve&#8221; bottom_divider_height=&#8221;60px&#8221; collapsed=&#8221;on&#8221; global_colors_info=&#8221;{%22gcid-34807b40-f97e-428a-90f8-6d5ad2ecd8cd%22:%91%22background_color_gradient_stops%22%93}&#8221;][et_pb_row column_structure=&#8221;3_5,2_5&#8243; _builder_version=&#8221;4.27.4&#8243; _module_preset=&#8221;default&#8221; background_color=&#8221;RGBA(255,255,255,0)&#8221; min_height=&#8221;761px&#8221; height=&#8221;525px&#8221;][et_pb_column type=&#8221;3_5&#8243; _builder_version=&#8221;4.22.0&#8243; _module_preset=&#8221;default&#8221; custom_padding=&#8221;100px||||false|false&#8221; custom_padding_tablet=&#8221;0vw||||false|false&#8221; custom_padding_phone=&#8221;0vw||||false|false&#8221; custom_padding_last_edited=&#8221;on|tablet&#8221; global_colors_info=&#8221;{}&#8221;][et_pb_text _builder_version=&#8221;4.27.4&#8243; _module_preset=&#8221;0d3efd05-b2d3-4051-8901-7f7dcdec9d6c&#8221; width=&#8221;100%&#8221; custom_margin=&#8221;-94px||10px||false|false&#8221; global_colors_info=&#8221;{}&#8221;]<\/p>\n<h1><\/h1>\n<h1><\/h1>\n<h1><\/h1>\n<h1><\/h1>\n<h1><\/h1>\n<h1><\/h1>\n<h1><\/h1>\n<h1><\/h1>\n<h1>Kehittyv\u00e4 gerontologisen hoitoty\u00f6n osaaja<\/h1>\n<p>[\/et_pb_text][\/et_pb_column][et_pb_column type=&#8221;2_5&#8243; _builder_version=&#8221;4.22.0&#8243; _module_preset=&#8221;default&#8221; global_colors_info=&#8221;{}&#8221;][et_pb_image src=&#8221;https:\/\/blogi.eoppimispalvelut.fi\/gerodigi\/files\/2025\/03\/senior-care-16b.png&#8221; title_text=&#8221;senior-care-16b&#8221; _builder_version=&#8221;4.22.0&#8243; _module_preset=&#8221;default&#8221; transform_translate=&#8221;40%|-40%&#8221; transform_translate_linked=&#8221;off&#8221; positioning=&#8221;absolute&#8221; position_origin_a=&#8221;top_right&#8221; width=&#8221;30%&#8221; global_colors_info=&#8221;{}&#8221;][\/et_pb_image][et_pb_image src=&#8221;https:\/\/blogi.eoppimispalvelut.fi\/gerodigi\/files\/2025\/03\/GeroDigi_kuvituskuva-removebg-preview.png&#8221; title_text=&#8221;GeroDigi_kuvituskuva-removebg-preview&#8221; show_bottom_space=&#8221;off&#8221; align=&#8221;right&#8221; _builder_version=&#8221;4.27.4&#8243; _module_preset=&#8221;default&#8221; width=&#8221;90%&#8221; border_radii=&#8221;on|20px|20px|20px|20px&#8221; global_colors_info=&#8221;{}&#8221;][\/et_pb_image][\/et_pb_column][\/et_pb_row][et_pb_row _builder_version=&#8221;4.27.4&#8243; _module_preset=&#8221;default&#8221; background_color=&#8221;RGBA(255,255,255,0)&#8221; custom_padding=&#8221;96px||0px||false|false&#8221;][et_pb_column type=&#8221;4_4&#8243; _builder_version=&#8221;4.27.4&#8243; _module_preset=&#8221;default&#8221; global_colors_info=&#8221;{}&#8221;][et_pb_text _builder_version=&#8221;4.27.4&#8243; _module_preset=&#8221;747bbbd1-31cd-4a0e-ae8e-ece1ca09ce76&#8243; text_font=&#8221;||||||||&#8221; text_text_color=&#8221;#000000&#8243; text_font_size=&#8221;21px&#8221; min_height=&#8221;383.8px&#8221; custom_margin=&#8221;-396px|||||&#8221; custom_padding=&#8221;0px|||||&#8221; global_colors_info=&#8221;{}&#8221;]<\/p>\n<p style=\"text-align: left\">GeroDigi-hankkeessa ty\u00f6stetty oppimateriaali on suunnattu ik\u00e4\u00e4ntyneiden hoitoty\u00f6ss\u00e4 toimiville sek\u00e4 alan opiskelijoille ja kouluttajille. Materiaali tukee ammatillista kehittymist\u00e4 ja p\u00e4ivitt\u00e4ist\u00e4 ty\u00f6t\u00e4. My\u00f6s ik\u00e4\u00e4ntyneet asiakkaat ja heid\u00e4n l\u00e4heisens\u00e4 voivat hy\u00f6dynt\u00e4\u00e4 t\u00e4t\u00e4 sis\u00e4lt\u00f6\u00e4 arjessaan.<\/p>\n<p style=\"text-align: left\">Toivotamme sinut l\u00e4mpim\u00e4sti tervetulleeksi kehitt\u00e4m\u00e4\u00e4n osaamistasi ja kasvamaan gerontologisen hoitoty\u00f6n asiantuntijana! Tutustu seuraavaksi opintokokonaisuuden sis\u00e4lt\u00f6ihin ja rakenteeseen sek\u00e4 osaamismerkkeihin.<\/p>\n<p>[\/et_pb_text][\/et_pb_column][\/et_pb_row][\/et_pb_section][et_pb_section fb_built=&#8221;1&#8243; admin_label=&#8221;Services&#8221; _builder_version=&#8221;4.27.4&#8243; _module_preset=&#8221;default&#8221; collapsed=&#8221;on&#8221; global_colors_info=&#8221;{}&#8221;][et_pb_row _builder_version=&#8221;4.27.4&#8243; _module_preset=&#8221;default&#8221; background_color=&#8221;RGBA(255,255,255,0)&#8221; max_width=&#8221;700px&#8221; custom_padding=&#8221;29px|||||&#8221;][et_pb_column type=&#8221;4_4&#8243; _builder_version=&#8221;4.22.0&#8243; _module_preset=&#8221;default&#8221; global_colors_info=&#8221;{}&#8221;][et_pb_text _builder_version=&#8221;4.27.4&#8243; _module_preset=&#8221;99601106-3928-48ef-a008-09681e61ee2e&#8221; text_text_color=&#8221;#000000&#8243; text_orientation=&#8221;center&#8221; global_colors_info=&#8221;{}&#8221;]<\/p>\n<h2>GeroDigi -opintokokonaisuuden rakenne ja sis\u00e4lt\u00f6<\/h2>\n<p>[\/et_pb_text][\/et_pb_column][\/et_pb_row][et_pb_row make_equal=&#8221;on&#8221; custom_padding_last_edited=&#8221;on|desktop&#8221; _builder_version=&#8221;4.27.4&#8243; _module_preset=&#8221;default&#8221; background_color=&#8221;#FFFFFF&#8221; custom_padding=&#8221;0px|||||&#8221; custom_padding_tablet=&#8221;||0px||false|false&#8221; custom_padding_phone=&#8221;||0px||false|false&#8221;][et_pb_column type=&#8221;4_4&#8243; _builder_version=&#8221;4.22.0&#8243; _module_preset=&#8221;default&#8221; background_color=&#8221;gcid-34807b40-f97e-428a-90f8-6d5ad2ecd8cd&#8221; custom_padding=&#8221;40px|40px|40px|40px|true|true&#8221; custom_padding_tablet=&#8221;30px|30px|30px|30px|true|true&#8221; custom_padding_phone=&#8221;20px|20px|20px|20px|true|true&#8221; custom_padding_last_edited=&#8221;on|tablet&#8221; border_radii=&#8221;on|20px|20px|20px|20px&#8221; global_colors_info=&#8221;{%22gcid-34807b40-f97e-428a-90f8-6d5ad2ecd8cd%22:%91%22background_color%22%93}&#8221;][et_pb_text _builder_version=&#8221;4.27.4&#8243; _module_preset=&#8221;46b2bb26-0a34-45f3-a0a2-3402af90a97f&#8221; text_text_color=&#8221;#000000&#8243; background_color=&#8221;RGBA(255,255,255,0)&#8221; text_orientation=&#8221;center&#8221; min_height=&#8221;90px&#8221; custom_margin=&#8221;3px|||||&#8221; custom_padding=&#8221;39px|||||&#8221; border_style_all=&#8221;none&#8221; global_colors_info=&#8221;{}&#8221;]<\/p>\n<h2><span style=\"font-size: xx-large\">Kolme teemaa, yhdeks\u00e4n aihetta ja monipuoliset oppimisaktiviteetit<\/span><\/h2>\n<p>[\/et_pb_text][et_pb_text _builder_version=&#8221;4.27.4&#8243; _module_preset=&#8221;default&#8221; text_text_color=&#8221;#000000&#8243; text_font_size=&#8221;18px&#8221; text_line_height=&#8221;1.5em&#8221; background_color=&#8221;RGBA(255,255,255,0)&#8221; min_height=&#8221;341px&#8221; global_colors_info=&#8221;{}&#8221;]<\/p>\n<p>Kokonaisuuteen kuuluu kolme teemaa:<br \/>\u2022 Toimintakykyosaaminen<br \/>\u2022 Teknologiaosaaminen<br \/>\u2022 Ty\u00f6kykyosaaminen<\/p>\n<p>L\u00f6yd\u00e4t teemat verkkosivun yl\u00e4palkista. Jokaisessa teemassa on kolme aihetta. Voit opiskella niiden sis\u00e4lt\u00f6j\u00e4 oman aikataulusi mukaisesti ja haluamassasi j\u00e4rjestyksess\u00e4. Jokainen sis\u00e4lt\u00f6 koostuu erilaisista oppimisaktiviteetista (kuvio 1).<\/p>\n<p>Tarkemmat ohjeet ja sis\u00e4ll\u00f6t l\u00f6yd\u00e4t kunkin teeman omista opinnoista. N\u00e4in p\u00e4\u00e4set syventym\u00e4\u00e4n aihealueisiin vaiheittain ja oman oppimistarpeesi mukaisesti. Tutustu seuraavaksi valitsemaasi teemaan ja sen tarjoamiin sis\u00e4lt\u00f6ihin!<\/p>\n<p>Kuvio 1: Opintokokonaisuuden rakenne<\/p>\n<p>[\/et_pb_text][et_pb_image src=&#8221;https:\/\/blogi.eoppimispalvelut.fi\/gerodigi\/files\/2025\/11\/oppisisallon-rakenne.png&#8221; title_text=&#8221;oppisis\u00e4ll\u00f6n rakenne&#8221; _builder_version=&#8221;4.27.4&#8243; _module_preset=&#8221;default&#8221; global_colors_info=&#8221;{}&#8221;][\/et_pb_image][\/et_pb_column][\/et_pb_row][et_pb_row make_equal=&#8221;on&#8221; _builder_version=&#8221;4.27.4&#8243; _module_preset=&#8221;default&#8221; background_color=&#8221;#FFFFFF&#8221;][et_pb_column type=&#8221;4_4&#8243; _builder_version=&#8221;4.22.0&#8243; _module_preset=&#8221;default&#8221; background_color=&#8221;gcid-34807b40-f97e-428a-90f8-6d5ad2ecd8cd&#8221; custom_padding=&#8221;40px|40px|40px|40px|true|true&#8221; custom_padding_tablet=&#8221;30px|30px|30px|30px|true|true&#8221; custom_padding_phone=&#8221;20px|20px|20px|20px|true|true&#8221; custom_padding_last_edited=&#8221;on|tablet&#8221; border_radii=&#8221;on|20px|20px|20px|20px&#8221; global_colors_info=&#8221;{%22gcid-34807b40-f97e-428a-90f8-6d5ad2ecd8cd%22:%91%22background_color%22%93}&#8221;][et_pb_text _builder_version=&#8221;4.27.4&#8243; _module_preset=&#8221;46b2bb26-0a34-45f3-a0a2-3402af90a97f&#8221; text_text_color=&#8221;#000000&#8243; background_color=&#8221;RGBA(255,255,255,0)&#8221; text_orientation=&#8221;center&#8221; min_height=&#8221;90px&#8221; custom_margin=&#8221;3px|||||&#8221; custom_padding=&#8221;39px|||||&#8221; border_style_all=&#8221;none&#8221; global_colors_info=&#8221;{}&#8221;]<\/p>\n<h2><span style=\"font-size: xx-large\">Osaamismerkit &#8211; N\u00e4ytt\u00f6\u00e4 osaamisen karttumisesta<\/span><\/h2>\n<p>[\/et_pb_text][et_pb_text _builder_version=&#8221;4.27.4&#8243; _module_preset=&#8221;default&#8221; text_text_color=&#8221;#000000&#8243; text_font_size=&#8221;18px&#8221; text_line_height=&#8221;1.5em&#8221; background_color=&#8221;RGBA(255,255,255,0)&#8221; min_height=&#8221;341px&#8221; global_colors_info=&#8221;{}&#8221;]<\/p>\n<p>Opiskelun j\u00e4lkeen voit halutessasi osoittaa osaamisesi hakemalla osaamismerkit suorittamistasi aiheista.<\/p>\n<p>Osaamismerkkien suorittaminen tarjoaa konkreettisen ja n\u00e4kyv\u00e4n tavan osoittaa ja tunnistaa gerontologisen hoitoty\u00f6n osaamisen kehittymist\u00e4. Ker\u00e4\u00e4m\u00e4ll\u00e4 osaamismerkkej\u00e4 voit osoittaa osaamisesi teemojen ja aiheiden sis\u00e4ll\u00f6ist\u00e4.<\/p>\n<p>Osaamismerkkihierarkia mukailee opintokokonaisuuden etenemist\u00e4: jokaisesta teemasta voit suorittaa koontimerkin ja kunkin sis\u00e4ll\u00f6n osalta osamerkin (kuvio 2).<\/p>\n<p>Osaamismerkit tukevat tavoitteellista oppimista ja tuovat n\u00e4kyvyytt\u00e4 osaamisellesi sek\u00e4 omassa organisaatiossa ett\u00e4 laajemmin ty\u00f6el\u00e4m\u00e4ss\u00e4.<\/p>\n<p>Voit ker\u00e4t\u00e4 osaamismerkit sit\u00e4 varten kehitettyyn passiin. Hanki passi k\u00e4ytt\u00f6\u00f6si t\u00e4st\u00e4 <a href=\"https:\/\/openbadgepassport.com\/\" target=\"_blank\" rel=\"noopener\">linkist\u00e4<\/a>.<\/p>\n<p>Tarkemmat ohjeet osaamismerkkien suorittamiseen ja hakemiseen l\u00f6yd\u00e4t jokaisen teeman alta.<\/p>\n<p>Kuvio 2. Osaamismerkit suhteessa oppimateriaaliin<\/p>\n<p>[\/et_pb_text][et_pb_image src=&#8221;https:\/\/blogi.eoppimispalvelut.fi\/gerodigi\/files\/2025\/11\/osaamismerkit-suhteessa-sisaltoon-1.png&#8221; title_text=&#8221;osaamismerkit suhteessa sis\u00e4lt\u00f6\u00f6n&#8221; _builder_version=&#8221;4.27.4&#8243; _module_preset=&#8221;default&#8221; global_colors_info=&#8221;{}&#8221;][\/et_pb_image][et_pb_button button_url=&#8221;https:\/\/openbadgepassport.com\/&#8221; url_new_window=&#8221;on&#8221; button_text=&#8221;Hanki osaamispassi&#8221; button_alignment=&#8221;center&#8221; _builder_version=&#8221;4.27.4&#8243; _module_preset=&#8221;8f879812-8ea7-4a4d-a4dc-82c3db34cebc&#8221; global_colors_info=&#8221;{}&#8221;][\/et_pb_button][\/et_pb_column][\/et_pb_row][\/et_pb_section][et_pb_section fb_built=&#8221;1&#8243; admin_label=&#8221;Features&#8221; _builder_version=&#8221;4.22.0&#8243; _module_preset=&#8221;default&#8221; collapsed=&#8221;on&#8221; global_colors_info=&#8221;{}&#8221;][et_pb_row _builder_version=&#8221;4.27.4&#8243; _module_preset=&#8221;default&#8221; background_color=&#8221;#FFFFFF&#8221;][et_pb_column type=&#8221;4_4&#8243; _builder_version=&#8221;4.22.0&#8243; _module_preset=&#8221;default&#8221; global_colors_info=&#8221;{}&#8221;][et_pb_slider _builder_version=&#8221;4.27.4&#8243; _module_preset=&#8221;e6455286-8e92-41ff-9b97-31bedbdc8608&#8243; locked=&#8221;off&#8221; global_colors_info=&#8221;{%22gcid-21f39c30-514a-41a8-ae0a-6cf144b81c75%22:%91%22arrows_custom_color%22,%22dot_nav_custom_color%22%93}&#8221;][et_pb_slide heading=&#8221;%22Oppia ik\u00e4 kaikki.%22&#8243; _builder_version=&#8221;4.27.4&#8243; _module_preset=&#8221;default&#8221; locked=&#8221;off&#8221; global_colors_info=&#8221;{}&#8221; sticky_transition=&#8221;on&#8221;]<\/p>\n<p>Suomalainen sananlasku<\/p>\n<p>[\/et_pb_slide][et_pb_slide heading=&#8221;%22Ei oppi ojaan kaada, eik\u00e4 tieto tielt\u00e4 ty\u00f6nn\u00e4.%22&#8243; _builder_version=&#8221;4.27.4&#8243; _module_preset=&#8221;default&#8221; locked=&#8221;off&#8221; global_colors_info=&#8221;{}&#8221; sticky_transition=&#8221;on&#8221;]<\/p>\n<p>Suomalainen sananlasku<\/p>\n<p>[\/et_pb_slide][et_pb_slide heading=&#8221;%22Mink\u00e4 nuorena oppii sen vanhana taitaa.%22&#8243; _builder_version=&#8221;4.27.4&#8243; _module_preset=&#8221;default&#8221; locked=&#8221;off&#8221; global_colors_info=&#8221;{}&#8221; sticky_transition=&#8221;on&#8221;]<\/p>\n<p>Suomalainen sananlasku<\/p>\n<p>[\/et_pb_slide][et_pb_slide heading=&#8221;%22Ken hyvin tekee, paremman edest\u00e4\u00e4n l\u00f6yt\u00e4\u00e4. %22&#8243; _builder_version=&#8221;4.27.4&#8243; _module_preset=&#8221;default&#8221; locked=&#8221;off&#8221; global_colors_info=&#8221;{}&#8221; sticky_transition=&#8221;on&#8221;]<\/p>\n<p>Suomalainen sananlasku<\/p>\n<p>[\/et_pb_slide][\/et_pb_slider][\/et_pb_column][\/et_pb_row][\/et_pb_section]<\/p>\n","protected":false},"excerpt":{"rendered":"<p>Kehittyv\u00e4 gerontologisen hoitoty\u00f6n osaajaGeroDigi-hankkeessa ty\u00f6stetty oppimateriaali on suunnattu ik\u00e4\u00e4ntyneiden hoitoty\u00f6ss\u00e4 toimiville sek\u00e4 alan opiskelijoille ja kouluttajille. Materiaali tukee ammatillista kehittymist\u00e4 ja p\u00e4ivitt\u00e4ist\u00e4 ty\u00f6t\u00e4. My\u00f6s ik\u00e4\u00e4ntyneet asiakkaat ja heid\u00e4n l\u00e4heisens\u00e4 voivat hy\u00f6dynt\u00e4\u00e4 t\u00e4t\u00e4 sis\u00e4lt\u00f6\u00e4 arjessaan. Toivotamme sinut l\u00e4mpim\u00e4sti tervetulleeksi kehitt\u00e4m\u00e4\u00e4n osaamistasi ja kasvamaan gerontologisen hoitoty\u00f6n asiantuntijana! Tutustu seuraavaksi opintokokonaisuuden sis\u00e4lt\u00f6ihin ja rakenteeseen sek\u00e4 osaamismerkkeihin.GeroDigi -opintokokonaisuuden rakenne [&hellip;]<\/p>\n","protected":false},"author":1329,"featured_media":0,"parent":0,"menu_order":0,"comment_status":"closed","ping_status":"closed","template":"","meta":{"_et_pb_use_builder":"on","_et_pb_old_content":"","_et_gb_content_width":"","footnotes":""},"class_list":["post-33","page","type-page","status-publish","hentry"],"_links":{"self":[{"href":"https:\/\/blogi.eoppimispalvelut.fi\/gerodigi\/wp-json\/wp\/v2\/pages\/33","targetHints":{"allow":["GET"]}}],"collection":[{"href":"https:\/\/blogi.eoppimispalvelut.fi\/gerodigi\/wp-json\/wp\/v2\/pages"}],"about":[{"href":"https:\/\/blogi.eoppimispalvelut.fi\/gerodigi\/wp-json\/wp\/v2\/types\/page"}],"author":[{"embeddable":true,"href":"https:\/\/blogi.eoppimispalvelut.fi\/gerodigi\/wp-json\/wp\/v2\/users\/1329"}],"replies":[{"embeddable":true,"href":"https:\/\/blogi.eoppimispalvelut.fi\/gerodigi\/wp-json\/wp\/v2\/comments?post=33"}],"version-history":[{"count":55,"href":"https:\/\/blogi.eoppimispalvelut.fi\/gerodigi\/wp-json\/wp\/v2\/pages\/33\/revisions"}],"predecessor-version":[{"id":2882,"href":"https:\/\/blogi.eoppimispalvelut.fi\/gerodigi\/wp-json\/wp\/v2\/pages\/33\/revisions\/2882"}],"wp:attachment":[{"href":"https:\/\/blogi.eoppimispalvelut.fi\/gerodigi\/wp-json\/wp\/v2\/media?parent=33"}],"curies":[{"name":"wp","href":"https:\/\/api.w.org\/{rel}","templated":true}]}}