{"id":7,"date":"2025-03-26T12:11:58","date_gmt":"2025-03-26T10:11:58","guid":{"rendered":"https:\/\/blogi.eoppimispalvelut.fi\/gerodigi\/?page_id=7"},"modified":"2026-03-27T11:33:41","modified_gmt":"2026-03-27T09:33:41","slug":"tietoa-hankkeesta","status":"publish","type":"page","link":"https:\/\/blogi.eoppimispalvelut.fi\/gerodigi\/tietoa-hankkeesta\/","title":{"rendered":"Tietoa hankkeesta"},"content":{"rendered":"<p>[et_pb_section fb_built=&#8221;1&#8243; admin_label=&#8221;Header&#8221; _builder_version=&#8221;4.22.0&#8243; _module_preset=&#8221;default&#8221; locked=&#8221;off&#8221; collapsed=&#8221;on&#8221; global_colors_info=&#8221;{%22gcid-46e54cc2-2550-449e-a151-e85c3a835795%22:%91%22background_color%22%93}&#8221;][et_pb_row column_structure=&#8221;1_2,1_2&#8243; _builder_version=&#8221;4.27.4&#8243; _module_preset=&#8221;default&#8221; background_color=&#8221;#FFFFFF&#8221; min_height=&#8221;1034.7px&#8221; global_colors_info=&#8221;{}&#8221;][et_pb_column type=&#8221;1_2&#8243; _builder_version=&#8221;4.22.0&#8243; _module_preset=&#8221;default&#8221; global_colors_info=&#8221;{}&#8221;][et_pb_text _builder_version=&#8221;4.27.4&#8243; _module_preset=&#8221;faba248f-3e03-4c95-8c3a-f36eb4d34a25&#8243; custom_margin=&#8221;||10px||false|false&#8221; global_colors_info=&#8221;{}&#8221;]<\/p>\n<h1>GeroDigi<\/h1>\n<p>&nbsp;<\/p>\n<h1>Gerontologisen hoitoty\u00f6n osaamisen vahvistaminen digitaalisin osaamismerkein<\/h1>\n<p>[\/et_pb_text][et_pb_text _builder_version=&#8221;4.27.4&#8243; _module_preset=&#8221;5fc411b4-9dbf-437b-b334-af627ccbd5f8&#8243; text_font=&#8221;||||||||&#8221; text_text_color=&#8221;#000000&#8243; min_height=&#8221;466.7px&#8221; custom_margin=&#8221;27px|||||&#8221; global_colors_info=&#8221;{}&#8221;]<\/p>\n<p>GeroDigi-hanke (2023\u20132026) on Euroopan unionin osarahoittama Lapin ammattikorkeakoulun, Oulun ammattikorkeakoulun ja Centria-ammattikorkeakoulun yhteishanke. Sen tavoitteena on vahvistaa ja yhten\u00e4ist\u00e4\u00e4 hyvinvointialueilla ty\u00f6skentelevien hoitoty\u00f6ntekij\u00f6iden gerontologista osaamista tuottamalla avointa digitaalista oppimateriaalia ja niihin liittyvi\u00e4 osaamista osoittavia digitaalisia osaamismerkkej\u00e4.<\/p>\n<p>Ik\u00e4\u00e4ntyneiden m\u00e4\u00e4r\u00e4n kasvu lis\u00e4\u00e4 tarvetta laadukkaalle hoitoty\u00f6lle, joka edellytt\u00e4\u00e4 laaja-alaista osaamista \u2013 eettist\u00e4 ja vuorovaikutusosaamista, tietoa hyvinvoinnin ja terveyden edist\u00e4misest\u00e4 sek\u00e4 kyky\u00e4 hy\u00f6dynt\u00e4\u00e4 teknologiaa hoitoty\u00f6ss\u00e4. GeroDigi-hankkeessa osaamiskokonaisuudet on rakennettu tutkimustiedon, kirjallisuuden ja haastattelujen pohjalta, joissa on kartoitettu hoitoty\u00f6ntekij\u00f6iden, esihenkil\u00f6iden ja ik\u00e4\u00e4ntyneiden n\u00e4kemyksi\u00e4 tarvittavasta osaamisesta.<\/p>\n<p>Oppimissis\u00e4ll\u00f6t ja osaamismerkkien kriteerit on suunniteltu mikro-oppimisen periaatteiden mukaisesti, jotta oppiminen olisi joustavaa, saavutettavaa ja k\u00e4yt\u00e4nn\u00f6nl\u00e4heist\u00e4.<\/p>\n<p>[\/et_pb_text][\/et_pb_column][et_pb_column type=&#8221;1_2&#8243; _builder_version=&#8221;4.27.4&#8243; _module_preset=&#8221;default&#8221; background_enable_image=&#8221;off&#8221; custom_padding=&#8221;8vw||||false|false&#8221; border_radii=&#8221;on|20px|20px|20px|20px&#8221; global_colors_info=&#8221;{}&#8221;][et_pb_image src=&#8221;https:\/\/blogi.eoppimispalvelut.fi\/gerodigi\/files\/2025\/03\/GeroDigi_kuvituskuva-removebg-preview.png&#8221; title_text=&#8221;GeroDigi_kuvituskuva-removebg-preview&#8221; _builder_version=&#8221;4.27.4&#8243; _module_preset=&#8221;default&#8221; global_colors_info=&#8221;{}&#8221;][\/et_pb_image][\/et_pb_column][\/et_pb_row][et_pb_row _builder_version=&#8221;4.27.4&#8243; _module_preset=&#8221;default&#8221; background_color=&#8221;#FFFFFF&#8221; min_height=&#8221;111px&#8221; global_colors_info=&#8221;{}&#8221;][et_pb_column type=&#8221;4_4&#8243; _builder_version=&#8221;4.22.0&#8243; _module_preset=&#8221;default&#8221; global_colors_info=&#8221;{}&#8221;][et_pb_text _builder_version=&#8221;4.22.0&#8243; _module_preset=&#8221;91d94ad6-a2e7-40bf-bdbe-4f609c7265b8&#8243; text_orientation=&#8221;center&#8221; global_colors_info=&#8221;{}&#8221;]<\/p>\n<h2>Hankkeen toteuttajat<\/h2>\n<p>[\/et_pb_text][\/et_pb_column][\/et_pb_row][et_pb_row column_structure=&#8221;1_3,1_3,1_3&#8243; _builder_version=&#8221;4.27.4&#8243; _module_preset=&#8221;default&#8221; background_color=&#8221;RGBA(255,255,255,0)&#8221; global_colors_info=&#8221;{}&#8221;][et_pb_column type=&#8221;1_3&#8243; _builder_version=&#8221;4.27.4&#8243; _module_preset=&#8221;default&#8221; global_colors_info=&#8221;{}&#8221;][et_pb_blurb title=&#8221;Anniina Tohmola&#8221; image=&#8221;https:\/\/blogi.eoppimispalvelut.fi\/gerodigi\/files\/2025\/11\/Untitled-8.png&#8221; _builder_version=&#8221;4.27.4&#8243; _module_preset=&#8221;default&#8221; global_colors_info=&#8221;{}&#8221;]<\/p>\n<p>Yliopettaja<\/p>\n<p>Lapin ammattikorkeakoulu<\/p>\n<p>anniina.tohmola [at] lapinamk.fi<\/p>\n<p>Anniina vastaa kysymyksiin Toimintakyky-osaamisen osiosta<\/p>\n<p>[\/et_pb_blurb][\/et_pb_column][et_pb_column type=&#8221;1_3&#8243; _builder_version=&#8221;4.27.4&#8243; _module_preset=&#8221;default&#8221; global_colors_info=&#8221;{}&#8221;][et_pb_blurb title=&#8221;Hanna L\u00e4hde&#8221; image=&#8221;https:\/\/blogi.eoppimispalvelut.fi\/gerodigi\/files\/2025\/11\/Untitled-10.png&#8221; _builder_version=&#8221;4.27.4&#8243; _module_preset=&#8221;default&#8221; global_colors_info=&#8221;{}&#8221;]<\/p>\n<p>Lehtori<\/p>\n<p>Lapin ammattikorkeakoulu<\/p>\n<p>hanna.lahde [at] lapinamk.fi<\/p>\n<p>Hanna vastaa kysymyksiin Toimintakyky-osaamisen osiosta<\/p>\n<p>[\/et_pb_blurb][\/et_pb_column][et_pb_column type=&#8221;1_3&#8243; _builder_version=&#8221;4.27.4&#8243; _module_preset=&#8221;default&#8221; global_colors_info=&#8221;{}&#8221;][et_pb_blurb title=&#8221;Mira Oinas-M\u00e4enalanen&#8221; image=&#8221;https:\/\/blogi.eoppimispalvelut.fi\/gerodigi\/files\/2025\/11\/Untitled-11.png&#8221; _builder_version=&#8221;4.27.4&#8243; _module_preset=&#8221;default&#8221; global_colors_info=&#8221;{}&#8221; custom_padding=&#8221;||0px|||&#8221;]<\/p>\n<p>Lehtori, projektip\u00e4\u00e4llikk\u00f6<\/p>\n<p>Lapin ammattikorkeakoulu<\/p>\n<p>mira.oinas-maenalanen [at] lapinamki.fi<\/p>\n<p>[\/et_pb_blurb][\/et_pb_column][\/et_pb_row][et_pb_row column_structure=&#8221;1_3,1_3,1_3&#8243; _builder_version=&#8221;4.27.4&#8243; _module_preset=&#8221;default&#8221; background_color=&#8221;RGBA(255,255,255,0)&#8221; global_colors_info=&#8221;{}&#8221;][et_pb_column type=&#8221;1_3&#8243; _builder_version=&#8221;4.27.4&#8243; _module_preset=&#8221;default&#8221; global_colors_info=&#8221;{}&#8221;][et_pb_blurb title=&#8221;Reetta Saarnio&#8221; image=&#8221;https:\/\/blogi.eoppimispalvelut.fi\/gerodigi\/files\/2025\/11\/Untitled-7.png&#8221; _builder_version=&#8221;4.27.4&#8243; _module_preset=&#8221;default&#8221; global_colors_info=&#8221;{}&#8221;]<\/p>\n<p>Yliopettaja<\/p>\n<p>Oulun ammattikorkeakoulu<br \/>reetta.saarnio [at] oamk.fi<\/p>\n<p>Reetta vastaa kysymyksiin Teknologiaosaaminen-teemasta.<\/p>\n<p>[\/et_pb_blurb][\/et_pb_column][et_pb_column type=&#8221;1_3&#8243; _builder_version=&#8221;4.27.4&#8243; _module_preset=&#8221;default&#8221; global_colors_info=&#8221;{}&#8221;][et_pb_blurb title=&#8221;Piia Hyv\u00e4m\u00e4ki&#8221; image=&#8221;https:\/\/blogi.eoppimispalvelut.fi\/gerodigi\/files\/2025\/11\/Untitled-12.png&#8221; _builder_version=&#8221;4.27.4&#8243; _module_preset=&#8221;default&#8221; global_colors_info=&#8221;{}&#8221;]<\/p>\n<p class=\"et_pb_module_header\">Lehtori<\/p>\n<div class=\"et_pb_blurb_description\">\n<p>Oulun ammattikorkeakoulu<br \/>piia.hyvamaki [at] oamk.fi<\/p>\n<p>Piia vastaa kysymyksiin Teknologiaosaaminen-teemasta.<\/p>\n<\/div>\n<p>[\/et_pb_blurb][\/et_pb_column][et_pb_column type=&#8221;1_3&#8243; _builder_version=&#8221;4.27.4&#8243; _module_preset=&#8221;default&#8221; global_colors_info=&#8221;{}&#8221;][\/et_pb_column][\/et_pb_row][et_pb_row column_structure=&#8221;1_3,1_3,1_3&#8243; _builder_version=&#8221;4.27.4&#8243; _module_preset=&#8221;default&#8221; background_color=&#8221;RGBA(255,255,255,0)&#8221; global_colors_info=&#8221;{}&#8221;][et_pb_column type=&#8221;1_3&#8243; _builder_version=&#8221;4.27.4&#8243; _module_preset=&#8221;default&#8221; global_colors_info=&#8221;{}&#8221;][et_pb_blurb title=&#8221;Hanna-Mari Pesonen&#8221; image=&#8221;https:\/\/blogi.eoppimispalvelut.fi\/gerodigi\/files\/2025\/11\/Untitled-6.png&#8221; _builder_version=&#8221;4.27.4&#8243; _module_preset=&#8221;default&#8221; global_colors_info=&#8221;{}&#8221;]<\/p>\n<p>Yliopettaja<br \/>Centria-ammattikorkeakoulu<br \/>hanna-mari.pesonen [at] centria.fi<\/p>\n<p>Hanna-Mari vastaa kysymyksiin Ty\u00f6kykyosaaminen-teemasta.<\/p>\n<p>[\/et_pb_blurb][\/et_pb_column][et_pb_column type=&#8221;1_3&#8243; _builder_version=&#8221;4.27.4&#8243; _module_preset=&#8221;default&#8221; global_colors_info=&#8221;{}&#8221;][et_pb_blurb title=&#8221;Teija Honkonen&#8221; image=&#8221;https:\/\/blogi.eoppimispalvelut.fi\/gerodigi\/files\/2025\/11\/Untitled-5.png&#8221; _builder_version=&#8221;4.27.4&#8243; _module_preset=&#8221;default&#8221; global_colors_info=&#8221;{}&#8221;]<\/p>\n<p>Lehtori<br \/>Centria-ammattikorkeakoulu<br \/>teija.honkonen [at] centria.fi<\/p>\n<p>Teija vastaa kysymyksiin Ty\u00f6kykyosaaminen-teemasta.<\/p>\n<p>[\/et_pb_blurb][\/et_pb_column][et_pb_column type=&#8221;1_3&#8243; _builder_version=&#8221;4.27.4&#8243; _module_preset=&#8221;default&#8221; global_colors_info=&#8221;{}&#8221;][\/et_pb_column][\/et_pb_row][et_pb_row column_structure=&#8221;1_2,1_2&#8243; custom_padding_last_edited=&#8221;on|tablet&#8221; _builder_version=&#8221;4.27.4&#8243; _module_preset=&#8221;default&#8221; background_color=&#8221;#f5f6f1&#8243; custom_padding=&#8221;60px|60px|60px|60px|true|true&#8221; custom_padding_tablet=&#8221;|30px||30px|true|true&#8221; custom_padding_phone=&#8221;30px|20px|30px|20px|true|true&#8221; border_radii=&#8221;on|20px|20px|20px|20px&#8221;][et_pb_column type=&#8221;1_2&#8243; _builder_version=&#8221;4.22.0&#8243; _module_preset=&#8221;default&#8221; global_colors_info=&#8221;{}&#8221;][et_pb_text _builder_version=&#8221;4.27.4&#8243; _module_preset=&#8221;03c36642-2e12-41fa-b199-bb329487c44a&#8221; text_orientation=&#8221;center&#8221; max_width=&#8221;700px&#8221; module_alignment=&#8221;center&#8221; global_colors_info=&#8221;{}&#8221;]<\/p>\n<h3 style=\"text-align: left\">Sivuston k\u00e4ytett\u00e4vyys ja saavutettavuus<\/h3>\n<p>[\/et_pb_text][et_pb_text _builder_version=&#8221;4.27.4&#8243; _module_preset=&#8221;default&#8221; global_colors_info=&#8221;{}&#8221;]<\/p>\n<p><span style=\"font-size: large\">Sivuja kehitet\u00e4\u00e4n hankkeessa k\u00e4ytt\u00e4j\u00e4palautteen perusteella. Mik\u00e4li huomaat sis\u00e4lt\u00f6ihin tai toimivuteen liittyvi\u00e4 puutteita, ilmoitathan niist\u00e4 kunkin osion tekij\u00f6ille.\u00a0<\/span><\/p>\n<p>[\/et_pb_text][\/et_pb_column][et_pb_column type=&#8221;1_2&#8243; _builder_version=&#8221;4.27.4&#8243; _module_preset=&#8221;default&#8221; global_colors_info=&#8221;{}&#8221;][et_pb_text _builder_version=&#8221;4.27.4&#8243; _module_preset=&#8221;03c36642-2e12-41fa-b199-bb329487c44a&#8221; text_orientation=&#8221;center&#8221; max_width=&#8221;700px&#8221; module_alignment=&#8221;center&#8221; global_colors_info=&#8221;{}&#8221;]<\/p>\n<h3 style=\"text-align: left\">K\u00e4ytt\u00f6oikeudet<\/h3>\n<p>[\/et_pb_text][et_pb_text _builder_version=&#8221;4.27.4&#8243; _module_preset=&#8221;default&#8221; global_colors_info=&#8221;{}&#8221;]<\/p>\n<p><span style=\"font-size: large\">Sivusto sis\u00e4lt\u00f6ineen on tuotettu julkisen hankerahoituksen avulla. Sivustoa ja sen osia saa k\u00e4ytt\u00e4\u00e4 ja jakaa, mutta niit\u00e4 ei saa muokata ja alkuper\u00e4inen tekij\u00e4 on mainittava. <\/span><\/p>\n<p><strong>CC BY-SA<span>\u00a0<\/span><\/strong>(Nime\u00e4-JaaSamoin)<\/p>\n<p>Teosta saa kopioida, esitt\u00e4\u00e4, jakaa ja muuttaa vapaasti, mutta mahdolliset johdannaisteokset ja muunnelmat tulee julkaista samalla lisenssill\u00e4.<\/p>\n<p>[\/et_pb_text][et_pb_image src=&#8221;https:\/\/blogi.eoppimispalvelut.fi\/gerodigi\/files\/2025\/10\/cc-by-sa-e1761723985743.png&#8221; title_text=&#8221;cc-by-sa&#8221; _builder_version=&#8221;4.27.4&#8243; _module_preset=&#8221;default&#8221; global_colors_info=&#8221;{}&#8221;][\/et_pb_image][\/et_pb_column][\/et_pb_row][\/et_pb_section]<\/p>\n","protected":false},"excerpt":{"rendered":"<p>GeroDigi &nbsp; Gerontologisen hoitoty\u00f6n osaamisen vahvistaminen digitaalisin osaamismerkeinGeroDigi-hanke (2023\u20132026) on Euroopan unionin osarahoittama Lapin ammattikorkeakoulun, Oulun ammattikorkeakoulun ja Centria-ammattikorkeakoulun yhteishanke. Sen tavoitteena on vahvistaa ja yhten\u00e4ist\u00e4\u00e4 hyvinvointialueilla ty\u00f6skentelevien hoitoty\u00f6ntekij\u00f6iden gerontologista osaamista tuottamalla avointa digitaalista oppimateriaalia ja niihin liittyvi\u00e4 osaamista osoittavia digitaalisia osaamismerkkej\u00e4. Ik\u00e4\u00e4ntyneiden m\u00e4\u00e4r\u00e4n kasvu lis\u00e4\u00e4 tarvetta laadukkaalle hoitoty\u00f6lle, joka edellytt\u00e4\u00e4 laaja-alaista osaamista \u2013 eettist\u00e4 [&hellip;]<\/p>\n","protected":false},"author":1329,"featured_media":0,"parent":0,"menu_order":0,"comment_status":"closed","ping_status":"closed","template":"","meta":{"_et_pb_use_builder":"on","_et_pb_old_content":"<!-- wp:divi\/placeholder \/-->","_et_gb_content_width":"","footnotes":""},"class_list":["post-7","page","type-page","status-publish","hentry"],"_links":{"self":[{"href":"https:\/\/blogi.eoppimispalvelut.fi\/gerodigi\/wp-json\/wp\/v2\/pages\/7","targetHints":{"allow":["GET"]}}],"collection":[{"href":"https:\/\/blogi.eoppimispalvelut.fi\/gerodigi\/wp-json\/wp\/v2\/pages"}],"about":[{"href":"https:\/\/blogi.eoppimispalvelut.fi\/gerodigi\/wp-json\/wp\/v2\/types\/page"}],"author":[{"embeddable":true,"href":"https:\/\/blogi.eoppimispalvelut.fi\/gerodigi\/wp-json\/wp\/v2\/users\/1329"}],"replies":[{"embeddable":true,"href":"https:\/\/blogi.eoppimispalvelut.fi\/gerodigi\/wp-json\/wp\/v2\/comments?post=7"}],"version-history":[{"count":52,"href":"https:\/\/blogi.eoppimispalvelut.fi\/gerodigi\/wp-json\/wp\/v2\/pages\/7\/revisions"}],"predecessor-version":[{"id":2866,"href":"https:\/\/blogi.eoppimispalvelut.fi\/gerodigi\/wp-json\/wp\/v2\/pages\/7\/revisions\/2866"}],"wp:attachment":[{"href":"https:\/\/blogi.eoppimispalvelut.fi\/gerodigi\/wp-json\/wp\/v2\/media?parent=7"}],"curies":[{"name":"wp","href":"https:\/\/api.w.org\/{rel}","templated":true}]}}