{"id":139,"date":"2016-04-28T11:46:48","date_gmt":"2016-04-28T08:46:48","guid":{"rendered":"https:\/\/blogi.eoppimispalvelut.fi\/greencare\/?page_id=139"},"modified":"2016-08-09T11:08:15","modified_gmt":"2016-08-09T08:08:15","slug":"2-green-care-toimintaymparistot-5op","status":"publish","type":"page","link":"https:\/\/blogi.eoppimispalvelut.fi\/greencare\/2-green-care-toimintaymparistot-5op\/","title":{"rendered":"2. Green Care -toimintaymp\u00e4rist\u00f6t 5 opintopistett\u00e4"},"content":{"rendered":"<p>Tied\u00e4tk\u00f6 millainen on hyv\u00e4 toimintaymp\u00e4rist\u00f6 Green Care -palveluiden toteuttamiseksi? Miten ymp\u00e4rist\u00f6 n\u00e4ytt\u00e4ytyy asiakkaan silmin ja miten se tukee asiakkaan tavoitteita? Mink\u00e4laisessa ymp\u00e4rist\u00f6ss\u00e4 sinun olisi hyv\u00e4 ty\u00f6skennell\u00e4? Toimintaymp\u00e4rist\u00f6t opintojaksolla l\u00f6yd\u00e4t vastauksia n\u00e4ihin kysymyksiin ja saat uusia n\u00e4k\u00f6kulmia erilaisista ymp\u00e4rist\u00f6ist\u00e4 Green Care -palveluiden osana. Lis\u00e4ksi opit analysoimaan ymp\u00e4rist\u00f6j\u00e4 k\u00e4ytett\u00e4vyyden n\u00e4k\u00f6kulmasta. Opintojakso tarjoaa osaamista toimintaymp\u00e4rist\u00f6n muokkaamiseen asiakkaan, toiminnan ja palvelun tavoitteiden mukaisesti.<\/p>\n<p><b>Opintojakson <\/b><b>sis\u00e4lt\u00f6<\/b><\/p>\n<ul>\n<li>Orientaatio<\/li>\n<li>Fyysinen ymp\u00e4rist\u00f6<\/li>\n<li>Sosiaalinen ymp\u00e4rist\u00f6<\/li>\n<li>Ymp\u00e4rist\u00f6n analyysi ja muokkaaminen<\/li>\n<\/ul>\n<p><b>Osaamistavoitteet<\/b><b> <\/b><\/p>\n<ul>\n<li>Osaa nimet\u00e4 ja m\u00e4\u00e4ritell\u00e4 erilaisia Green Care- toimintaymp\u00e4rist\u00f6j\u00e4.<\/li>\n<li>Osaa selitt\u00e4\u00e4 ja j\u00e4sennell\u00e4 Green Care- toimintaymp\u00e4rist\u00f6ihin liittyv\u00e4t k\u00e4sitteet.<\/li>\n<li>Osaa selitt\u00e4\u00e4 fyysisen ja sosiaalisen Green Care toimintaymp\u00e4rist\u00f6n vaikutuksia hyvinvointiin ja osaa soveltaa em. tietoa toimintaymp\u00e4rist\u00f6n suunnitteluun\/muokkaamiseen huomioiden asiakkaan tarpeet<\/li>\n<li>Osaa\u00a0soveltaa tietoa Green Care -toimintaan liittyvist\u00e4 palveluj\u00e4rjestelmist\u00e4 ja lains\u00e4\u00e4d\u00e4nn\u00f6st\u00e4 sek\u00e4 kest\u00e4v\u00e4n kehityksen periaatteista Green Care toimintaymp\u00e4rist\u00f6\u00e4 suunnitellessaan\/muokatessaan.<\/li>\n<li>Osaa\u00a0soveltaa ja yhdistelee tietoa Green Care toimintaymp\u00e4rist\u00f6jen reunaehdoista kuten ymp\u00e4rist\u00f6vastuullisuudesta, esteett\u00f6myydest\u00e4 ja k\u00e4ytett\u00e4vyydest\u00e4 suunnitellessaan ja muokatessaan Green Care toimintaymp\u00e4rist\u00f6\u00e4 ja asiakkaan tarpeisiin<\/li>\n<li>Osaa k\u00e4ytt\u00e4\u00e4 toimintaymp\u00e4rist\u00f6n analysointiin tarkoitettuja ty\u00f6kaluja suunnitelleessaan muokkaus- ja ratkaisuehdotuksia asiakastarpeisiin.<\/li>\n<\/ul>\n<p>Yleiset osaamistavoitteet:<\/p>\n<ul>\n<li>Osaa arvioida ja kehitt\u00e4\u00e4 osaamistaan ja oppimistapojaan<\/li>\n<li>Osaa edist\u00e4\u00e4 tasa-arvoisuuden ja kest\u00e4v\u00e4n kehityksen periaatteiden toteutumista<\/li>\n<\/ul>\n<p><b>O<\/b><b>pintojakson<\/b><b> laajuus<\/b><b>\u00a0<\/b><\/p>\n<ul>\n<li>5 op (135h)<\/li>\n<li>Kuormittavuus 22,5 h \/ viikko<\/li>\n<li>Taso EQF 6<\/li>\n<\/ul>\n<p><b>Opintojakson<\/b><b> aikataulu<\/b><b>\u00a0<\/b><\/p>\n<ul>\n<li>Opintojakso 19.9. \u2013 4.11.2016<\/li>\n<li>Opintojaksoon liittyv\u00e4 verkkoalusta Moodle avataan 12.9.2016<\/li>\n<li>L\u00e4hip\u00e4iv\u00e4 3.11.2016<\/li>\n<li>L\u00e4sn\u00e4oloa vaativat verkko-opiskelut 26.9.2016 ja 4.10.2016\n<ul>\n<li>verkko-opiskelup\u00e4ivien kellonajat:<br \/>\n8.15 -9.45 Jyv\u00e4skyl\u00e4 &amp; Sein\u00e4joki<br \/>\n10.00-11.30 Lappi &amp; Kajaani<br \/>\n12.30-14.00 Mikkeli &amp; Pori<br \/>\n14.15-15.45 Kokkola<\/li>\n<\/ul>\n<\/li>\n<\/ul>\n<p>&nbsp;<\/p>\n<p><b>Koulutuskieli<\/b><\/p>\n<ul>\n<li>Suomi<\/li>\n<li>Kirjallista materiaalia ja videoluentoja voi olla my\u00f6s muilla kielill\u00e4<\/li>\n<\/ul>\n<p><b>Opiskelumateriaali<\/b><b>\u00a0<\/b><\/p>\n<ul>\n<li>L\u00e4hip\u00e4ivien luentomateriaali<\/li>\n<li>Verkkomateriaali Moodlessa<\/li>\n<li>Green Care kirjallisuus<\/li>\n<\/ul>\n<p><b>K\u00e4ytett\u00e4v\u00e4t ohjelmat<\/b><\/p>\n<ul>\n<li>Moodle (verkko-opiskelualusta)<\/li>\n<li>AC\/Skype for business (l\u00e4sn\u00e4oloa vaativat verkko-opinnot)<\/li>\n<\/ul>\n<p><b>Vaadittavat e<\/b><b>delt\u00e4v\u00e4t opinnot<\/b><\/p>\n<ul>\n<li>Vaaditaan Green Care -perusteet opintojakson hyv\u00e4ksytty suoritus<\/li>\n<\/ul>\n<p><b>Vaadittavat suoritukset<\/b><\/p>\n<ul>\n<li>Osallistuminen verkossa k\u00e4yt\u00e4viin keskusteluihin ja l\u00e4hip\u00e4iviin<\/li>\n<li>Palautettava ja esitelt\u00e4v\u00e4 teht\u00e4v\u00e4t sek\u00e4 ennakkoteht\u00e4v\u00e4n suorittaminen<\/li>\n<li>Itsen\u00e4inen opiskelu<\/li>\n<li>Osaamistestien l\u00e4p\u00e4iseminen hyv\u00e4ksytysti<\/li>\n<li>Itse- ja vertaisarvioinnin antaminen<\/li>\n<\/ul>\n<p><b>Arviointi<\/b><\/p>\n<ul>\n<li>Hyv\u00e4ksytty \/ hyl\u00e4tty<\/li>\n<\/ul>\n<p><b>Hyv\u00e4ksi lukeminen \/ AHOT<\/b><\/p>\n<ul>\n<li>Ei suoraa hyv\u00e4ksilukumahdollisuutta<\/li>\n<li>\u00a0Aikaisemmin hankittu osaaminen on mahdollista hy\u00f6dynt\u00e4\u00e4 opintojaksolla.\u00a0Vastuuopettajat tarkastavat esitetyn aikeisemmin hankitun osaamisen ja teht\u00e4v\u00e4suoritukset joiden kautta he m\u00e4\u00e4ritt\u00e4v\u00e4t hyv\u00e4ksytyksi mahdolliset osasuoritukset tai kokonaissuorituksen opintojaksosta.<\/li>\n<li>ks. AHOT-prosessi edelliselt\u00e4 sivulta<\/li>\n<\/ul>\n<p><b>Vastuuopettajat <\/b><\/p>\n<p>Heidi Kihlstr\u00f6m-Lehtonen<\/p>\n<p>Kihlstr\u00f6m-Lehtonen on terveystieteiden maisteri ja toimintaterapeutti. H\u00e4n ty\u00f6skentelee Jyv\u00e4skyl\u00e4n ammattikorkeakoulussa Hyvinvointiyksik\u00f6ss\u00e4 lehtorina. Heidi Kihlstr\u00f6m-Lehtonen on ollut Koirat kasvatus- ja kuntoutusty\u00f6ss\u00e4 ry:n hallituksessa sek\u00e4 organisoi ja kouluttaa koira-avusteisen ty\u00f6menetelm\u00e4n t\u00e4ydennyskoulutuksessa.<\/p>\n<p>Mari Kantanen<\/p>\n<p>Kantanen on terveystieteiden maisteri ja toimintaterapeutti. H\u00e4n ty\u00f6skentee Jyv\u00e4skyl\u00e4n ammattikorkeakoulussa Hyvinvointiyksik\u00f6ss\u00e4 lehtorina. Kantanen on ty\u00f6skennellyt erilaisissa toimintakyky\u00e4 ja hyvinvointia tutkivissa ja edist\u00e4viss\u00e4 tutkimus- ja kehitt\u00e4mishankkeissa.<\/p>\n<p>Suvi Ahonen<\/p>\n<p>Suvi Ahonen, projektip\u00e4\u00e4llikk\u00f6 (Restonomi YAMK\/ Mhm, Liiketoimintayksikk\u00f6 \/ TKI),\u00a0 on toiminut aiemmin incoming matkailun markkinointi- ja myyntiteht\u00e4viss\u00e4 kohderyhmin\u00e4\u00e4n erilaiset kotimaiset ja ulkomaiset asiakasryhm\u00e4t sek\u00e4 j\u00e4lleenmyyj\u00e4t. Vuodesta 2010 Ahonen on keskittynyt kehitt\u00e4m\u00e4\u00e4n keskisuomalaisten maaseutumatkailun yritysten ja sidosryhmien v\u00e4list\u00e4 viestint\u00e4\u00e4, verkostoitumista ja kansainv\u00e4listymist\u00e4. Nykyisess\u00e4 ty\u00f6ss\u00e4\u00e4n Ahonen on lis\u00e4ksi syventynyt ik\u00e4\u00e4ntyneiden matkailijoiden palveluiden el\u00e4myksellisyyden kehitt\u00e4miseen.<\/p>\n<p>Lis\u00e4ksi opintojaksolla on mukana alan asiantuntijoita opettamassa ja luennoimassa sek\u00e4 kertomassa hyvi\u00e4 esimerkkej\u00e4.<\/p>\n<p><strong><span class=\"TextRun SCX43360420\" xml:lang=\"FI-FI\"><span class=\"NormalTextRun SCX43360420\">Yhteyshenkil\u00f6<\/span><\/span><\/strong><\/p>\n<p>Heidi Kihlstr\u00f6m-Lehtonen<br \/>\nJyv\u00e4skyl\u00e4n ammattikorkeakoulu<br \/>\np. 0505919914, heidi.kihlstrom@jamk.fi<\/p>\n","protected":false},"excerpt":{"rendered":"<p>Tied\u00e4tk\u00f6 millainen on hyv\u00e4 toimintaymp\u00e4rist\u00f6 Green Care -palveluiden toteuttamiseksi? Miten ymp\u00e4rist\u00f6 n\u00e4ytt\u00e4ytyy asiakkaan silmin ja miten se tukee asiakkaan tavoitteita? Mink\u00e4laisessa ymp\u00e4rist\u00f6ss\u00e4 sinun olisi hyv\u00e4 ty\u00f6skennell\u00e4? Toimintaymp\u00e4rist\u00f6t opintojaksolla l\u00f6yd\u00e4t vastauksia n\u00e4ihin kysymyksiin ja saat uusia n\u00e4k\u00f6kulmia erilaisista ymp\u00e4rist\u00f6ist\u00e4 Green Care -palveluiden osana. Lis\u00e4ksi opit analysoimaan ymp\u00e4rist\u00f6j\u00e4 k\u00e4ytett\u00e4vyyden n\u00e4k\u00f6kulmasta. Opintojakso tarjoaa osaamista toimintaymp\u00e4rist\u00f6n muokkaamiseen asiakkaan, toiminnan &hellip; <\/p>\n<p class=\"link-more\"><a href=\"https:\/\/blogi.eoppimispalvelut.fi\/greencare\/2-green-care-toimintaymparistot-5op\/\" class=\"more-link\">Jatka lukemista<span class=\"screen-reader-text\"> &#8220;2. Green Care -toimintaymp\u00e4rist\u00f6t 5 opintopistett\u00e4&#8221;<\/span><\/a><\/p>\n","protected":false},"author":1329,"featured_media":0,"parent":0,"menu_order":0,"comment_status":"closed","ping_status":"closed","template":"","meta":{"footnotes":""},"class_list":["post-139","page","type-page","status-publish","hentry"],"_links":{"self":[{"href":"https:\/\/blogi.eoppimispalvelut.fi\/greencare\/wp-json\/wp\/v2\/pages\/139","targetHints":{"allow":["GET"]}}],"collection":[{"href":"https:\/\/blogi.eoppimispalvelut.fi\/greencare\/wp-json\/wp\/v2\/pages"}],"about":[{"href":"https:\/\/blogi.eoppimispalvelut.fi\/greencare\/wp-json\/wp\/v2\/types\/page"}],"author":[{"embeddable":true,"href":"https:\/\/blogi.eoppimispalvelut.fi\/greencare\/wp-json\/wp\/v2\/users\/1329"}],"replies":[{"embeddable":true,"href":"https:\/\/blogi.eoppimispalvelut.fi\/greencare\/wp-json\/wp\/v2\/comments?post=139"}],"version-history":[{"count":19,"href":"https:\/\/blogi.eoppimispalvelut.fi\/greencare\/wp-json\/wp\/v2\/pages\/139\/revisions"}],"predecessor-version":[{"id":350,"href":"https:\/\/blogi.eoppimispalvelut.fi\/greencare\/wp-json\/wp\/v2\/pages\/139\/revisions\/350"}],"wp:attachment":[{"href":"https:\/\/blogi.eoppimispalvelut.fi\/greencare\/wp-json\/wp\/v2\/media?parent=139"}],"curies":[{"name":"wp","href":"https:\/\/api.w.org\/{rel}","templated":true}]}}