{"id":152,"date":"2016-04-28T11:57:01","date_gmt":"2016-04-28T08:57:01","guid":{"rendered":"https:\/\/blogi.eoppimispalvelut.fi\/greencare\/?page_id=152"},"modified":"2016-08-09T11:11:53","modified_gmt":"2016-08-09T08:11:53","slug":"6-green-care-ohjaaja-ja-kouluttajaosaaminen-erillinen-10-op-opintojakso","status":"publish","type":"page","link":"https:\/\/blogi.eoppimispalvelut.fi\/greencare\/6-green-care-ohjaaja-ja-kouluttajaosaaminen-erillinen-10-op-opintojakso\/","title":{"rendered":"6. Green Care -ohjaaja- ja kouluttajaosaaminen 10 opintopistett\u00e4"},"content":{"rendered":"<p>Opit soveltamaan vaativia voimavarakeskeisen ohjauksen periaatteita omassa ohjaus- ja koulutustoiminnassa Luontovoiman ja\/ tai -hoivan alueella. Opit my\u00f6s kokemuksellisen ja konstruktivistisen oppimisen periaatteita ja hankit osaamista Green Care -koulutuksen suunnitteluun ja toteuttamiseen. Opinnot tarjoavat sinulle mahdollisuuden oppia suunnittelemaan, arvioimaan ja henkil\u00f6kohtaistamaan erilaisia oppimismenetelmi\u00e4 suhteessa koulutettavien osaamistasoon Luontovoiman ja -hoivan osalta.<\/p>\n<p><strong>Opintojakson <b>sis\u00e4lt\u00f6<\/b>\u00a0<\/strong><\/p>\n<ul>\n<li>Ratkaisu- ja voimavarakeskeinen ty\u00f6orientaatio ja ohjauksen periaatteet: voimavaraistava ohjausty\u00f6 ja ty\u00f6ntekij\u00e4n malli<\/li>\n<li>Ohjauksen ja valmennuksen periaatteita: toiminnalliset ty\u00f6tavat, puheella ohjaaminen sek\u00e4 mallintaminen<\/li>\n<li>Keskustelutekniikan perusteet ja mahdollisuudet: luontovoima ja -hoiva<\/li>\n<li>Luontohoiva: vaativa Green Care -ohjaaminen ja -fasilitointi<\/li>\n<li>Kokemuksellinen ja konstruktiivinen oppiminen<\/li>\n<li>Reflektiivisyys ja metataidot<\/li>\n<li>Opettamisen taidot: kokemuksellisuuden rakentaminen, mallintaminen \/ fasilitointi ja reflektiivisyyden her\u00e4tt\u00e4minen ja vahvistaminen oppijassa<\/li>\n<li>Kouluttajan oma ammatti-identiteetti ja erityisosaaminen Green Care -osaajana<\/li>\n<li>Koulutuksen\/kouluttamisen prosessi: suunnittelusta arviointiin<\/li>\n<li>Green Care -osaaminen Luontovoiman ja -hoivan alueella.<\/li>\n<li>Arviointi ja AHOTT- menettelyt<\/li>\n<li>Erilaiset oppijat: oppimisen henkil\u00f6kohtaistaminen ja osaamisen tunnistaminen\/tunnustaminen<\/li>\n<li>Luontovoiman ja -hoivan erityisosaamisen kouluttaminen ja arviointi<\/li>\n<\/ul>\n<p><b>Osaamistavoitteet<\/b><b> <\/b><\/p>\n<ul>\n<li>Osaa soveltaa voimavarakeskeisen ohjauksen sek\u00e4 kokemuksellisen ja konstruktiivisen oppimisen periaatteita omassa ohjaus- ja koulutustoiminnassaan<\/li>\n<li>Osaa analysoida ohjausty\u00f6n ja vuorovaikutuksen merkityst\u00e4 Green Care -palvelun tuottamisessa ja soveltaa niit\u00e4 oman ammatillisuuden mahdollistamiin teht\u00e4viin<\/li>\n<li>Osaa suunnitella ja tuottaa opetus\/ohjauskokonaisuuden Green Caren pedagogisten viitekehysten mukaan<\/li>\n<li>Osaa arvioida omia valmiuksia toimia Green Care -ohjaajana<\/li>\n<li>Osaa arvioida koulutettavien ja ohjattavien Green Care -osaamistasoa ja valita soveltuvimmat oppimismenetelm\u00e4t Green Caren kouluttamiseen<\/li>\n<\/ul>\n<p>Yleiset osaamistavoitteet:<\/p>\n<ul>\n<li>Osaa tuottaa uutta tietoa ja uudistaa toimintatapoja yhdist\u00e4en eri alojen osaamista<\/li>\n<li>Osaa johtaa monialaista toimintaa<\/li>\n<li>Kykenee toimimaan vaativissa asiantuntijateht\u00e4viss\u00e4, johtamisteht\u00e4viss\u00e4 tai yritt\u00e4j\u00e4n\u00e4<\/li>\n<li>Osa ottaa erilaiset toimijat huomioon ty\u00f6skentelyss\u00e4\u00e4n ja toiminnan kehitt\u00e4misess\u00e4<\/li>\n<\/ul>\n<p><b>Opintojakson<\/b><b> laajuus<\/b><b>\u00a0<\/b><\/p>\n<ul>\n<li>10 op (270h)<\/li>\n<li>Kuormittavuus 24,5 h \/ viikko<\/li>\n<li>Taso EQF 7<\/li>\n<\/ul>\n<p><b>Opintojakson<\/b><b> aikataulu<\/b><b>\u00a0<\/b><\/p>\n<ul>\n<li>Opintojakso 14.8.2017\u20139.11.2017<\/li>\n<li>Opintojaksoon liittyv\u00e4 verkkoalusta Moodle avataan 14.8.2017<\/li>\n<li>L\u00e4hip\u00e4iv\u00e4t 24.8.2017 ja 5.10.2017<\/li>\n<li>L\u00e4sn\u00e4oloa vaativat verkko-opiskelut 17.8.2017, 19.-20.9.2017 ja 8.\u20139.11.2017<\/li>\n<\/ul>\n<p><b>Koulutuskieli<\/b><\/p>\n<ul>\n<li>Suomi<\/li>\n<li>Kirjallista materiaalia ja videoluentoja voi olla my\u00f6s muilla kielill\u00e4<\/li>\n<\/ul>\n<p><b>Opiskelumateriaali<\/b><b>\u00a0<\/b><\/p>\n<ul>\n<li>L\u00e4hip\u00e4ivien luentomateriaali<\/li>\n<li>Verkkomateriaali Moodlessa<\/li>\n<li>Green Care kirjallisuus<\/li>\n<\/ul>\n<p><b>K\u00e4ytett\u00e4v\u00e4t ohjelmat<\/b><\/p>\n<ul>\n<li>Moodle (verkko-opiskelualusta)<\/li>\n<li>AC\/ Skype for business (l\u00e4sn\u00e4oloa vaativat verkko-opinnot)<\/li>\n<\/ul>\n<p><b>Vaadittavat e<\/b><b>delt\u00e4v\u00e4t opinnot<\/b><\/p>\n<ul>\n<li>Vaaditaan Green Care \u2013korkeakoulutuksen 30 op hyv\u00e4ksytty suoritus<\/li>\n<\/ul>\n<p><b>Vaadittavat suoritukset<\/b><\/p>\n<ul>\n<li>Osallistuminen verkossa k\u00e4yt\u00e4viin keskusteluihin sek\u00e4 l\u00e4hip\u00e4iviin ja koulutusn\u00e4ytt\u00f6<\/li>\n<li>Palautettava ja esitelt\u00e4v\u00e4 teht\u00e4v\u00e4t: ohjausn\u00e4ytt\u00f6, koulutusn\u00e4ytt\u00f6 ja koulutusprosessin suunnittelu<\/li>\n<li>Itsen\u00e4inen opiskelu<\/li>\n<li>Itse- ja vertaisarvioinnin antaminen<\/li>\n<\/ul>\n<p><b>Arviointi<\/b><\/p>\n<ul>\n<li>Hyv\u00e4ksytty \/ hyl\u00e4tty<\/li>\n<\/ul>\n<p><b>Hyv\u00e4ksi lukeminen \/ AHOT<\/b><\/p>\n<ul>\n<li>Ei suoraa hyv\u00e4ksilukumahdollisuutta<\/li>\n<li>\u00a0Aikaisemmin hankittu osaaminen on mahdollista hy\u00f6dynt\u00e4\u00e4 opintojaksolla.\u00a0Vastuuopettajat tarkastavat esitetyn aikeisemmin hankitun osaamisen ja teht\u00e4v\u00e4suoritukset joiden kautta he m\u00e4\u00e4ritt\u00e4v\u00e4t hyv\u00e4ksytyksi mahdolliset osasuoritukset tai kokonaissuorituksen opintojaksosta.<\/li>\n<li>ks. AHOT-prosessi edelliselt\u00e4 sivulta.<\/li>\n<\/ul>\n<p><strong>\u00a0<span class=\"TextRun SCX138103967\" xml:lang=\"FI-FI\"><span class=\"NormalTextRun SCX138103967\">Vastuuopettajat\u00a0<\/span><\/span><\/strong><\/p>\n<p>Asta Suomi<\/p>\n<p>Asta Suomi on yhteiskuntatieteiden tohtori, vaativan erityistason psykoterapeutti ja ammattikorkeakoulun opettaja sek\u00e4 sertifioitu johdon coach ja ty\u00f6nohjaaja. Asta Suomi kouluttaa sosiaali- ja terveysalan ammattilaisia, ty\u00f6nohjaajia ja psykoterapeutteja. Asta Suomi on soveltanut\u00a0 terapeuttisen puutarhanhoidon sek\u00e4 luontol\u00e4ht\u00f6isten ty\u00f6tapojen asiakasty\u00f6menetelmi\u00e4 psykoterapiaty\u00f6ss\u00e4 vuodesta 2006 ja h\u00e4n on kouluttanut terapeuttisen puutarhanhoidon ja valmennuksen osaajia sek\u00e4 Tampereella ett\u00e4 Jyv\u00e4skyl\u00e4ss\u00e4.<\/p>\n<p>Lis\u00e4ksi opintojaksolla on mukana alan asiantuntijoita opettamassa ja luennoimassa sek\u00e4 kertomassa hyvi\u00e4 esimerkkej\u00e4.<\/p>\n<p><b>Yhteyshenkil\u00f6t<\/b><\/p>\n<p>Asta Suomi<br \/>\nJyv\u00e4skyl\u00e4n ammattikorkeakoulu<br \/>\n040-041\u202f6481, asta.suomi@jamk.fi<\/p>\n","protected":false},"excerpt":{"rendered":"<p>Opit soveltamaan vaativia voimavarakeskeisen ohjauksen periaatteita omassa ohjaus- ja koulutustoiminnassa Luontovoiman ja\/ tai -hoivan alueella. Opit my\u00f6s kokemuksellisen ja konstruktivistisen oppimisen periaatteita ja hankit osaamista Green Care -koulutuksen suunnitteluun ja toteuttamiseen. Opinnot tarjoavat sinulle mahdollisuuden oppia suunnittelemaan, arvioimaan ja henkil\u00f6kohtaistamaan erilaisia oppimismenetelmi\u00e4 suhteessa koulutettavien osaamistasoon Luontovoiman ja -hoivan osalta. Opintojakson sis\u00e4lt\u00f6\u00a0 Ratkaisu- ja voimavarakeskeinen ty\u00f6orientaatio &hellip; <\/p>\n<p class=\"link-more\"><a href=\"https:\/\/blogi.eoppimispalvelut.fi\/greencare\/6-green-care-ohjaaja-ja-kouluttajaosaaminen-erillinen-10-op-opintojakso\/\" class=\"more-link\">Jatka lukemista<span class=\"screen-reader-text\"> &#8220;6. Green Care -ohjaaja- ja kouluttajaosaaminen 10 opintopistett\u00e4&#8221;<\/span><\/a><\/p>\n","protected":false},"author":1329,"featured_media":0,"parent":0,"menu_order":0,"comment_status":"closed","ping_status":"closed","template":"","meta":{"footnotes":""},"class_list":["post-152","page","type-page","status-publish","hentry"],"_links":{"self":[{"href":"https:\/\/blogi.eoppimispalvelut.fi\/greencare\/wp-json\/wp\/v2\/pages\/152","targetHints":{"allow":["GET"]}}],"collection":[{"href":"https:\/\/blogi.eoppimispalvelut.fi\/greencare\/wp-json\/wp\/v2\/pages"}],"about":[{"href":"https:\/\/blogi.eoppimispalvelut.fi\/greencare\/wp-json\/wp\/v2\/types\/page"}],"author":[{"embeddable":true,"href":"https:\/\/blogi.eoppimispalvelut.fi\/greencare\/wp-json\/wp\/v2\/users\/1329"}],"replies":[{"embeddable":true,"href":"https:\/\/blogi.eoppimispalvelut.fi\/greencare\/wp-json\/wp\/v2\/comments?post=152"}],"version-history":[{"count":9,"href":"https:\/\/blogi.eoppimispalvelut.fi\/greencare\/wp-json\/wp\/v2\/pages\/152\/revisions"}],"predecessor-version":[{"id":354,"href":"https:\/\/blogi.eoppimispalvelut.fi\/greencare\/wp-json\/wp\/v2\/pages\/152\/revisions\/354"}],"wp:attachment":[{"href":"https:\/\/blogi.eoppimispalvelut.fi\/greencare\/wp-json\/wp\/v2\/media?parent=152"}],"curies":[{"name":"wp","href":"https:\/\/api.w.org\/{rel}","templated":true}]}}