{"id":760,"date":"2018-11-06T13:21:31","date_gmt":"2018-11-06T11:21:31","guid":{"rendered":"https:\/\/blogi.eoppimispalvelut.fi\/greencare\/?page_id=760"},"modified":"2024-09-11T12:04:43","modified_gmt":"2024-09-11T09:04:43","slug":"pro-etusivu","status":"publish","type":"page","link":"https:\/\/blogi.eoppimispalvelut.fi\/greencare\/","title":{"rendered":""},"content":{"rendered":"<p><a href=\"https:\/\/blogi.eoppimispalvelut.fi\/greencare\/565-2\/\" target=\"_blank\" rel=\"https:\/\/blogi.eoppimispalvelut.fi\/greencare\/565-2\/ noopener\"><img loading=\"lazy\" decoding=\"async\" class=\"aligncenter wp-image-765 \" src=\"https:\/\/blogi.eoppimispalvelut.fi\/greencare\/files\/2018\/11\/green-care-pro-logot-06-600x167.png\" alt=\"\" width=\"726\" height=\"202\" srcset=\"https:\/\/blogi.eoppimispalvelut.fi\/greencare\/files\/2018\/11\/green-care-pro-logot-06-600x167.png 600w, https:\/\/blogi.eoppimispalvelut.fi\/greencare\/files\/2018\/11\/green-care-pro-logot-06-768x213.png 768w, https:\/\/blogi.eoppimispalvelut.fi\/greencare\/files\/2018\/11\/green-care-pro-logot-06-1280x356.png 1280w, https:\/\/blogi.eoppimispalvelut.fi\/greencare\/files\/2018\/11\/green-care-pro-logot-06.png 1299w\" sizes=\"auto, (max-width: 726px) 100vw, 726px\" \/><\/a><\/p>\n<h2 style=\"text-align: center\">Tarjoamme valtakunnallisesti yhtenev\u00e4isen<br \/>\nkoulutuskokonaisuuden, jonka osat<br \/>\nt\u00e4ydent\u00e4v\u00e4t toisiaan.<br \/>\nKoulutus on laadukas, ajankohtainen ja<br \/>\nty\u00f6el\u00e4m\u00e4n tarpeeseen vastaava.<\/h2>\n<p>Koulutus tuottaa vahvan perusosaamisen koko Green Care -toiminnan kent\u00e4st\u00e4 huomioiden laajasti sek\u00e4 Hoivan ett\u00e4 Voiman n\u00e4k\u00f6kulmat, erilaiset asiakkuudet, toimintaymp\u00e4rist\u00f6t, menetelm\u00e4t ja toimintamuodot. N\u00e4m\u00e4 opinnot suoritettuasi tunnet monialaisen Green Care -toiminnan eri n\u00e4k\u00f6kulmia ja osaat hy\u00f6dynt\u00e4\u00e4 luonnon hyvinvointivaikutuksia oman alasi toiminnan kehitt\u00e4misess\u00e4.<\/p>\n<p>Perusopinnot muodostuvat nelj\u00e4st\u00e4 viiden opintopisteen jaksosta, jotka k\u00e4sittelev\u00e4t Green Care -toimintaa eri n\u00e4k\u00f6kulmista. Opintoja j\u00e4rjest\u00e4v\u00e4t Green Care -koulutusverkoston korkeakoulut omien aikataulujensa mukaisesti. Opinnot ovat kaikissa kouluissa saman sis\u00e4lt\u00f6isi\u00e4 ja ne toteutetaan samanlaisilla opetusmenetelmill\u00e4. Opiskelija voi yhdistell\u00e4 opintokokonaisuuden opintoja verkoston eri korkeakouluista eli Lapin, Jyv\u00e4skyl\u00e4n, Centrian tai Kajaanin ammattikorkeakoulujen Green Care -opintotarjonnasta.<\/p>\n<p>Korkeakouluopinnot soveltuvat monialaisesti t\u00e4ydent\u00e4m\u00e4\u00e4n esimerkiksi sosiaali- ja terveysalan, liikunta- ja vapaa-ajan-, matkailu- tai luonnonvara-alan osaamista niin yksityisell\u00e4, julkisella kuin j\u00e4rjest\u00f6sektorillakin. Korkeakouluissa opiskelevien tutkinto-opiskelijoiden lis\u00e4ksi opintoihin voivat osallistua avoimen ammattikorkeakoulun kautta kaikki koulutuksesta kiinnostuneet. Avoin ammattikorkeakoulu on joustava v\u00e4yl\u00e4 opiskeluun esimerkiksi yritt\u00e4jille, ty\u00f6ntekij\u00f6ille, kehitt\u00e4jille, kouluttajille tai harrastajille.<\/p>\n<p>Opiskelu on verkkopainotteista, mutta jokainen opintojakso sis\u00e4lt\u00e4\u00e4 my\u00f6s kontaktiopetusta, joka yhdist\u00e4\u00e4 teoriaa k\u00e4yt\u00e4nt\u00f6\u00f6n. Opinnot kannustavat rakentamaan kokonaiskuvaa aiheesta, syventym\u00e4\u00e4n Green Care -toiminnan hy\u00f6dynt\u00e4miseen oman ammatillisuuden puitteissa ja tarkastelemaan aihetta yhteiskunnallisella tasolla. Teht\u00e4vi\u00e4 ja harjoituksia on mahdollista suunnata oman alan osaamisen kehitt\u00e4miseen. Verkostoitumiseen ja yhdess\u00e4 oppimiseen rohkaistaan.<\/p>\n<p>Suoritettuasi koulutusverkostomme j\u00e4rjest\u00e4m\u00e4n koko 20 opintopisteen kokonaisuuden voit hakea koontitodistusta luonnon hyvinvointivaikutusten asiantuntijuudesta.<\/p>\n<p>Voit edelleen kehitt\u00e4\u00e4 asiantuntijuuttasi opiskelemalla lis\u00e4\u00e4 syvent\u00e4vi\u00e4 ja t\u00e4ydent\u00e4vi\u00e4 verkoston tarjoamia Green Care -korkeakouluopintoja. N\u00e4ist\u00e4 hyvi\u00e4 esimerkkej\u00e4 ovat laajempaa t\u00e4ydennyskoulutuskokonaisuutta tarjoavat korkeakouludiplomit:<\/p>\n<ul>\n<li style=\"list-style-type: none\">\n<ul>\n<li>Lapin AMKissa on mahdollista Green Care Pro -opintojen lis\u00e4ksi suorittaa ohjausosaamisen opintoja 10 opintopistett\u00e4, joiden my\u00f6t\u00e4 voit hakea Green Care -korkeakouludiplomia (30 op) Lapin AMKista.<\/li>\n<\/ul>\n<\/li>\n<\/ul>\n","protected":false},"excerpt":{"rendered":"<p>Tarjoamme valtakunnallisesti yhtenev\u00e4isen koulutuskokonaisuuden, jonka osat t\u00e4ydent\u00e4v\u00e4t toisiaan. Koulutus on laadukas, ajankohtainen ja ty\u00f6el\u00e4m\u00e4n tarpeeseen vastaava. Koulutus tuottaa vahvan perusosaamisen koko Green Care -toiminnan kent\u00e4st\u00e4 huomioiden laajasti sek\u00e4 Hoivan ett\u00e4 Voiman n\u00e4k\u00f6kulmat, erilaiset asiakkuudet, toimintaymp\u00e4rist\u00f6t, menetelm\u00e4t ja toimintamuodot. N\u00e4m\u00e4 opinnot suoritettuasi tunnet monialaisen Green Care -toiminnan eri n\u00e4k\u00f6kulmia ja osaat hy\u00f6dynt\u00e4\u00e4 luonnon hyvinvointivaikutuksia oman alasi &hellip; <\/p>\n<p class=\"link-more\"><a href=\"https:\/\/blogi.eoppimispalvelut.fi\/greencare\/\" class=\"more-link\">Jatka lukemista<span class=\"screen-reader-text\"> &#8220;&#8221;<\/span><\/a><\/p>\n","protected":false},"author":1785,"featured_media":0,"parent":0,"menu_order":0,"comment_status":"closed","ping_status":"closed","template":"","meta":{"footnotes":""},"class_list":["post-760","page","type-page","status-publish","hentry"],"_links":{"self":[{"href":"https:\/\/blogi.eoppimispalvelut.fi\/greencare\/wp-json\/wp\/v2\/pages\/760","targetHints":{"allow":["GET"]}}],"collection":[{"href":"https:\/\/blogi.eoppimispalvelut.fi\/greencare\/wp-json\/wp\/v2\/pages"}],"about":[{"href":"https:\/\/blogi.eoppimispalvelut.fi\/greencare\/wp-json\/wp\/v2\/types\/page"}],"author":[{"embeddable":true,"href":"https:\/\/blogi.eoppimispalvelut.fi\/greencare\/wp-json\/wp\/v2\/users\/1785"}],"replies":[{"embeddable":true,"href":"https:\/\/blogi.eoppimispalvelut.fi\/greencare\/wp-json\/wp\/v2\/comments?post=760"}],"version-history":[{"count":19,"href":"https:\/\/blogi.eoppimispalvelut.fi\/greencare\/wp-json\/wp\/v2\/pages\/760\/revisions"}],"predecessor-version":[{"id":1083,"href":"https:\/\/blogi.eoppimispalvelut.fi\/greencare\/wp-json\/wp\/v2\/pages\/760\/revisions\/1083"}],"wp:attachment":[{"href":"https:\/\/blogi.eoppimispalvelut.fi\/greencare\/wp-json\/wp\/v2\/media?parent=760"}],"curies":[{"name":"wp","href":"https:\/\/api.w.org\/{rel}","templated":true}]}}