{"id":2,"date":"2021-03-29T11:31:38","date_gmt":"2021-03-29T08:31:38","guid":{"rendered":"https:\/\/blogi.eoppimispalvelut.fi\/henkijaelama\/?page_id=2"},"modified":"2021-06-02T14:47:56","modified_gmt":"2021-06-02T11:47:56","slug":"esimerkkisivu","status":"publish","type":"page","link":"https:\/\/blogi.eoppimispalvelut.fi\/henkijaelama\/","title":{"rendered":"Etusivu"},"content":{"rendered":"[et_pb_section fb_built=&#8221;1&#8243; admin_label=&#8221;section&#8221; _builder_version=&#8221;3.22&#8243;][et_pb_row _builder_version=&#8221;4.8.2&#8243; _module_preset=&#8221;default&#8221;][et_pb_column type=&#8221;4_4&#8243; _builder_version=&#8221;4.8.2&#8243; _module_preset=&#8221;default&#8221;][et_pb_image src=&#8221;https:\/\/blogi.eoppimispalvelut.fi\/henkijaelama\/files\/2021\/06\/Henkijaelama_paakuva-scaled-1.jpg&#8221; title_text=&#8221;Henkijaelama_paakuva-scaled&#8221; _builder_version=&#8221;4.8.2&#8243; _module_preset=&#8221;default&#8221;][\/et_pb_image][\/et_pb_column][\/et_pb_row][et_pb_row admin_label=&#8221;row&#8221; _builder_version=&#8221;3.25&#8243; background_size=&#8221;initial&#8221; background_position=&#8221;top_left&#8221; background_repeat=&#8221;repeat&#8221;][et_pb_column type=&#8221;4_4&#8243; _builder_version=&#8221;3.25&#8243; custom_padding=&#8221;|||&#8221; custom_padding__hover=&#8221;|||&#8221;][et_pb_text admin_label=&#8221;Text&#8221; _builder_version=&#8221;3.27.4&#8243; background_size=&#8221;initial&#8221; background_position=&#8221;top_left&#8221; background_repeat=&#8221;repeat&#8221;]<p><\/p>\n<p><strong>Henki ja el\u00e4m\u00e4 \u2013 luonto toipumisen l\u00e4hteen\u00e4<\/strong><\/p>\n<p>Henki ja el\u00e4m\u00e4- hankkeen tavoitteena on edist\u00e4\u00e4 ty\u00f6el\u00e4m\u00e4n ulkopuolella olevien mielenterveyskuntoutujien toipumisprosesseja luontoperustaisten\u2013 ja voimaisten sek\u00e4 soveltavan taiteen menetelmien avulla. Hankkeen keski\u00f6ss\u00e4 on pohjoinen luonto ja vuodenkierto. Hankkeessa kehitet\u00e4\u00e4n ja kokeillaan uudenlaisia Green Care\u2013 toimintaan liittyvi\u00e4\u00a0 luonto\u2013 ja taidel\u00e4ht\u00f6isi\u00e4 toimintamalleja yhteisty\u00f6ss\u00e4 yhdistysten ja yritysten kanssa. Hanke toteutetaan Rovaniemen, Kemi- Tornion ja Oulun seutukunnissa.<\/p>\n<p>\u00a0Hankkeen rahoittajia ovat Euroopan sosiaalirahastolta sek\u00e4 Oulun kaupunki. Hankkeen toiminta-aika on 1.1 2021 \u2013 30.6 2023<\/p>\n<p><\/p>[\/et_pb_text][\/et_pb_column][\/et_pb_row][et_pb_row _builder_version=&#8221;4.8.2&#8243; _module_preset=&#8221;default&#8221; custom_margin=&#8221;-45px|auto||auto||&#8221;][et_pb_column type=&#8221;4_4&#8243; _builder_version=&#8221;4.8.2&#8243; _module_preset=&#8221;default&#8221;][et_pb_text _builder_version=&#8221;4.8.2&#8243; _module_preset=&#8221;default&#8221; hover_enabled=&#8221;0&#8243; sticky_enabled=&#8221;0&#8243;]<p>Hankkeen toiminnoissa vahvistetaan osallistujien voimaantumista, toimijuutta, osallisuutta sek\u00e4 kokemuksellista hyvinvointia. Osallistujan vahvistumisen kautta tavoitellaan osallistujien sosiaalisen kuntoutumisen polun rakentumista kohti ty\u00f6el\u00e4m\u00e4\u00e4. Hankkeessa my\u00f6s kehitet\u00e4\u00e4n kokeillaan ja arvioidaan toimivia luontovoimaisia toimintatapoja ja -malleja kuntoutumisen poluille sek\u00e4 luodaan sosiaalipedagoginen toipumaan saattaja -malli.<\/p>\n<p>Toimintamallien taustalla on tieto luonnon hyvinvointivaikutuksista sek\u00e4 sosiaalipedagoginen ajattelu, jossa yksil\u00f6n ja yhteiskunnan vuorovaikutusta tarkastellaan monipuolisesti hyvinvoinnin l\u00e4ht\u00f6kohdista.<\/p>[\/et_pb_text][\/et_pb_column][\/et_pb_row][\/et_pb_section]","protected":false},"excerpt":{"rendered":"<p>Henki ja el\u00e4m\u00e4 \u2013 luonto toipumisen l\u00e4hteen\u00e4 Henki ja el\u00e4m\u00e4- hankkeen tavoitteena on edist\u00e4\u00e4 ty\u00f6el\u00e4m\u00e4n ulkopuolella olevien mielenterveyskuntoutujien toipumisprosesseja luontoperustaisten\u2013 ja voimaisten sek\u00e4 soveltavan taiteen menetelmien avulla. Hankkeen keski\u00f6ss\u00e4 on pohjoinen luonto ja vuodenkierto. Hankkeessa kehitet\u00e4\u00e4n ja kokeillaan uudenlaisia Green Care\u2013 toimintaan liittyvi\u00e4\u00a0 luonto\u2013 ja taidel\u00e4ht\u00f6isi\u00e4 toimintamalleja yhteisty\u00f6ss\u00e4 yhdistysten ja yritysten kanssa. Hanke toteutetaan Rovaniemen, [&hellip;]<\/p>\n","protected":false},"author":36,"featured_media":0,"parent":0,"menu_order":0,"comment_status":"closed","ping_status":"open","template":"","meta":{"_et_pb_use_builder":"on","_et_pb_old_content":"<!-- wp:paragraph -->\r\n<p>This is an example page. It's different from a blog post because it will stay in one place and will show up in your site navigation (in most themes). Most people start with an About page that introduces them to potential site visitors. It might say something like this:<\/p>\r\n<!-- \/wp:paragraph -->\r\n\r\n<!-- wp:quote -->\r\n<blockquote class=\"wp-block-quote\"><p>Hi there! I'm a bike messenger by day, aspiring actor by night, and this is my website. I live in Los Angeles, have a great dog named Jack, and I like pi\u00f1a coladas. (And gettin' caught in the rain.)<\/p><\/blockquote>\r\n<!-- \/wp:quote -->\r\n\r\n<!-- wp:paragraph -->\r\n<p>...or something like this:<\/p>\r\n<!-- \/wp:paragraph -->\r\n\r\n<!-- wp:quote -->\r\n<blockquote class=\"wp-block-quote\"><p>The XYZ Doohickey Company was founded in 1971, and has been providing quality doohickeys to the public ever since. Located in Gotham City, XYZ employs over 2,000 people and does all kinds of awesome things for the Gotham community.<\/p><\/blockquote>\r\n<!-- \/wp:quote -->\r\n\r\n<!-- wp:paragraph -->\r\n<p>As a new WordPress user, you should go to <a href=\"https:\/\/blogi.eoppimispalvelut.fi\/henkijaelama\/wp-admin\/\">your dashboard<\/a> to delete this page and create new pages for your content. Have fun!<\/p>\r\n<!-- \/wp:paragraph -->","_et_gb_content_width":"","footnotes":""},"class_list":["post-2","page","type-page","status-publish","hentry"],"_links":{"self":[{"href":"https:\/\/blogi.eoppimispalvelut.fi\/henkijaelama\/wp-json\/wp\/v2\/pages\/2","targetHints":{"allow":["GET"]}}],"collection":[{"href":"https:\/\/blogi.eoppimispalvelut.fi\/henkijaelama\/wp-json\/wp\/v2\/pages"}],"about":[{"href":"https:\/\/blogi.eoppimispalvelut.fi\/henkijaelama\/wp-json\/wp\/v2\/types\/page"}],"author":[{"embeddable":true,"href":"https:\/\/blogi.eoppimispalvelut.fi\/henkijaelama\/wp-json\/wp\/v2\/users\/36"}],"replies":[{"embeddable":true,"href":"https:\/\/blogi.eoppimispalvelut.fi\/henkijaelama\/wp-json\/wp\/v2\/comments?post=2"}],"version-history":[{"count":10,"href":"https:\/\/blogi.eoppimispalvelut.fi\/henkijaelama\/wp-json\/wp\/v2\/pages\/2\/revisions"}],"predecessor-version":[{"id":141,"href":"https:\/\/blogi.eoppimispalvelut.fi\/henkijaelama\/wp-json\/wp\/v2\/pages\/2\/revisions\/141"}],"wp:attachment":[{"href":"https:\/\/blogi.eoppimispalvelut.fi\/henkijaelama\/wp-json\/wp\/v2\/media?parent=2"}],"curies":[{"name":"wp","href":"https:\/\/api.w.org\/{rel}","templated":true}]}}