{"id":51,"date":"2018-11-15T10:59:14","date_gmt":"2018-11-15T08:59:14","guid":{"rendered":"https:\/\/blogi.eoppimispalvelut.fi\/hhekkala\/?page_id=51"},"modified":"2018-11-15T11:01:23","modified_gmt":"2018-11-15T09:01:23","slug":"tietojameista","status":"publish","type":"page","link":"https:\/\/blogi.eoppimispalvelut.fi\/hhekkala\/tietojameista\/","title":{"rendered":"Tietoja meist\u00e4"},"content":{"rendered":"<p>Olemme 2010 vuonna aloittanut kenk\u00e4kauppa. Myymme laadukkaita miesten ja naisten kenki\u00e4.<\/p>\n","protected":false},"excerpt":{"rendered":"<p>Olemme 2010 vuonna aloittanut kenk\u00e4kauppa. Myymme laadukkaita miesten ja naisten kenki\u00e4.<\/p>\n","protected":false},"author":3509,"featured_media":0,"parent":0,"menu_order":0,"comment_status":"closed","ping_status":"closed","template":"","meta":{"_et_pb_use_builder":"","_et_pb_old_content":"","_et_gb_content_width":"","footnotes":""},"class_list":["post-51","page","type-page","status-publish","hentry"],"_links":{"self":[{"href":"https:\/\/blogi.eoppimispalvelut.fi\/hhekkala\/wp-json\/wp\/v2\/pages\/51","targetHints":{"allow":["GET"]}}],"collection":[{"href":"https:\/\/blogi.eoppimispalvelut.fi\/hhekkala\/wp-json\/wp\/v2\/pages"}],"about":[{"href":"https:\/\/blogi.eoppimispalvelut.fi\/hhekkala\/wp-json\/wp\/v2\/types\/page"}],"author":[{"embeddable":true,"href":"https:\/\/blogi.eoppimispalvelut.fi\/hhekkala\/wp-json\/wp\/v2\/users\/3509"}],"replies":[{"embeddable":true,"href":"https:\/\/blogi.eoppimispalvelut.fi\/hhekkala\/wp-json\/wp\/v2\/comments?post=51"}],"version-history":[{"count":3,"href":"https:\/\/blogi.eoppimispalvelut.fi\/hhekkala\/wp-json\/wp\/v2\/pages\/51\/revisions"}],"predecessor-version":[{"id":58,"href":"https:\/\/blogi.eoppimispalvelut.fi\/hhekkala\/wp-json\/wp\/v2\/pages\/51\/revisions\/58"}],"wp:attachment":[{"href":"https:\/\/blogi.eoppimispalvelut.fi\/hhekkala\/wp-json\/wp\/v2\/media?parent=51"}],"curies":[{"name":"wp","href":"https:\/\/api.w.org\/{rel}","templated":true}]}}