{"id":161,"date":"2021-09-23T13:09:48","date_gmt":"2021-09-23T10:09:48","guid":{"rendered":"https:\/\/blogi.eoppimispalvelut.fi\/hoksaakko\/?page_id=161"},"modified":"2021-11-19T09:26:05","modified_gmt":"2021-11-19T07:26:05","slug":"tekijat","status":"publish","type":"page","link":"https:\/\/blogi.eoppimispalvelut.fi\/hoksaakko\/tekijat\/","title":{"rendered":"Taiteilijat"},"content":{"rendered":"<p>Hyvinvointia korkeaokouluopintoihin -sivujen graafisesta suunnittelusta, kuvituksesta ja omalta osaltaan sis\u00e4ll\u00f6ntuotannosta vastaa:<\/p>\n<p>&nbsp;<\/p>\n<p><a href=\"https:\/\/blogi.eoppimispalvelut.fi\/hyvinvointiakorkeakouluopintoihin\/files\/2021\/09\/ruusu_esittelysivu.png\"><img loading=\"lazy\" decoding=\"async\" class=\"alignnone wp-image-284\" src=\"https:\/\/blogi.eoppimispalvelut.fi\/hyvinvointiakorkeakouluopintoihin\/files\/2021\/09\/ruusu_esittelysivu.png\" alt=\"Vaihtoehtoinen teksti: Esittelykuva Koira-hahmosta sek\u00e4 taiteilijasta hahmon takana\" width=\"719\" height=\"625\" \/><\/a><\/p>\n<p>Moi, nimeni on Ruusu Lohi ja olen viimeist\u00e4 vuotta kuvataideopiskelijana Lapin ammattikorkeakoulussa. T\u00e4ll\u00e4 hetkell\u00e4 olen harjoittelussa Hyvinvointia korkeakouluopintoihin -hankkeessa ja samalla ty\u00f6st\u00e4n opinn\u00e4ytety\u00f6t\u00e4ni. Olen luonut Koira-hahmon sek\u00e4 tehnyt hankkeelle sarjakuvia, kuvituksia sek\u00e4 toiminut monien postauksien kirjoittajana.<\/p>\n<p>Koira-hahmo edustaa opiskelijaa. H\u00e4n on sosiaalinen ja ulkoilmapersoona, mutta h\u00e4nell\u00e4 on hankaluuksia tahdittaa opiskeluaan sek\u00e4 vapaa-aikaansa. H\u00e4n kuitenkin pyrkii aktiivisesti parantamaan sit\u00e4. Toivottavasti olette saaneet vinkkej\u00e4 omaan aikatauluttamiseen h\u00e4nen kautta!<\/p>\n<p>&nbsp;<\/p>\n<p><a href=\"https:\/\/blogi.eoppimispalvelut.fi\/hyvinvointiakorkeakouluopintoihin\/files\/2021\/09\/esittelysivu.png\"><img loading=\"lazy\" decoding=\"async\" class=\"aligncenter size-medium wp-image-290\" src=\"https:\/\/blogi.eoppimispalvelut.fi\/hyvinvointiakorkeakouluopintoihin\/files\/2021\/09\/esittelysivu-900x1100.png\" alt=\"\" width=\"900\" height=\"1100\" \/><\/a><\/p>\n<p>Hei kaikki! Min\u00e4 olen Eerika Kumpula ja olen my\u00f6s harjoittelijana Hyvinvointia korkeakouluopintoihin -hankkeessa. Opiskelen viimeist\u00e4 vuotta kuvataiteilijaksi Lapin AMK:ssa. Olen luonut hankkeen Harakka -hahmon ja useita sarjakuvia, kuvituksia ja animaatiota. Lis\u00e4ksi olen toinen blogin\u00a0 artikkelien kirjoittaja.<\/p>\n<p>Harakka on opettaja. H\u00e4n on aina valmis auttamaan ja antamaan neuvoja opiskeluun liittyviin kysymyksiin. Harakka on tarkka, mutta helposti l\u00e4hestytt\u00e4v\u00e4. H\u00e4nelle joskus k\u00e4y pieni\u00e4 k\u00f6mm\u00e4hdyksi\u00e4 teht\u00e4v\u00e4nantojen suhteen, mutta\u00a0 yritt\u00e4\u00e4 korjata tilanteen mahdollisimman pian. Toivon mukaan Harakan neuvot ovat selvent\u00e4neet joitain kysymyksia opintoihin liittyen.<\/p>\n<p>&nbsp;<\/p>\n<p><a href=\"https:\/\/blogi.eoppimispalvelut.fi\/hyvinvointiakorkeakouluopintoihin\/files\/2021\/09\/emma_esittelykuva.png\"><img loading=\"lazy\" decoding=\"async\" class=\"size-medium wp-image-299 aligncenter\" src=\"https:\/\/blogi.eoppimispalvelut.fi\/hyvinvointiakorkeakouluopintoihin\/files\/2021\/09\/emma_esittelykuva-900x1005.png\" alt=\"\" width=\"900\" height=\"1005\" \/><\/a><\/p>\n<p>Moi! Min\u00e4 olen Emma Karppinen ja olen harjoittelijana Hyvinvointia korkeakouluopiskelijoille -hankkeessa. Olen viimeisen vuoden kuvataideopiskelija Lapin AMK:ssa. Harjoitteluni aikana olen luonut hankkeelle erilaisia kuvituksia, sarjakuvia ja animaatiota sek\u00e4 olen Poro hahmon tekij\u00e4.<\/p>\n<p>Poro on yst\u00e4v\u00e4llinen ja huolehtivainen tutor opiskelija. Poron puoleen voi k\u00e4\u00e4nty\u00e4 kaikenlaisissa mielt\u00e4 askarruttavissa asioissa ja h\u00e4n viett\u00e4\u00e4 mielell\u00e4\u00e4n aikaa muiden seurassa. Huolehtivaisuutensa takia Poro stressaa helposti erilaisista asioista. T\u00e4ll\u00f6in h\u00e4n pit\u00e4\u00e4 rauhaisasta yksinolosta ja vet\u00e4ytyy harrastustensa kirjojen ja palapelien pariin.<\/p>\n<p><img loading=\"lazy\" decoding=\"async\" class=\"alignnone size-medium wp-image-297\" src=\"https:\/\/blogi.eoppimispalvelut.fi\/hyvinvointiakorkeakouluopintoihin\/files\/2021\/09\/taiteilijan-ja-hahmon-esittely_png-900x900.png\" alt=\"\" width=\"900\" height=\"900\" \/><\/p>\n<p>Hei! Olen Jaana Saarenp\u00e4\u00e4 ja olen viimeisen vuoden kuvataideopiskelija Lapin Ammattikorkeakoulussa. Olen harjoittelussa Hyvinvointia korkeakouluopintoihin- hankkeessa, johon olen luonut hankkeelle kuvituksia, sarjakuvia ja animaation. Olen my\u00f6s luonut hankkeen Ilves -hahmon.<\/p>\n<p>Ilves on opiskelija. H\u00e4n on muuttanut uudelle paikkakunnalle ja totutellut opiskelijael\u00e4m\u00e4\u00e4n. H\u00e4n on hieman ujo, mutta tulee hyvin toimeen kaikkien kanssa. Koulun ohella h\u00e4n k\u00e4y lenkkeilem\u00e4ss\u00e4 ja retkeilem\u00e4ss\u00e4.<\/p>\n<p>&nbsp;<\/p>\n","protected":false},"excerpt":{"rendered":"<p>Hyvinvointia korkeaokouluopintoihin -sivujen graafisesta suunnittelusta, kuvituksesta ja omalta osaltaan sis\u00e4ll\u00f6ntuotannosta vastaa: &nbsp; Moi, nimeni on Ruusu Lohi ja olen viimeist\u00e4 vuotta kuvataideopiskelijana Lapin ammattikorkeakoulussa. T\u00e4ll\u00e4 hetkell\u00e4 olen harjoittelussa Hyvinvointia korkeakouluopintoihin -hankkeessa ja samalla ty\u00f6st\u00e4n opinn\u00e4ytety\u00f6t\u00e4ni. Olen luonut Koira-hahmon sek\u00e4 tehnyt hankkeelle sarjakuvia, kuvituksia sek\u00e4 toiminut monien postauksien kirjoittajana. Koira-hahmo edustaa opiskelijaa. H\u00e4n on sosiaalinen ja &hellip; <\/p>\n<p class=\"link-more\"><a href=\"https:\/\/blogi.eoppimispalvelut.fi\/hoksaakko\/tekijat\/\" class=\"more-link\">Jatka lukemista<span class=\"screen-reader-text\"> &#8220;Taiteilijat&#8221;<\/span><\/a><\/p>\n","protected":false},"author":177,"featured_media":0,"parent":0,"menu_order":0,"comment_status":"closed","ping_status":"closed","template":"","meta":{"footnotes":""},"class_list":["post-161","page","type-page","status-publish","hentry"],"_links":{"self":[{"href":"https:\/\/blogi.eoppimispalvelut.fi\/hoksaakko\/wp-json\/wp\/v2\/pages\/161","targetHints":{"allow":["GET"]}}],"collection":[{"href":"https:\/\/blogi.eoppimispalvelut.fi\/hoksaakko\/wp-json\/wp\/v2\/pages"}],"about":[{"href":"https:\/\/blogi.eoppimispalvelut.fi\/hoksaakko\/wp-json\/wp\/v2\/types\/page"}],"author":[{"embeddable":true,"href":"https:\/\/blogi.eoppimispalvelut.fi\/hoksaakko\/wp-json\/wp\/v2\/users\/177"}],"replies":[{"embeddable":true,"href":"https:\/\/blogi.eoppimispalvelut.fi\/hoksaakko\/wp-json\/wp\/v2\/comments?post=161"}],"version-history":[{"count":8,"href":"https:\/\/blogi.eoppimispalvelut.fi\/hoksaakko\/wp-json\/wp\/v2\/pages\/161\/revisions"}],"predecessor-version":[{"id":334,"href":"https:\/\/blogi.eoppimispalvelut.fi\/hoksaakko\/wp-json\/wp\/v2\/pages\/161\/revisions\/334"}],"wp:attachment":[{"href":"https:\/\/blogi.eoppimispalvelut.fi\/hoksaakko\/wp-json\/wp\/v2\/media?parent=161"}],"curies":[{"name":"wp","href":"https:\/\/api.w.org\/{rel}","templated":true}]}}