{"id":314,"date":"2021-11-16T13:52:44","date_gmt":"2021-11-16T11:52:44","guid":{"rendered":"https:\/\/blogi.eoppimispalvelut.fi\/hoksaakko\/?page_id=314"},"modified":"2021-12-16T20:38:29","modified_gmt":"2021-12-16T18:38:29","slug":"fyysinen-ymparisto","status":"publish","type":"page","link":"https:\/\/blogi.eoppimispalvelut.fi\/hoksaakko\/fyysinen-ymparisto\/","title":{"rendered":"Fyysinen ymp\u00e4rist\u00f6 hyvinvoinnin tukena"},"content":{"rendered":"<p><a href=\"https:\/\/blogi.eoppimispalvelut.fi\/hyvinvointiakorkeakouluopintoihin\/files\/2021\/11\/fyysinen_ymparisto.png\" data-slb-active=\"1\" data-slb-asset=\"1276046502\" data-slb-internal=\"0\" data-slb-group=\"568\"><img loading=\"lazy\" decoding=\"async\" class=\"aligncenter wp-image-569 size-medium\" src=\"https:\/\/blogi.eoppimispalvelut.fi\/hyvinvointiakorkeakouluopintoihin\/files\/2021\/11\/fyysinen_ymparisto-900x900.png\" alt=\"Vaihtoehtoinen teksti: Kolmen ruudun sarjakuva nimelt\u00e4 Fyysinen ymp\u00e4rist\u00f6. Ensimm\u00e4inen ruutu: Laatikkoteksti: Tietokoneluokassa... Poro on istahtamassa koulun tietokonep\u00f6yd\u00e4n \u00e4\u00e4relle hyv\u00e4tuulisesti hyr\u00e4illen. Toinen ruutu: Poron ty\u00f6erkonomia ei ole kovin sopiva Poron ryhdille. Poro huomaa sen heti ajatellen: &quot;... T\u00e4m\u00e4 on v\u00e4h\u00e4n hankala.&quot; Kolmas ruutu: Poro p\u00e4\u00e4tt\u00e4\u00e4 l\u00e4hte\u00e4 kyseisen tietokonep\u00f6yd\u00e4n \u00e4\u00e4relt\u00e4 etsien toista paikkaa miettien: &quot;Etsinp\u00e4 itselleni sopivamman.&quot; Sarjakuvan loppu.\" width=\"900\" height=\"900\" \/><\/a><\/p>\n<p style=\"background: white;margin: 0cm 0cm 18.0pt 0cm\"><span style=\"font-family: 'Helvetica',sans-serif;color: #1f4147\">Fyysiseen opiskelu- ja ty\u00f6ymp\u00e4rist\u00f6\u00f6n kuuluvat muun muassa oppilaitoksen tilat, opetusv\u00e4lineet, ja oppimateriaalit . Fyysisen opiskelu- ja ty\u00f6ymp\u00e4rist\u00f6n tulee olla esteet\u00f6n\u00a0 niin liikkumisen, n\u00e4kemisen kuin kuulemisenkin osalta. Esteet\u00f6n ymp\u00e4rist\u00f6 mahdollistaa tasapuoliset mahdollisuudet kaikille toimijoille toimintakyvyst\u00e4 riippumatta.<\/span><\/p>\n<p style=\"background: white;text-align: start;margin: 0cm 0cm 18.0pt 0cm\"><span style=\"font-family: 'Helvetica',sans-serif;color: #1f4147\">Lue lis\u00e4\u00e4 fyysisest\u00e4 esteett\u00f6myydest\u00e4 t\u00e4st\u00e4 linkista:\u00a0<a href=\"https:\/\/www.vates.fi\/tietopaketit\/tyoelaman-saavutettavuus\/fyysinen-esteettomyys.html\"><span style=\"color: #112d32;text-decoration: none\">https:\/\/www.vates.fi\/tietopaketit\/tyoelaman-saavutettavuus\/fyysinen-esteettomyys.html<\/span><\/a><\/span><\/p>\n","protected":false},"excerpt":{"rendered":"<p>Fyysiseen opiskelu- ja ty\u00f6ymp\u00e4rist\u00f6\u00f6n kuuluvat muun muassa oppilaitoksen tilat, opetusv\u00e4lineet, ja oppimateriaalit . Fyysisen opiskelu- ja ty\u00f6ymp\u00e4rist\u00f6n tulee olla esteet\u00f6n\u00a0 niin liikkumisen, n\u00e4kemisen kuin kuulemisenkin osalta. Esteet\u00f6n ymp\u00e4rist\u00f6 mahdollistaa tasapuoliset mahdollisuudet kaikille toimijoille toimintakyvyst\u00e4 riippumatta. Lue lis\u00e4\u00e4 fyysisest\u00e4 esteett\u00f6myydest\u00e4 t\u00e4st\u00e4 linkista:\u00a0https:\/\/www.vates.fi\/tietopaketit\/tyoelaman-saavutettavuus\/fyysinen-esteettomyys.html<\/p>\n","protected":false},"author":7683,"featured_media":0,"parent":0,"menu_order":0,"comment_status":"closed","ping_status":"closed","template":"","meta":{"footnotes":""},"class_list":["post-314","page","type-page","status-publish","hentry"],"_links":{"self":[{"href":"https:\/\/blogi.eoppimispalvelut.fi\/hoksaakko\/wp-json\/wp\/v2\/pages\/314","targetHints":{"allow":["GET"]}}],"collection":[{"href":"https:\/\/blogi.eoppimispalvelut.fi\/hoksaakko\/wp-json\/wp\/v2\/pages"}],"about":[{"href":"https:\/\/blogi.eoppimispalvelut.fi\/hoksaakko\/wp-json\/wp\/v2\/types\/page"}],"author":[{"embeddable":true,"href":"https:\/\/blogi.eoppimispalvelut.fi\/hoksaakko\/wp-json\/wp\/v2\/users\/7683"}],"replies":[{"embeddable":true,"href":"https:\/\/blogi.eoppimispalvelut.fi\/hoksaakko\/wp-json\/wp\/v2\/comments?post=314"}],"version-history":[{"count":6,"href":"https:\/\/blogi.eoppimispalvelut.fi\/hoksaakko\/wp-json\/wp\/v2\/pages\/314\/revisions"}],"predecessor-version":[{"id":403,"href":"https:\/\/blogi.eoppimispalvelut.fi\/hoksaakko\/wp-json\/wp\/v2\/pages\/314\/revisions\/403"}],"wp:attachment":[{"href":"https:\/\/blogi.eoppimispalvelut.fi\/hoksaakko\/wp-json\/wp\/v2\/media?parent=314"}],"curies":[{"name":"wp","href":"https:\/\/api.w.org\/{rel}","templated":true}]}}