{"id":217,"date":"2017-05-12T13:19:32","date_gmt":"2017-05-12T10:19:32","guid":{"rendered":"https:\/\/blogi.eoppimispalvelut.fi\/hyvinvointiteknologia2017\/?page_id=217"},"modified":"2018-05-11T12:38:09","modified_gmt":"2018-05-11T09:38:09","slug":"i-linc","status":"publish","type":"page","link":"https:\/\/blogi.eoppimispalvelut.fi\/hyvinvointiteknologia2018\/i-linc\/","title":{"rendered":"AC-virtuaaliluokkaan p\u00e4\u00e4sy"},"content":{"rendered":"<p><b>N\u00c4IN LIITYT VIRTUAALILUOKKAAN<\/b><\/p>\n<ol>\n<li>K\u00e4ynnist\u00e4 kone ja internetyhteys, liit\u00e4 headset koneeseen<\/li>\n<li><span style=\"font-size: medium\">Kirjaudu\u00a0Moodleen ja siell\u00e4 on valmiiksi tehty AC virtuaaliluokka\u00a0\u00a0<\/span><\/li>\n<li><span style=\"font-size: large\"><u>Liityt kokoukseen ja\u00a0olet saapunut ty\u00f6skentelytilaan<\/u><\/span><\/li>\n<li>Tulevat\u00a0 tallenteet ovat ennen liittymist\u00e4 kokoukseen<\/li>\n<\/ol>\n<hr \/>\n<p><strong>\u00a0<\/strong><strong>AC:n \u00a0k\u00e4ytt\u00f6ohjeet <\/strong><\/p>\n<p>Tarkemmat ohjeet iLincin k\u00e4ytt\u00f6\u00f6n l\u00f6yd\u00e4t kirjallisina ja Youtube-ohjevideoina osoitteesta <a href=\"https:\/\/docs.google.com\/document\/d\/1g_NcM-eN9D9rwk5edG7ljvw4nRW25qvGMeTzzvOcZI4\/edit\">http:\/\/eoppimispalvelut.fi\/<\/a><\/p>\n<hr \/>\n<p><strong>Tuki AC:n -istuntojen aikana<\/strong><\/p>\n<p>Kiireelliset yhteydenotot tehd\u00e4\u00e4n p\u00e4ivyst\u00e4v\u00e4lle tukihenkil\u00f6lle aina puhelimitse. P\u00e4ivyst\u00e4j\u00e4n yhteystiedot l\u00f6yd\u00e4t my\u00f6s <a href=\"http:\/\/eoppimispalvelut.fi\/\">eOppimispalvelut<\/a> -sivustolta.<\/p>\n","protected":false},"excerpt":{"rendered":"<p>N\u00c4IN LIITYT VIRTUAALILUOKKAAN K\u00e4ynnist\u00e4 kone ja internetyhteys, liit\u00e4 headset koneeseen Kirjaudu\u00a0Moodleen ja siell\u00e4 on valmiiksi tehty AC virtuaaliluokka\u00a0\u00a0 Liityt kokoukseen ja\u00a0olet saapunut ty\u00f6skentelytilaan Tulevat\u00a0 tallenteet ovat ennen liittymist\u00e4 kokoukseen \u00a0AC:n \u00a0k\u00e4ytt\u00f6ohjeet Tarkemmat ohjeet iLincin k\u00e4ytt\u00f6\u00f6n l\u00f6yd\u00e4t kirjallisina ja Youtube-ohjevideoina osoitteesta &hellip; <a href=\"https:\/\/blogi.eoppimispalvelut.fi\/hyvinvointiteknologia2018\/i-linc\/\">Continue reading <span class=\"meta-nav\">&rarr;<\/span><\/a><\/p>\n","protected":false},"author":36,"featured_media":0,"parent":0,"menu_order":0,"comment_status":"closed","ping_status":"closed","template":"","meta":{"footnotes":""},"class_list":["post-217","page","type-page","status-publish","hentry"],"_links":{"self":[{"href":"https:\/\/blogi.eoppimispalvelut.fi\/hyvinvointiteknologia2018\/wp-json\/wp\/v2\/pages\/217","targetHints":{"allow":["GET"]}}],"collection":[{"href":"https:\/\/blogi.eoppimispalvelut.fi\/hyvinvointiteknologia2018\/wp-json\/wp\/v2\/pages"}],"about":[{"href":"https:\/\/blogi.eoppimispalvelut.fi\/hyvinvointiteknologia2018\/wp-json\/wp\/v2\/types\/page"}],"author":[{"embeddable":true,"href":"https:\/\/blogi.eoppimispalvelut.fi\/hyvinvointiteknologia2018\/wp-json\/wp\/v2\/users\/36"}],"replies":[{"embeddable":true,"href":"https:\/\/blogi.eoppimispalvelut.fi\/hyvinvointiteknologia2018\/wp-json\/wp\/v2\/comments?post=217"}],"version-history":[{"count":6,"href":"https:\/\/blogi.eoppimispalvelut.fi\/hyvinvointiteknologia2018\/wp-json\/wp\/v2\/pages\/217\/revisions"}],"predecessor-version":[{"id":583,"href":"https:\/\/blogi.eoppimispalvelut.fi\/hyvinvointiteknologia2018\/wp-json\/wp\/v2\/pages\/217\/revisions\/583"}],"wp:attachment":[{"href":"https:\/\/blogi.eoppimispalvelut.fi\/hyvinvointiteknologia2018\/wp-json\/wp\/v2\/media?parent=217"}],"curies":[{"name":"wp","href":"https:\/\/api.w.org\/{rel}","templated":true}]}}