{"id":10,"date":"2022-11-22T09:38:53","date_gmt":"2022-11-22T07:38:53","guid":{"rendered":"https:\/\/blogi.eoppimispalvelut.fi\/ikallo\/?page_id=10"},"modified":"2022-11-28T12:58:33","modified_gmt":"2022-11-28T10:58:33","slug":"arctic-valley-cleaning-oy","status":"publish","type":"page","link":"https:\/\/blogi.eoppimispalvelut.fi\/ikallo\/","title":{"rendered":"Yrityksemme"},"content":{"rendered":"\n<p>Arctic Valley Cleaning Oy on vuonna 2022 perustettu siivous- ja kiinteist\u00f6huoltoalan yritys. Yritys on Napalaaksossa toimiva oppiyritys.<\/p>\n\n\n\n<p>Tarjoamme Napalaakson pienille yrityksille siivous- ja kiinteist\u00f6huollon palveluita. Palveluvalikoimastamme l\u00f6ytyy erilaisia valmiiksi suunniteltuja palvelupaketteja. R\u00e4\u00e4t\u00e4l\u00f6imme my\u00f6s tarvittaessa palveluja yrityksen toiveiden mukaisesti. Tarkemmat kuvaukset palveluistamme l\u00f6yd\u00e4t <a href=\"https:\/\/blogi.eoppimispalvelut.fi\/ikallo\/palvelut-ja-tuotteet\/\">t\u00e4\u00e4lt\u00e4<\/a>.<\/p>\n\n\n\n<p>Arvostamme ekologisuutta ja vastuullisuutta. Huomioimme n\u00e4m\u00e4 asiat my\u00f6s omassa toiminnassamme k\u00e4ytt\u00e4m\u00e4ll\u00e4 ekologisia puhdistusaineita ja kotimaisia siivousv\u00e4lineit\u00e4.<\/p>\n","protected":false},"excerpt":{"rendered":"<p>Arctic Valley Cleaning Oy on vuonna 2022 perustettu siivous- ja kiinteist\u00f6huoltoalan yritys. Yritys on Napalaaksossa toimiva oppiyritys. Tarjoamme Napalaakson pienille yrityksille siivous- ja kiinteist\u00f6huollon palveluita. Palveluvalikoimastamme l\u00f6ytyy erilaisia valmiiksi suunniteltuja palvelupaketteja. R\u00e4\u00e4t\u00e4l\u00f6imme my\u00f6s tarvittaessa palveluja yrityksen toiveiden mukaisesti. Tarkemmat kuvaukset palveluistamme l\u00f6yd\u00e4t t\u00e4\u00e4lt\u00e4. Arvostamme ekologisuutta ja vastuullisuutta. Huomioimme n\u00e4m\u00e4 asiat my\u00f6s omassa toiminnassamme k\u00e4ytt\u00e4m\u00e4ll\u00e4 ekologisia &hellip; <\/p>\n<p class=\"link-more\"><a href=\"https:\/\/blogi.eoppimispalvelut.fi\/ikallo\/\" class=\"more-link\">Jatka lukemista<span class=\"screen-reader-text\"> &#8220;Yrityksemme&#8221;<\/span><\/a><\/p>\n","protected":false},"author":20722,"featured_media":0,"parent":0,"menu_order":0,"comment_status":"closed","ping_status":"closed","template":"","meta":{"footnotes":""},"class_list":["post-10","page","type-page","status-publish","hentry"],"_links":{"self":[{"href":"https:\/\/blogi.eoppimispalvelut.fi\/ikallo\/wp-json\/wp\/v2\/pages\/10","targetHints":{"allow":["GET"]}}],"collection":[{"href":"https:\/\/blogi.eoppimispalvelut.fi\/ikallo\/wp-json\/wp\/v2\/pages"}],"about":[{"href":"https:\/\/blogi.eoppimispalvelut.fi\/ikallo\/wp-json\/wp\/v2\/types\/page"}],"author":[{"embeddable":true,"href":"https:\/\/blogi.eoppimispalvelut.fi\/ikallo\/wp-json\/wp\/v2\/users\/20722"}],"replies":[{"embeddable":true,"href":"https:\/\/blogi.eoppimispalvelut.fi\/ikallo\/wp-json\/wp\/v2\/comments?post=10"}],"version-history":[{"count":9,"href":"https:\/\/blogi.eoppimispalvelut.fi\/ikallo\/wp-json\/wp\/v2\/pages\/10\/revisions"}],"predecessor-version":[{"id":115,"href":"https:\/\/blogi.eoppimispalvelut.fi\/ikallo\/wp-json\/wp\/v2\/pages\/10\/revisions\/115"}],"wp:attachment":[{"href":"https:\/\/blogi.eoppimispalvelut.fi\/ikallo\/wp-json\/wp\/v2\/media?parent=10"}],"curies":[{"name":"wp","href":"https:\/\/api.w.org\/{rel}","templated":true}]}}