{"id":100,"date":"2019-02-09T21:36:21","date_gmt":"2019-02-09T19:36:21","guid":{"rendered":"https:\/\/blogi.eoppimispalvelut.fi\/innej\/?page_id=100"},"modified":"2019-11-08T23:40:53","modified_gmt":"2019-11-08T21:40:53","slug":"esittely","status":"publish","type":"page","link":"https:\/\/blogi.eoppimispalvelut.fi\/innej\/esittely\/","title":{"rendered":"Esittely"},"content":{"rendered":"<p align=\"justify\"><span style=\"color: #000000\"><span style=\"font-family: Chilanka\"><span style=\"font-size: medium\"><img loading=\"lazy\" decoding=\"async\" class=\"alignleft wp-image-294\" src=\"https:\/\/blogi.eoppimispalvelut.fi\/innej\/files\/2019\/11\/pic-900x1504.jpg\" alt=\"\" width=\"355\" height=\"593\" srcset=\"https:\/\/blogi.eoppimispalvelut.fi\/innej\/files\/2019\/11\/pic-900x1504.jpg 900w, https:\/\/blogi.eoppimispalvelut.fi\/innej\/files\/2019\/11\/pic-768x1283.jpg 768w, https:\/\/blogi.eoppimispalvelut.fi\/innej\/files\/2019\/11\/pic-218x365.jpg 218w, https:\/\/blogi.eoppimispalvelut.fi\/innej\/files\/2019\/11\/pic.jpg 1206w\" sizes=\"auto, (max-width: 355px) 100vw, 355px\" \/>Olen 34-vuotias nelj\u00e4nnen vuoden terveydenhoitaja opiskelija. Tulen Filippiineilt\u00e4 ja olen asunut Suomessa 11 vuotta.\u00a0 Olen yst\u00e4v\u00e4llinen, avoin ja sosiaalinen tyyppi. \u00c4idinkieleni on cebuano. Osaan sujuvasti tagalogia (Filippiinien virallinen kieli) ja englantia. Minun suomen kielen taitoni on B-tasoinen YKI-testin mukaan. Osaan my\u00f6s v\u00e4h\u00e4n saksaa ja espanjaa.<\/span><\/span><\/span><\/p>\n<p align=\"justify\"><span style=\"color: #000000\"><span style=\"font-family: Chilanka\"><span style=\"font-size: medium\">Valmistuin AMK-insin\u00f6\u00f6riksi vuonna 2013 toukokuussa Lapin ammattikorkeakoulun englanninkielisest\u00e4 koulutusohjelmasta. Samaan aikaan k\u00e4vin my\u00f6s suomen kielen kursseja Lapin yliopistossa. Olen my\u00f6s suorittanut suomen kielen keskitason YKI-testin. Sain Suomen kansalaisuuden noin viisi vuotta sitten. <\/span><\/span><\/span><\/p>\n<p align=\"justify\"><span style=\"font-family: Chilanka\"><span style=\"font-size: medium\"><span style=\"color: #000000\">Hain maisteriohjelmaan Ouluun yliopistoon ja tulin valituksi, mutta en mennyt opiskelemaan, koska olin raskaana silloin. Kun poikani oli tarpeeksi iso menem\u00e4\u00e4n p\u00e4iv\u00e4hoitoon, olen yritt\u00e4nyt hakea ty\u00f6t\u00e4 atk-alalta. Rovaniemell\u00e4 on n\u00e4ky\u00e4\u00e4n hankala saada ty\u00f6t\u00e4 tietotekniikan alalta, siksi haluan vaihtaa alaa. Tein ty\u00f6kokeilun p\u00e4iv\u00e4kodissa ja hoidin 1-7 vuotiaita lapsia. Oli kivaa ty\u00f6skennell\u00e4 lasten kanssa ja siit\u00e4 alkoi haluni p\u00e4\u00e4st\u00e4 hoitoalalle. Sain my\u00f6s hyv\u00e4\u00e4 palautetta p\u00e4iv\u00e4kodilta, vaikka minulla ei ole koulutusta alalta. Tammikuussa 2016 aloitin opiskelemaan terveydenhoitajaksi.\u00a0<\/span><\/span><\/span><\/p>\n<p align=\"justify\">\n","protected":false},"excerpt":{"rendered":"<p>Olen 34-vuotias nelj\u00e4nnen vuoden terveydenhoitaja opiskelija. Tulen Filippiineilt\u00e4 ja olen asunut Suomessa 11 vuotta.\u00a0 Olen yst\u00e4v\u00e4llinen, avoin ja sosiaalinen tyyppi. \u00c4idinkieleni on cebuano. Osaan sujuvasti tagalogia (Filippiinien virallinen kieli) ja englantia. Minun suomen kielen taitoni on B-tasoinen YKI-testin mukaan. Osaan my\u00f6s v\u00e4h\u00e4n saksaa ja espanjaa. Valmistuin AMK-insin\u00f6\u00f6riksi vuonna 2013 toukokuussa Lapin ammattikorkeakoulun englanninkielisest\u00e4 koulutusohjelmasta. Samaan [&hellip;]<\/p>\n","protected":false},"author":3616,"featured_media":0,"parent":0,"menu_order":0,"comment_status":"closed","ping_status":"closed","template":"","meta":{"footnotes":""},"class_list":["post-100","page","type-page","status-publish","hentry"],"_links":{"self":[{"href":"https:\/\/blogi.eoppimispalvelut.fi\/innej\/wp-json\/wp\/v2\/pages\/100","targetHints":{"allow":["GET"]}}],"collection":[{"href":"https:\/\/blogi.eoppimispalvelut.fi\/innej\/wp-json\/wp\/v2\/pages"}],"about":[{"href":"https:\/\/blogi.eoppimispalvelut.fi\/innej\/wp-json\/wp\/v2\/types\/page"}],"author":[{"embeddable":true,"href":"https:\/\/blogi.eoppimispalvelut.fi\/innej\/wp-json\/wp\/v2\/users\/3616"}],"replies":[{"embeddable":true,"href":"https:\/\/blogi.eoppimispalvelut.fi\/innej\/wp-json\/wp\/v2\/comments?post=100"}],"version-history":[{"count":8,"href":"https:\/\/blogi.eoppimispalvelut.fi\/innej\/wp-json\/wp\/v2\/pages\/100\/revisions"}],"predecessor-version":[{"id":363,"href":"https:\/\/blogi.eoppimispalvelut.fi\/innej\/wp-json\/wp\/v2\/pages\/100\/revisions\/363"}],"wp:attachment":[{"href":"https:\/\/blogi.eoppimispalvelut.fi\/innej\/wp-json\/wp\/v2\/media?parent=100"}],"curies":[{"name":"wp","href":"https:\/\/api.w.org\/{rel}","templated":true}]}}