{"id":267,"date":"2019-09-29T20:08:57","date_gmt":"2019-09-29T17:08:57","guid":{"rendered":"https:\/\/blogi.eoppimispalvelut.fi\/innej\/?page_id=267"},"modified":"2019-12-01T21:09:57","modified_gmt":"2019-12-01T19:09:57","slug":"r702t41-tyoikaisen-terveydenhoitotyon-harjoittelu","status":"publish","type":"page","link":"https:\/\/blogi.eoppimispalvelut.fi\/innej\/portfolion-sisalto\/r702t41-tyoikaisen-terveydenhoitotyon-harjoittelu\/","title":{"rendered":"Ty\u00f6ymp\u00e4rist\u00f6n ja ty\u00f6ik\u00e4isten terveyden edist\u00e4minen"},"content":{"rendered":"<h2 style=\"padding-left: 40px\"><span style=\"color: #ff0000\">Opintojakson tavoitteet:<\/span><\/h2>\n<ul>\n<li style=\"list-style-type: none\">\n<ul>\n<li><span style=\"color: #000000\">Osaa perustaa toiminta ty\u00f6ik\u00e4isen v\u00e4est\u00f6n kansanterveydellisiin ja yhteiskunnallisiin painopistealueisiin.<\/span><\/li>\n<li><span style=\"color: #000000\"> Osaa edist\u00e4\u00e4 ja tukea ty\u00f6- ja elinymp\u00e4rist\u00f6n sek\u00e4 yksil\u00f6iden terveytt\u00e4 ja hyvinvointia ty\u00f6turvallisuus- ja ty\u00f6terveyslakien sek\u00e4 hyv\u00e4n ty\u00f6terveyshuoltok\u00e4yt\u00e4nn\u00f6n mukaisesti.<\/span><\/li>\n<li><span style=\"color: #000000\">Osaa arvioida ty\u00f6ymp\u00e4rist\u00f6n ja -yhteis\u00f6n kuormitusta ja riskitekij\u00f6it\u00e4 sek\u00e4 niiden merkityst\u00e4 terveydelle ja hyvinvoinnille.<\/span><\/li>\n<li><span style=\"color: #000000\"> Osaa ohjattuna toteuttaa ty\u00f6paikkaselvityksi\u00e4 sek\u00e4 ty\u00f6ik\u00e4isten ja ik\u00e4\u00e4ntyvien terveystarkastuksia.<\/span><\/li>\n<li><span style=\"color: #000000\">Osaa toimia moniammatillisissa tiimeiss\u00e4 ja verkostoissa sek\u00e4 osaa soveltaa ty\u00f6- ja toimintakyky\u00e4 tukevaa ty\u00f6otetta ja terveysteknologian k\u00e4ytt\u00f6mahdollisuuksia ty\u00f6ik\u00e4isten terveyden edist\u00e4misess\u00e4.<\/span><\/li>\n<li><span style=\"color: #000000\">Opintojakson j\u00e4lkeen tunne liiketoiminta-, yritt\u00e4jyys- ja tuotekehitysosaamisen periaatteita.<\/span><\/li>\n<\/ul>\n<\/li>\n<\/ul>\n<h4 style=\"padding-left: 40px\"><span style=\"color: #ff0000\">Miten olen saavuttanut opintojakson tavoitteet?<\/span><\/h4>\n<p><img loading=\"lazy\" decoding=\"async\" class=\"wp-image-379 aligncenter\" src=\"https:\/\/blogi.eoppimispalvelut.fi\/innej\/files\/2019\/11\/908ecd1eeacba63d445e31599ff01eaa.png\" alt=\"\" width=\"594\" height=\"395\" srcset=\"https:\/\/blogi.eoppimispalvelut.fi\/innej\/files\/2019\/11\/908ecd1eeacba63d445e31599ff01eaa.png 569w, https:\/\/blogi.eoppimispalvelut.fi\/innej\/files\/2019\/11\/908ecd1eeacba63d445e31599ff01eaa-525x349.png 525w\" sizes=\"auto, (max-width: 594px) 100vw, 594px\" \/><\/p>\n<p style=\"padding-left: 40px\">T\u00e4m\u00e4n opintojakson teoreettisenosuuden suoritin syksyll\u00e4 2018. Tein harjoittelun syksyll\u00e4 2019 Ty\u00f6terveys Lappicalla Rovaniemell\u00e4. Toimintan perustaminen ty\u00f6ik\u00e4isen v\u00e4est\u00f6n kansanterveydellisiin ja yhteiskunnallisiin painopistealueisiin tuli k\u00e4yt\u00e4nn\u00f6ss\u00e4 tutuksi harjoittelun aikana. P\u00e4\u00e4sin soveltamaan ty\u00f6- ja elinymp\u00e4rist\u00f6n ja yksil\u00f6iden terveytt\u00e4 ja hyvinvointia edist\u00e4v\u00e4\u00e4 ja tukevaa terveydenhoitoty\u00f6t\u00e4, jossa huomioitiin ty\u00f6turvallisuus- ja ty\u00f6terveyslakien sek\u00e4 hyv\u00e4n ty\u00f6terveyshuoltok\u00e4yt\u00e4nn\u00f6n mukainen terveydenhoitoty\u00f6.<\/p>\n<p style=\"padding-left: 40px\">Ohjattuna p\u00e4\u00e4sin osallistumaan ty\u00f6paikkaselvityksien tekoon, sek\u00e4 toteuttamaan ty\u00f6ik\u00e4isten ja ik\u00e4\u00e4ntyvien terveystarkastuksia. Terveystarkastuksella ja sairasvastaanotolla olen oppinut arvioimaan ja tukemaan ty\u00f6ik\u00e4isten ty\u00f6kyky\u00e4 ja ty\u00f6hyvinvointia, edist\u00e4m\u00e4\u00e4n ty\u00f6ik\u00e4isten terveellisi\u00e4 tapoja, tunnistamaan ty\u00f6ik\u00e4isten voimavaratekij\u00f6it\u00e4, antamaan neuvoja ja ohjausta, antamaan tietoa ty\u00f6n riskeilt\u00e4 suojautumiseksi terveyden, sek\u00e4 hyvinvoinnin seurannan ja arvioinnin. Osaan sairasvastaanottoon liittyv\u00e4t tutkimukset, kuten Ultramax-tutkimus, CRP:n otto, nielun ja korvien tutkimus, nieluviljelyn otto jne. Olen rokottanut ja poistanut haavan tikit sek\u00e4 suorittanut audiogrammitutkimusta sujuvasti.<\/p>\n<p style=\"padding-left: 40px\">Ty\u00f6paikkaselvityksess\u00e4 olen oppinut arvioimaan ty\u00f6ymp\u00e4rist\u00f6jen ja -yhteis\u00f6jen riskitekij\u00f6it\u00e4 ja terveydellisi\u00e4 altisteita sek\u00e4 vaara- ja kuormitustekij\u00f6it\u00e4, ja antamaan tarvittavia toimenpide-ehdotuksia yritt\u00e4j\u00e4n, ty\u00f6ntekij\u00f6iden ja asiakkaiden terveyden edist\u00e4miseksi. Olen oppinut, miten ty\u00f6paikkaselvitysraportti ja toimintasuunnitelma tehd\u00e4\u00e4n. P\u00e4\u00e4sin arvioimaan ty\u00f6ymp\u00e4rist\u00f6n ja -yhteis\u00f6n kuormitusta ja riskitekij\u00f6it\u00e4 sek\u00e4 niiden merkityst\u00e4 terveydelle ja hyvinvoinnille.<\/p>\n<p style=\"padding-left: 40px\">P\u00e4\u00e4sin seuraamaan ty\u00f6fysioterapeutin ty\u00f6skentely\u00e4 ja olen oppinut, mink\u00e4laisia tarkastuksia fysioterapeutit tekev\u00e4t ty\u00f6ik\u00e4isten hyvinvoinnin ja ty\u00f6kyvyn edist\u00e4miseksi ja yl\u00e4pit\u00e4miseksi. P\u00e4\u00e4sin my\u00f6s yksin konsultoimaan l\u00e4\u00e4k\u00e4ri\u00e4 asiakkaaseen liittyvist\u00e4 asioista.<\/p>\n<p style=\"padding-left: 40px\">Olen perehtynyt ty\u00f6terveyshuollon toimintaan ja ty\u00f6terveyshoitajan ty\u00f6nkuvaan. Harjoittelun avulla ymm\u00e4rsin hyv\u00e4n ty\u00f6terveyshuoltok\u00e4yt\u00e4nn\u00f6n periaatteet ja tunnen keskeisen lains\u00e4\u00e4d\u00e4nn\u00f6n ja linjaukset sek\u00e4 korvausk\u00e4yt\u00e4nn\u00f6n (mitk\u00e4 asiat\/tutkimukset kuuluvat KL1:een ja KL2:een). Harjoittelussa sain olla mukana toimimassa moniammatillisissa tiimeiss\u00e4 ja verkostoissa sek\u00e4 p\u00e4\u00e4sin soveltamaan ty\u00f6- ja toimintakyky\u00e4 tukevaa ty\u00f6otetta ja terveysteknologian k\u00e4ytt\u00f6mahdollisuuksia ty\u00f6ik\u00e4isten terveyden edist\u00e4misess\u00e4. Teoria jakson ja harjoittelun aikana olen kokenut, ett\u00e4 osaamiseni n\u00e4ill\u00e4 osa-alueilla on vahvistunut.<\/p>\n<p style=\"padding-left: 40px\">Harjoittelun aikana opin paljon ty\u00f6terveyshuollosta. Odotin ty\u00f6terveydenharjoittelua kaikista eniten koko terveydenhoitaja koulutuksen ajan. Teoriaosuudesta sai hyv\u00e4n pohjan harjoitteluun, mutta vasta harjoittelussa todella valkeni, kuinka laajasti ty\u00f6terveyshoitajan tulee hallita eri l\u00e4hteist\u00e4 tulevaa tietoa. Harjoittelun j\u00e4lkeen oloni siit\u00e4, ett\u00e4 t\u00e4m\u00e4 on se mit\u00e4 tahdon tulevaisuudessa tehd\u00e4 on vain vahvistunut.<\/p>\n","protected":false},"excerpt":{"rendered":"<p>Opintojakson tavoitteet: Osaa perustaa toiminta ty\u00f6ik\u00e4isen v\u00e4est\u00f6n kansanterveydellisiin ja yhteiskunnallisiin painopistealueisiin. Osaa edist\u00e4\u00e4 ja tukea ty\u00f6- ja elinymp\u00e4rist\u00f6n sek\u00e4 yksil\u00f6iden terveytt\u00e4 ja hyvinvointia ty\u00f6turvallisuus- ja ty\u00f6terveyslakien sek\u00e4 hyv\u00e4n ty\u00f6terveyshuoltok\u00e4yt\u00e4nn\u00f6n mukaisesti. Osaa arvioida ty\u00f6ymp\u00e4rist\u00f6n ja -yhteis\u00f6n kuormitusta ja riskitekij\u00f6it\u00e4 sek\u00e4 niiden merkityst\u00e4 terveydelle ja hyvinvoinnille. Osaa ohjattuna toteuttaa ty\u00f6paikkaselvityksi\u00e4 sek\u00e4 ty\u00f6ik\u00e4isten ja ik\u00e4\u00e4ntyvien terveystarkastuksia. Osaa toimia [&hellip;]<\/p>\n","protected":false},"author":3616,"featured_media":0,"parent":2,"menu_order":3,"comment_status":"closed","ping_status":"closed","template":"","meta":{"footnotes":""},"class_list":["post-267","page","type-page","status-publish","hentry"],"_links":{"self":[{"href":"https:\/\/blogi.eoppimispalvelut.fi\/innej\/wp-json\/wp\/v2\/pages\/267","targetHints":{"allow":["GET"]}}],"collection":[{"href":"https:\/\/blogi.eoppimispalvelut.fi\/innej\/wp-json\/wp\/v2\/pages"}],"about":[{"href":"https:\/\/blogi.eoppimispalvelut.fi\/innej\/wp-json\/wp\/v2\/types\/page"}],"author":[{"embeddable":true,"href":"https:\/\/blogi.eoppimispalvelut.fi\/innej\/wp-json\/wp\/v2\/users\/3616"}],"replies":[{"embeddable":true,"href":"https:\/\/blogi.eoppimispalvelut.fi\/innej\/wp-json\/wp\/v2\/comments?post=267"}],"version-history":[{"count":15,"href":"https:\/\/blogi.eoppimispalvelut.fi\/innej\/wp-json\/wp\/v2\/pages\/267\/revisions"}],"predecessor-version":[{"id":421,"href":"https:\/\/blogi.eoppimispalvelut.fi\/innej\/wp-json\/wp\/v2\/pages\/267\/revisions\/421"}],"up":[{"embeddable":true,"href":"https:\/\/blogi.eoppimispalvelut.fi\/innej\/wp-json\/wp\/v2\/pages\/2"}],"wp:attachment":[{"href":"https:\/\/blogi.eoppimispalvelut.fi\/innej\/wp-json\/wp\/v2\/media?parent=267"}],"curies":[{"name":"wp","href":"https:\/\/api.w.org\/{rel}","templated":true}]}}