{"id":7,"date":"2021-12-08T12:12:18","date_gmt":"2021-12-08T10:12:18","guid":{"rendered":"https:\/\/blogi.eoppimispalvelut.fi\/inspiroivaluontokuvaus\/?page_id=7"},"modified":"2021-12-16T13:31:08","modified_gmt":"2021-12-16T11:31:08","slug":"hanke-ja-kurssi","status":"publish","type":"page","link":"https:\/\/blogi.eoppimispalvelut.fi\/inspiroivaluontokuvaus\/","title":{"rendered":"Etusivu"},"content":{"rendered":"<p><img loading=\"lazy\" decoding=\"async\" class=\"alignnone wp-image-85\" src=\"https:\/\/blogi.eoppimispalvelut.fi\/inspiroivaluontokuvaus\/files\/2021\/12\/EU_ESR_FI_vertical_20mm_rgb-290x300.png\" alt=\"\" width=\"230\" height=\"238\" srcset=\"https:\/\/blogi.eoppimispalvelut.fi\/inspiroivaluontokuvaus\/files\/2021\/12\/EU_ESR_FI_vertical_20mm_rgb-290x300.png 290w, https:\/\/blogi.eoppimispalvelut.fi\/inspiroivaluontokuvaus\/files\/2021\/12\/EU_ESR_FI_vertical_20mm_rgb.png 354w\" sizes=\"auto, (max-width: 230px) 100vw, 230px\" \/>\u00a0\u00a0\u00a0 <img loading=\"lazy\" decoding=\"async\" class=\"alignnone wp-image-80\" src=\"https:\/\/blogi.eoppimispalvelut.fi\/inspiroivaluontokuvaus\/files\/2021\/12\/vipuvoimaa_eulta_logo.png\" alt=\"\" width=\"165\" height=\"117\" \/><\/p>\n<p><img loading=\"lazy\" decoding=\"async\" class=\"alignnone wp-image-79\" src=\"https:\/\/blogi.eoppimispalvelut.fi\/inspiroivaluontokuvaus\/files\/2021\/12\/LapinAMK_logo-300x114.jpg\" alt=\"\" width=\"229\" height=\"87\" srcset=\"https:\/\/blogi.eoppimispalvelut.fi\/inspiroivaluontokuvaus\/files\/2021\/12\/LapinAMK_logo-300x114.jpg 300w, https:\/\/blogi.eoppimispalvelut.fi\/inspiroivaluontokuvaus\/files\/2021\/12\/LapinAMK_logo.jpg 314w\" sizes=\"auto, (max-width: 229px) 100vw, 229px\" \/><img loading=\"lazy\" decoding=\"async\" class=\"alignnone wp-image-81\" src=\"https:\/\/blogi.eoppimispalvelut.fi\/inspiroivaluontokuvaus\/files\/2021\/12\/sahkoposti_suomi_musta_punainen_nelio-300x111.jpg\" alt=\"\" width=\"230\" height=\"85\" srcset=\"https:\/\/blogi.eoppimispalvelut.fi\/inspiroivaluontokuvaus\/files\/2021\/12\/sahkoposti_suomi_musta_punainen_nelio-300x111.jpg 300w, https:\/\/blogi.eoppimispalvelut.fi\/inspiroivaluontokuvaus\/files\/2021\/12\/sahkoposti_suomi_musta_punainen_nelio.jpg 700w\" sizes=\"auto, (max-width: 230px) 100vw, 230px\" \/><\/p>\n<p><strong>Hankkeen esittely<\/strong><\/p>\n<p>Henki ja el\u00e4m\u00e4 -luonto toipumisen l\u00e4hteen\u00e4 -hanke on ESR-rahoitteinen sosiaalisen osallisuuden ja k\u00f6yhyyden torjunnan toimintalinjan hanke. Henki ja el\u00e4m\u00e4 -hankkeessa kehitet\u00e4\u00e4n ja kokeillaan luontoperustaisia menetelmi\u00e4 luontopalveluihin ja soveltavan taiteen kent\u00e4ll\u00e4. Hankkeen keskeinen ajatus on tukea kuntoutujien hyvinvointia ja osallisuutta sek\u00e4 integraatiota el\u00e4m\u00e4ss\u00e4\u00e4n ja elinymp\u00e4rist\u00f6ss\u00e4\u00e4n, Pohjoisessa Suomessa. Toinen t\u00e4rke\u00e4 tavoite on luoda alueen yritt\u00e4jille toimeentulomahdollisuuksia luontoperustaiseen toimintaan liittyen. Valokuvauksen ryhm\u00e4ss\u00e4 on valokuvaaja Kaisa Sirenin johdolla toteutettu hankkeen paikan henkeen, vuodenkiertoon ja pohjoisuuteen liittyvi\u00e4 ulottuvuuksia.<\/p>\n<p>Sirenin luoma pienryhm\u00e4toteutus on saanut ensimm\u00e4iselt\u00e4 kuntoutujaryhm\u00e4lt\u00e4 palautteen, jonka keskeisin seikka mielest\u00e4ni on osallistujien kokemus taitonsa kehittymisest\u00e4 ja sen mukanaan tuoma tunne toimijuudesta. Ryhm\u00e4n ty\u00f6skentely pohjoisissa maisemissa, s\u00e4\u00e4st\u00e4 riippumatta on ollut innostunut ja tunnusteleva, jota ammattitaitoinen ja kannustava ohjaus on tukenut. Sirenin hankety\u00f6ss\u00e4 luoma inspiroivan luontokuvauksen konsepti on kokonaisuus, joka soveltuu hyvin erityisryhmien taidel\u00e4ht\u00f6iseen sosiaaliseen kuntoutukseen.<\/p>\n<p>Henki ja el\u00e4m\u00e4 -hanke jatkuu 30.6.23 saakka. T\u00e4n\u00e4 aikana luontoperustaisia taiteen ryhmi\u00e4\u00a0 toteutetaan ja menetelmi\u00e4 kehitet\u00e4\u00e4n yhdistys- ja yritystoiminnassa edelleen. Lis\u00e4tietoja hankkeesta ja sen toiminnoista saa projektip\u00e4\u00e4llikk\u00f6 Sanna Viinoselta.<\/p>\n<p>Ota yhteytt\u00e4:<br \/>\nSanna Viinonen: Sanna.Viinonen@lapinamk.fi<br \/>\nMarjukka Rasa:\u00a0 Marjukka.Rasa@lapinamk.fi<\/p>\n","protected":false},"excerpt":{"rendered":"<p>\u00a0\u00a0\u00a0 Hankkeen esittely Henki ja el\u00e4m\u00e4 -luonto toipumisen l\u00e4hteen\u00e4 -hanke on ESR-rahoitteinen sosiaalisen osallisuuden ja k\u00f6yhyyden torjunnan toimintalinjan hanke. Henki ja el\u00e4m\u00e4 -hankkeessa kehitet\u00e4\u00e4n ja kokeillaan luontoperustaisia menetelmi\u00e4 luontopalveluihin ja soveltavan taiteen kent\u00e4ll\u00e4. Hankkeen keskeinen ajatus on tukea kuntoutujien hyvinvointia ja osallisuutta sek\u00e4 integraatiota el\u00e4m\u00e4ss\u00e4\u00e4n ja elinymp\u00e4rist\u00f6ss\u00e4\u00e4n, Pohjoisessa Suomessa. Toinen t\u00e4rke\u00e4 tavoite on luoda alueen &hellip; <\/p>\n<p><a class=\"more-link btn\" href=\"https:\/\/blogi.eoppimispalvelut.fi\/inspiroivaluontokuvaus\/\">Jatka lukemista<\/a><\/p>\n","protected":false},"author":8991,"featured_media":0,"parent":0,"menu_order":0,"comment_status":"closed","ping_status":"closed","template":"","meta":{"footnotes":""},"class_list":["post-7","page","type-page","status-publish","hentry","nodate","item-wrap"],"_links":{"self":[{"href":"https:\/\/blogi.eoppimispalvelut.fi\/inspiroivaluontokuvaus\/wp-json\/wp\/v2\/pages\/7","targetHints":{"allow":["GET"]}}],"collection":[{"href":"https:\/\/blogi.eoppimispalvelut.fi\/inspiroivaluontokuvaus\/wp-json\/wp\/v2\/pages"}],"about":[{"href":"https:\/\/blogi.eoppimispalvelut.fi\/inspiroivaluontokuvaus\/wp-json\/wp\/v2\/types\/page"}],"author":[{"embeddable":true,"href":"https:\/\/blogi.eoppimispalvelut.fi\/inspiroivaluontokuvaus\/wp-json\/wp\/v2\/users\/8991"}],"replies":[{"embeddable":true,"href":"https:\/\/blogi.eoppimispalvelut.fi\/inspiroivaluontokuvaus\/wp-json\/wp\/v2\/comments?post=7"}],"version-history":[{"count":7,"href":"https:\/\/blogi.eoppimispalvelut.fi\/inspiroivaluontokuvaus\/wp-json\/wp\/v2\/pages\/7\/revisions"}],"predecessor-version":[{"id":86,"href":"https:\/\/blogi.eoppimispalvelut.fi\/inspiroivaluontokuvaus\/wp-json\/wp\/v2\/pages\/7\/revisions\/86"}],"wp:attachment":[{"href":"https:\/\/blogi.eoppimispalvelut.fi\/inspiroivaluontokuvaus\/wp-json\/wp\/v2\/media?parent=7"}],"curies":[{"name":"wp","href":"https:\/\/api.w.org\/{rel}","templated":true}]}}