{"id":160,"date":"2019-06-05T10:03:41","date_gmt":"2019-06-05T07:03:41","guid":{"rendered":"https:\/\/blogi.eoppimispalvelut.fi\/intraliving\/?page_id=160"},"modified":"2025-01-28T17:22:36","modified_gmt":"2025-01-28T15:22:36","slug":"international-network","status":"publish","type":"page","link":"https:\/\/blogi.eoppimispalvelut.fi\/intraliving\/international-network\/","title":{"rendered":"Network"},"content":{"rendered":"<div class=\"page\" title=\"Page 10\">\n<div class=\"layoutArea\">\n<div class=\"column\">\n<h3><a href=\"https:\/\/en.uit.no\/ansatte\/person?p_document_id=43506\">Brynhild Gran\u00e5s (Associate professor, The Arctic University of Norway)<\/a><\/h3>\n<h3><a href=\"https:\/\/uwaterloo.ca\/recreation-and-leisure-studies\/people-profiles\/bryan-grimwood\">Bryan S.R. Grimwood (Associate professor, University of Waterloo)<\/a><\/h3>\n<h3><a href=\"https:\/\/www.hi.is\/staff\/elvab\">Elva Bj\u00f6rg Einarsd\u00f3ttir (Junior researcher, University of Iceland)<\/a><\/h3>\n<h3><a href=\"https:\/\/uwaterloo.ca\/nature-leisure-community-research-group\/people-profiles\/chris-hurst\">Chris Hurst (Junior researcher, University of Waterloo)<\/a><\/h3>\n<h3><a style=\"font-size: revert\" href=\"https:\/\/english.hi.is\/staff\/gtj\">Gunnar \u00de\u00f3r J\u00f3hannesson (Professor, University of Iceland)<\/a><\/h3>\n<h3><a style=\"font-size: revert\" href=\"https:\/\/english.hi.is\/staff\/kl\">Katr\u00edn Anna Lund (Professor, University of Iceland)<\/a><\/h3>\n<h3><a style=\"font-size: revert\" href=\"https:\/\/www.luke.fi\/en\/experts\/francoise-martz\">Francoise Martz (Senior researcher, Natural Resources Institute Finland, LUKE, Rovaniemi)<\/a><\/h3>\n<h3><a href=\"https:\/\/researchers.mq.edu.au\/en\/persons\/alison-pullen\">Alison Pullen (Professor, University of MacQuarie)<\/a><\/h3>\n<h3><a href=\"https:\/\/www.luke.fi\/en\/experts\/pasi-rautio\">Pasi Rautio (Research professor, Natural Resources Institute Finland, LUKE, Rovaniemi)<\/a><\/h3>\n<h3><a href=\"https:\/\/vbn.aau.dk\/en\/persons\/124694\">Carina Ren (Associate Professor, Aalborg University, Copenhagen)<\/a><\/h3>\n<h3><a href=\"https:\/\/www.scu.edu.au\/about\/contacts\/staff-directory\/staff\/29308.php\">Pascal Scherrer (Senior lecturer, Southern Cross University)<\/a><\/h3>\n<h3><a style=\"font-size: revert\" href=\"https:\/\/uwaterloo.ca\/nature-leisure-community-research-group\/people-profiles\/michela-mk-stinson\">Michela J. Stinson (Junior researcher, University of Waterloo)\u00a0<\/a><\/h3>\n<h3><a href=\"https:\/\/vbn.aau.dk\/en\/persons\/martin-zuffa-trandberg-jensen\">Martin Tranberg Jensen (Associate Professor, Aalborg University, Copenhagen)<\/a><\/h3>\n<h3><a href=\"https:\/\/www.umu.se\/en\/staff\/maxim-vlasov\/\">Maxim Vlasov (Assistant Professor, Ume\u00e5 University)<\/a><\/h3>\n<h3><a href=\"https:\/\/www.slu.se\/en\/ew-cv\/jasmine-zhang\/\">Jasmine Zhang (Senior Researcher, Swedish University of Agricultural Sciences)\u00a0<\/a><\/h3>\n<\/div>\n<\/div>\n<\/div>\n\n\n<p><\/p>\n","protected":false},"excerpt":{"rendered":"<p>Brynhild Gran\u00e5s (Associate professor, The Arctic University of Norway) Bryan S.R. Grimwood (Associate professor, University of Waterloo) Elva Bj\u00f6rg Einarsd\u00f3ttir (Junior researcher, University of Iceland) Chris Hurst (Junior researcher, University of Waterloo) Gunnar \u00de\u00f3r J\u00f3hannesson (Professor, University of Iceland) Katr\u00edn Anna Lund (Professor, University of Iceland) Francoise Martz (Senior researcher, Natural Resources Institute Finland, LUKE,&#8230;<\/p>\n","protected":false},"author":3637,"featured_media":0,"parent":0,"menu_order":0,"comment_status":"closed","ping_status":"closed","template":"","meta":{"ngg_post_thumbnail":0,"footnotes":""},"class_list":["post-160","page","type-page","status-publish","hentry"],"_links":{"self":[{"href":"https:\/\/blogi.eoppimispalvelut.fi\/intraliving\/wp-json\/wp\/v2\/pages\/160","targetHints":{"allow":["GET"]}}],"collection":[{"href":"https:\/\/blogi.eoppimispalvelut.fi\/intraliving\/wp-json\/wp\/v2\/pages"}],"about":[{"href":"https:\/\/blogi.eoppimispalvelut.fi\/intraliving\/wp-json\/wp\/v2\/types\/page"}],"author":[{"embeddable":true,"href":"https:\/\/blogi.eoppimispalvelut.fi\/intraliving\/wp-json\/wp\/v2\/users\/3637"}],"replies":[{"embeddable":true,"href":"https:\/\/blogi.eoppimispalvelut.fi\/intraliving\/wp-json\/wp\/v2\/comments?post=160"}],"version-history":[{"count":16,"href":"https:\/\/blogi.eoppimispalvelut.fi\/intraliving\/wp-json\/wp\/v2\/pages\/160\/revisions"}],"predecessor-version":[{"id":1680,"href":"https:\/\/blogi.eoppimispalvelut.fi\/intraliving\/wp-json\/wp\/v2\/pages\/160\/revisions\/1680"}],"wp:attachment":[{"href":"https:\/\/blogi.eoppimispalvelut.fi\/intraliving\/wp-json\/wp\/v2\/media?parent=160"}],"curies":[{"name":"wp","href":"https:\/\/api.w.org\/{rel}","templated":true}]}}