{"id":393,"date":"2020-03-27T14:50:11","date_gmt":"2020-03-27T12:50:11","guid":{"rendered":"https:\/\/blogi.eoppimispalvelut.fi\/intraliving\/?page_id=393"},"modified":"2024-02-02T11:12:49","modified_gmt":"2024-02-02T09:12:49","slug":"suomeksi-matkailua-lahelle-uusmaterialistinen-nakokulma","status":"publish","type":"page","link":"https:\/\/blogi.eoppimispalvelut.fi\/intraliving\/suomeksi-matkailua-lahelle-uusmaterialistinen-nakokulma\/","title":{"rendered":"In Finnish"},"content":{"rendered":"<p><strong>Olemme ILA-tutkimusryhm\u00e4. <\/strong>ILA on lyhenne <em>Yhteiselosta Antroposeenin aikakaudella (Intra-Living in the Anthropocene)<\/em>, pohjaten feministiteoreetikko Karen Baradin k\u00e4sitteeseen &#8220;intra-action&#8221; ja sen k\u00e4sitteelliseen kehitysty\u00f6h\u00f6n, jota tutkimushankkeesamme harjoitamme. Olemme monitieteinen tutkimusryhm\u00e4, akateeminen perhe ja yhteis\u00f6, joka hy\u00f6dynt\u00e4\u00e4 feministisi\u00e4 teorioita ja metodologisia innovaatioita tutkiaksemme kriittisesti Antroposeenin aikakautta. Teemme tutkimustamme Suomen Lapissa, <a href=\"http:\/\/www.ulapland.fi\">Lapin yliopistossa<\/a>.<\/p>\n<p>&nbsp;<\/p>\n<p>&nbsp;&nbsp; &nbsp; &nbsp; &nbsp;<\/p>\n\n\n<figure class=\"wp-block-image size-full\"><img loading=\"lazy\" decoding=\"async\" width=\"1252\" height=\"591\" src=\"https:\/\/blogi.eoppimispalvelut.fi\/intraliving\/files\/2023\/06\/ILA-suom-verkkosivu.jpg\" alt=\"\" class=\"wp-image-1200\" srcset=\"https:\/\/blogi.eoppimispalvelut.fi\/intraliving\/files\/2023\/06\/ILA-suom-verkkosivu.jpg 1252w, https:\/\/blogi.eoppimispalvelut.fi\/intraliving\/files\/2023\/06\/ILA-suom-verkkosivu-900x425.jpg 900w, https:\/\/blogi.eoppimispalvelut.fi\/intraliving\/files\/2023\/06\/ILA-suom-verkkosivu-768x363.jpg 768w\" sizes=\"auto, (max-width: 1252px) 100vw, 1252px\" \/><figcaption class=\"wp-element-caption\">Kuvassa l\u00e4hikuva haavanoksasta ja haavankeltaj\u00e4k\u00e4l\u00e4n (<em>Xanthoria parietina<\/em>) kasvustosta \/ Joonas Vola<\/figcaption><\/figure>\n\n\n\n<p>Meneill\u00e4\u00e4n olevaa tutkimushankettamme, Monilajinen vieraanvaraisuus rahoittaa <a href=\"https:\/\/www.aka.fi\/\">Suomen Akatemia<\/a> ajalla 2023-2028 (Profi7). Hankkeessa kehit\u00e4mme monilajisia n\u00e4k\u00f6kulmia ja tarkastelemme miten ihmiset ja ei-inhimilliset toimijat toivottavat toisensa tervetulleiksi ja pit\u00e4v\u00e4t huolta toisistaan. Tutkimuksemme tarkoituksena on her\u00e4tell\u00e4 uteliaisuutta ja tarkkaavaisuutta eri tapoihin tiet\u00e4\u00e4 ja toimia esimerkiksi matkailun kontekstissa.     <\/p>\n\n\n\n<p>Empiirinen ty\u00f6mme keskittyy<strong> Suomen Lapin<\/strong> metsiin, erityisesti <a href=\"https:\/\/luosto.fi\/yritys\/pyha-luoston-kansallispuisto\">Pyh\u00e4-Luoston kansallispuistoon<\/a>. Kehit\u00e4mme metodologista l\u00e4hestymistapaa, jota kutsumme osallistavaksi <strong>enemm\u00e4n-kuin-inhimilliseksi etnografiaksi<\/strong>. Se kutsuu esiin kollektiivisen tiet\u00e4misen, sek\u00e4 oppimisen, mahdollisuuksia luonnon kanssa.<\/p>\n\n\n\n<p>Tutkimushankkeellamme pyrimme tuottamaan yhteiskunnallisia kontribuutioita teoretisoimalla, k\u00e4sitteellist\u00e4m\u00e4ll\u00e4 ja empiirisesti illustroimalla l\u00e4himatkailua ekologisesti kest\u00e4v\u00e4n\u00e4 matkailun muotona. Luomme uusia matkailun narratiiveja, jotka perustuvat <strong>ihmisten ja kaikkien maapallomme olentojen yhteisen huolenpidon mahdollisuuksiin.<\/strong><\/p>\n\n\n\n<p>Matkailuyrityksille, yritt\u00e4jille ja matkailuorganisaatioiden ja maakuntien p\u00e4\u00e4t\u00f6ksentekij\u00f6ille hanke tarjoaa <strong>k\u00e4sitteellisi\u00e4 ty\u00f6kaluja ja k\u00e4yt\u00e4nn\u00f6n esimerkkej\u00e4 l\u00e4himatkailusta.<\/strong> T\u00e4m\u00e4 voi auttaa heit\u00e4 tunnistamaan l\u00e4himatkailun arvon ja luomaan innovatiivisia, paikallisia matkailupalveluita.<\/p>\n","protected":false},"excerpt":{"rendered":"<p>Olemme ILA-tutkimusryhm\u00e4. ILA on lyhenne Yhteiselosta Antroposeenin aikakaudella (Intra-Living in the Anthropocene), pohjaten feministiteoreetikko Karen Baradin k\u00e4sitteeseen &#8220;intra-action&#8221; ja sen k\u00e4sitteelliseen kehitysty\u00f6h\u00f6n, jota tutkimushankkeesamme harjoitamme. Olemme monitieteinen tutkimusryhm\u00e4, akateeminen perhe ja yhteis\u00f6, joka hy\u00f6dynt\u00e4\u00e4 feministisi\u00e4 teorioita ja metodologisia innovaatioita tutkiaksemme kriittisesti Antroposeenin aikakautta. Teemme tutkimustamme Suomen Lapissa, Lapin yliopistossa. &nbsp; &nbsp;&nbsp; &nbsp; &nbsp; &nbsp; Meneill\u00e4\u00e4n&#8230;<\/p>\n","protected":false},"author":3747,"featured_media":0,"parent":0,"menu_order":2,"comment_status":"closed","ping_status":"closed","template":"","meta":{"ngg_post_thumbnail":0,"footnotes":""},"class_list":["post-393","page","type-page","status-publish","hentry"],"_links":{"self":[{"href":"https:\/\/blogi.eoppimispalvelut.fi\/intraliving\/wp-json\/wp\/v2\/pages\/393","targetHints":{"allow":["GET"]}}],"collection":[{"href":"https:\/\/blogi.eoppimispalvelut.fi\/intraliving\/wp-json\/wp\/v2\/pages"}],"about":[{"href":"https:\/\/blogi.eoppimispalvelut.fi\/intraliving\/wp-json\/wp\/v2\/types\/page"}],"author":[{"embeddable":true,"href":"https:\/\/blogi.eoppimispalvelut.fi\/intraliving\/wp-json\/wp\/v2\/users\/3747"}],"replies":[{"embeddable":true,"href":"https:\/\/blogi.eoppimispalvelut.fi\/intraliving\/wp-json\/wp\/v2\/comments?post=393"}],"version-history":[{"count":12,"href":"https:\/\/blogi.eoppimispalvelut.fi\/intraliving\/wp-json\/wp\/v2\/pages\/393\/revisions"}],"predecessor-version":[{"id":1593,"href":"https:\/\/blogi.eoppimispalvelut.fi\/intraliving\/wp-json\/wp\/v2\/pages\/393\/revisions\/1593"}],"wp:attachment":[{"href":"https:\/\/blogi.eoppimispalvelut.fi\/intraliving\/wp-json\/wp\/v2\/media?parent=393"}],"curies":[{"name":"wp","href":"https:\/\/api.w.org\/{rel}","templated":true}]}}