{"id":26,"date":"2020-02-23T17:06:25","date_gmt":"2020-02-23T15:06:25","guid":{"rendered":"https:\/\/blogi.eoppimispalvelut.fi\/jaahyprojekti\/?page_id=26"},"modified":"2020-05-07T15:52:46","modified_gmt":"2020-05-07T12:52:46","slug":"meista","status":"publish","type":"page","link":"https:\/\/blogi.eoppimispalvelut.fi\/jaahyprojekti\/","title":{"rendered":""},"content":{"rendered":"<div id=\"attachment_33\" style=\"width: 263px\" class=\"wp-caption alignleft\"><img loading=\"lazy\" decoding=\"async\" aria-describedby=\"caption-attachment-33\" class=\"wp-image-33\" src=\"https:\/\/blogi.eoppimispalvelut.fi\/jaahyprojekti\/files\/2020\/02\/Photo-by-Plush-Design-Studio-on-Unsplash-300x225.jpg\" alt=\"\" width=\"253\" height=\"192\" \/><p id=\"caption-attachment-33\" class=\"wp-caption-text\">Blogi yrityskauppojen fuusioitumisesta. Photo by Plush Design Studio on Unsplash<\/p><\/div>\n<p>Hankkeen takana on kuusi Lapin ammattikorkeakoulun tradenomiopiskelijaa, jotka ty\u00f6st\u00e4v\u00e4t J\u00e4\u00e4t\u00e4v\u00e4n Hyv\u00e4\u00e4 \u201dJ\u00e4\u00e4Hy\u201d-blogia kev\u00e4\u00e4n 2020 aikana osana viestinn\u00e4n ja liiketoiminnan laajentamisen opintojaksoja. Blogissa tarkastellaan yrityskauppojen ja fuusiotilanteiden vaikutusta henkil\u00f6st\u00f6\u00f6n sek\u00e4 perehdyt\u00e4\u00e4n yritysten sis\u00e4iseen ja ulkoiseen viestint\u00e4\u00e4n.<\/p>\n<div id=\"attachment_32\" style=\"width: 228px\" class=\"wp-caption alignright\"><img loading=\"lazy\" decoding=\"async\" aria-describedby=\"caption-attachment-32\" class=\"wp-image-32\" src=\"https:\/\/blogi.eoppimispalvelut.fi\/jaahyprojekti\/files\/2020\/02\/Photo-by-NeONBRAND-on-Unsplash-242x300.jpg\" alt=\"\" width=\"218\" height=\"267\" \/><p id=\"caption-attachment-32\" class=\"wp-caption-text\">Olemme my\u00f6s Facebookissa. Photo by NeONBRAND on Unsplash<\/p><\/div>\n<p>&nbsp;<\/p>\n<p>Julkaisemme blogiamme my\u00f6s Facebookissa projektin omilla sivuilla. L\u00f6yd\u00e4t meid\u00e4t Facebookista nimell\u00e4 J\u00e4\u00e4Hy Projekti.<\/p>\n<p>&nbsp;<\/p>\n","protected":false},"excerpt":{"rendered":"<p>Hankkeen takana on kuusi Lapin ammattikorkeakoulun tradenomiopiskelijaa, jotka ty\u00f6st\u00e4v\u00e4t J\u00e4\u00e4t\u00e4v\u00e4n Hyv\u00e4\u00e4 \u201dJ\u00e4\u00e4Hy\u201d-blogia kev\u00e4\u00e4n 2020 aikana osana viestinn\u00e4n ja liiketoiminnan laajentamisen opintojaksoja. Blogissa tarkastellaan yrityskauppojen ja fuusiotilanteiden vaikutusta henkil\u00f6st\u00f6\u00f6n sek\u00e4 perehdyt\u00e4\u00e4n yritysten sis\u00e4iseen ja ulkoiseen viestint\u00e4\u00e4n. &nbsp; Julkaisemme blogiamme my\u00f6s Facebookissa &hellip; <a href=\"https:\/\/blogi.eoppimispalvelut.fi\/jaahyprojekti\/\">Continue reading <span class=\"meta-nav\">&rarr;<\/span><\/a><\/p>\n","protected":false},"author":4236,"featured_media":0,"parent":0,"menu_order":0,"comment_status":"closed","ping_status":"closed","template":"","meta":{"_monsterinsights_skip_tracking":false,"_monsterinsights_sitenote_active":false,"_monsterinsights_sitenote_note":"","_monsterinsights_sitenote_category":0,"footnotes":""},"class_list":["post-26","page","type-page","status-publish","hentry"],"_links":{"self":[{"href":"https:\/\/blogi.eoppimispalvelut.fi\/jaahyprojekti\/wp-json\/wp\/v2\/pages\/26","targetHints":{"allow":["GET"]}}],"collection":[{"href":"https:\/\/blogi.eoppimispalvelut.fi\/jaahyprojekti\/wp-json\/wp\/v2\/pages"}],"about":[{"href":"https:\/\/blogi.eoppimispalvelut.fi\/jaahyprojekti\/wp-json\/wp\/v2\/types\/page"}],"author":[{"embeddable":true,"href":"https:\/\/blogi.eoppimispalvelut.fi\/jaahyprojekti\/wp-json\/wp\/v2\/users\/4236"}],"replies":[{"embeddable":true,"href":"https:\/\/blogi.eoppimispalvelut.fi\/jaahyprojekti\/wp-json\/wp\/v2\/comments?post=26"}],"version-history":[{"count":13,"href":"https:\/\/blogi.eoppimispalvelut.fi\/jaahyprojekti\/wp-json\/wp\/v2\/pages\/26\/revisions"}],"predecessor-version":[{"id":282,"href":"https:\/\/blogi.eoppimispalvelut.fi\/jaahyprojekti\/wp-json\/wp\/v2\/pages\/26\/revisions\/282"}],"wp:attachment":[{"href":"https:\/\/blogi.eoppimispalvelut.fi\/jaahyprojekti\/wp-json\/wp\/v2\/media?parent=26"}],"curies":[{"name":"wp","href":"https:\/\/api.w.org\/{rel}","templated":true}]}}