{"id":465,"date":"2022-08-03T11:08:00","date_gmt":"2022-08-03T08:08:00","guid":{"rendered":"https:\/\/blogi.eoppimispalvelut.fi\/jatkumo\/?page_id=465"},"modified":"2022-09-21T12:46:35","modified_gmt":"2022-09-21T09:46:35","slug":"saavutettavuusseloste","status":"publish","type":"page","link":"https:\/\/blogi.eoppimispalvelut.fi\/jatkumo\/saavutettavuusseloste\/","title":{"rendered":"Saavutettavuusseloste"},"content":{"rendered":"<p>[et_pb_section fb_built=&#8221;1&#8243; _builder_version=&#8221;4.17.4&#8243; _module_preset=&#8221;default&#8221; global_colors_info=&#8221;{}&#8221;][et_pb_row _builder_version=&#8221;4.17.4&#8243; _module_preset=&#8221;default&#8221; global_colors_info=&#8221;{}&#8221;][et_pb_column type=&#8221;4_4&#8243; _builder_version=&#8221;4.17.4&#8243; _module_preset=&#8221;default&#8221; global_colors_info=&#8221;{}&#8221;][et_pb_text _builder_version=&#8221;4.18.0&#8243; _module_preset=&#8221;default&#8221; hover_enabled=&#8221;0&#8243; global_colors_info=&#8221;{}&#8221; sticky_enabled=&#8221;0&#8243;]<\/p>\n<p>Tervetuloa, t\u00e4m\u00e4 on organisaation Lapin ammattikorkeakoulu Oy \/ JATKUMO &#8211; Korkeakoulut yritysten jatkuvan oppimisen tukena &#8211; hankkeen saavutettavuusseloste.<\/p>\n<p>T\u00e4m\u00e4 saavutettavuusseloste koskee palvelua https:\/\/blogi.eoppimispalvelut.fi\/jatkumo\/ ja on laadittu \/ p\u00e4ivitetty 3.8.2022. Palvelua koskee laki digitaalisten palvelujen tarjoamisesta, jossa edellytet\u00e4\u00e4n, ett\u00e4 julkisten verkkopalvelujen on oltava saavutettavia.<\/p>\n<p>Olemme arvioineet palvelun saavutettavuuden itse.<\/p>\n<p>&nbsp;<\/p>\n<h1>Digipalvelun saavutettavuuden tila<\/h1>\n<p>T\u00e4ytt\u00e4\u00e4 saavutettavuusvaatimukset osittain.<\/p>\n<p>&nbsp;<\/p>\n<p>Ei-saavutettava sis\u00e4lt\u00f6<\/p>\n<h3>1. Ei kuulu lains\u00e4\u00e4d\u00e4nn\u00f6n piiriin<\/h3>\n<ul>\n<li>k\u00e4ytt\u00e4jien tai muiden ulkopuolisten tahojen palvelussa julkaisemia sis\u00e4lt\u00f6j\u00e4, jotka eiv\u00e4t ole palveluntarjoajan itsens\u00e4 tuottamia, rahoittamia tai valvomia<\/li>\n<li>suoria video- tai \u00e4\u00e4nil\u00e4hetyksi\u00e4, joita ei tallenneta s\u00e4ilytett\u00e4v\u00e4ksi tai uudelleen julkaistavaksi<br \/>Ei-saavutettavia video- ja \u00e4\u00e4nil\u00e4hetyksi\u00e4, joita ei tallenneta s\u00e4ilytett\u00e4v\u00e4ksi tai uudelleen julkaistavaksi, voi tiedustella hanketoimistosta s\u00e4hk\u00f6postitse projektip\u00e4\u00e4llik\u00f6lt\u00e4 riia.valvimo@lapinamk.fi.<\/li>\n<\/ul>\n<h3>2. Kohtuuton rasite<\/h3>\n<p>Kaikille sivustolle ladatut toimisto-ohjelmien tiedostot (esim. doc, pdf, odt) eiv\u00e4t v\u00e4ltt\u00e4m\u00e4tt\u00e4 ole kaikilta osin saavutettavia. Hankkeessa ei t\u00e4ll\u00e4 hetkell\u00e4 ole henkil\u00f6resurssia kaikkien toimisto-ohjelmien tiedostojen saavutettavuuden varmistamiseksi. Ei-saavutettavia tiedostoja voi tiedustella hanketoimistosta s\u00e4hk\u00f6postitse projektip\u00e4\u00e4llik\u00f6lt\u00e4 riia.valvimo@lapinamk.fi.<\/p>\n<p>&nbsp;<\/p>\n<h4>Huomasitko saavutettavuuspuutteen digipalvelussamme? Kerro se meille ja teemme parhaamme puutteen korjaamiseksi<\/h4>\n<h4>S\u00e4hk\u00f6postilla<\/h4>\n<p>riia.valvimo@lapinamk.fi<\/p>\n<p>&nbsp;<\/p>\n<h4>Valvontaviranomainen<\/h4>\n<p>Jos huomaat sivustolla saavutettavuusongelmia, anna ensin palautetta meille eli sivuston yll\u00e4pit\u00e4j\u00e4lle. Vastauksessa voi menn\u00e4 14 p\u00e4iv\u00e4\u00e4. Jos et ole tyytyv\u00e4inen saamaasi vastaukseen tai et saa vastausta lainkaan kahden viikon aikana, <a href=\"https:\/\/www.saavutettavuusvaatimukset.fi\/kayttajan-oikeudet\/\" target=\"_blank\" rel=\"noopener\">voit tehd\u00e4 ilmoituksen Etel\u00e4-Suomen aluehallintovirastoon (Avautuu uuteen ikkunaan)<\/a>. Etel\u00e4-Suomen aluehallintoviraston sivulla kerrotaan tarkasti, miten ilmoituksen voi tehd\u00e4 ja miten asia k\u00e4sitell\u00e4\u00e4n.<\/p>\n<p>Valvontaviranomaisen yhteystiedot<br \/>Etel\u00e4-Suomen aluehallintovirasto<br \/>Saavutettavuuden valvonnan yksikk\u00f6<br \/>www.saavutettavuusvaatimukset.fi<br \/>saavutettavuus(at)avi.fi<br \/>puhelinnumero vaihde 0295 016 000<\/p>\n<p>&nbsp;<\/p>\n<p>[\/et_pb_text][\/et_pb_column][\/et_pb_row][\/et_pb_section]<\/p>\n","protected":false},"excerpt":{"rendered":"<p>Tervetuloa, t\u00e4m\u00e4 on organisaation Lapin ammattikorkeakoulu Oy \/ JATKUMO &#8211; Korkeakoulut yritysten jatkuvan oppimisen tukena &#8211; hankkeen saavutettavuusseloste. T\u00e4m\u00e4 saavutettavuusseloste koskee palvelua https:\/\/blogi.eoppimispalvelut.fi\/jatkumo\/ ja on laadittu \/ p\u00e4ivitetty 3.8.2022. Palvelua [&hellip;]<\/p>\n","protected":false},"author":9227,"featured_media":0,"parent":0,"menu_order":0,"comment_status":"closed","ping_status":"closed","template":"","meta":{"_et_pb_use_builder":"on","_et_pb_old_content":"","_et_gb_content_width":"","footnotes":""},"class_list":["post-465","page","type-page","status-publish","hentry"],"yoast_head":"<!-- This site is optimized with the Yoast SEO plugin v27.1.1 - https:\/\/yoast.com\/product\/yoast-seo-wordpress\/ -->\n<title>Saavutettavuusseloste - Jatkumo<\/title>\n<meta name=\"description\" content=\"Organisaation Lapin ammattikorkeakoulu Oy \/ JATKUMO - Korkeakoulut yritysten jatkuvan oppimisen tukena - hankkeen saavutettavuusseloste.\" \/>\n<meta name=\"robots\" content=\"index, follow, max-snippet:-1, max-image-preview:large, max-video-preview:-1\" \/>\n<link rel=\"canonical\" href=\"https:\/\/blogi.eoppimispalvelut.fi\/jatkumo\/saavutettavuusseloste\/\" \/>\n<meta property=\"og:locale\" content=\"fi_FI\" \/>\n<meta property=\"og:type\" content=\"article\" \/>\n<meta property=\"og:title\" content=\"Saavutettavuusseloste - Jatkumo\" \/>\n<meta property=\"og:description\" content=\"Organisaation Lapin ammattikorkeakoulu Oy \/ JATKUMO - Korkeakoulut yritysten jatkuvan oppimisen tukena - hankkeen saavutettavuusseloste.\" \/>\n<meta property=\"og:url\" content=\"https:\/\/blogi.eoppimispalvelut.fi\/jatkumo\/saavutettavuusseloste\/\" \/>\n<meta property=\"og:site_name\" content=\"Jatkumo\" \/>\n<meta property=\"article:modified_time\" content=\"2022-09-21T09:46:35+00:00\" \/>\n<meta name=\"twitter:card\" content=\"summary_large_image\" \/>\n<meta name=\"twitter:label1\" content=\"Est. reading time\" \/>\n\t<meta name=\"twitter:data1\" content=\"2 minutes\" \/>\n<script type=\"application\/ld+json\" class=\"yoast-schema-graph\">{\"@context\":\"https:\/\/schema.org\",\"@graph\":[{\"@type\":\"WebPage\",\"@id\":\"https:\/\/blogi.eoppimispalvelut.fi\/jatkumo\/saavutettavuusseloste\/\",\"url\":\"https:\/\/blogi.eoppimispalvelut.fi\/jatkumo\/saavutettavuusseloste\/\",\"name\":\"Saavutettavuusseloste - Jatkumo\",\"isPartOf\":{\"@id\":\"https:\/\/blogi.eoppimispalvelut.fi\/jatkumo\/#website\"},\"datePublished\":\"2022-08-03T08:08:00+00:00\",\"dateModified\":\"2022-09-21T09:46:35+00:00\",\"description\":\"Organisaation Lapin ammattikorkeakoulu Oy \/ JATKUMO - Korkeakoulut yritysten jatkuvan oppimisen tukena - hankkeen saavutettavuusseloste.\",\"breadcrumb\":{\"@id\":\"https:\/\/blogi.eoppimispalvelut.fi\/jatkumo\/saavutettavuusseloste\/#breadcrumb\"},\"inLanguage\":\"fi\",\"potentialAction\":[{\"@type\":\"ReadAction\",\"target\":[\"https:\/\/blogi.eoppimispalvelut.fi\/jatkumo\/saavutettavuusseloste\/\"]}]},{\"@type\":\"BreadcrumbList\",\"@id\":\"https:\/\/blogi.eoppimispalvelut.fi\/jatkumo\/saavutettavuusseloste\/#breadcrumb\",\"itemListElement\":[{\"@type\":\"ListItem\",\"position\":1,\"name\":\"Home\",\"item\":\"https:\/\/blogi.eoppimispalvelut.fi\/jatkumo\/\"},{\"@type\":\"ListItem\",\"position\":2,\"name\":\"Saavutettavuusseloste\"}]},{\"@type\":\"WebSite\",\"@id\":\"https:\/\/blogi.eoppimispalvelut.fi\/jatkumo\/#website\",\"url\":\"https:\/\/blogi.eoppimispalvelut.fi\/jatkumo\/\",\"name\":\"Jatkumo\",\"description\":\"Ammattikorkeakoulut yritysten jatkuvan oppimisen tukena\",\"potentialAction\":[{\"@type\":\"SearchAction\",\"target\":{\"@type\":\"EntryPoint\",\"urlTemplate\":\"https:\/\/blogi.eoppimispalvelut.fi\/jatkumo\/?s={search_term_string}\"},\"query-input\":{\"@type\":\"PropertyValueSpecification\",\"valueRequired\":true,\"valueName\":\"search_term_string\"}}],\"inLanguage\":\"fi\"}]}<\/script>\n<!-- \/ Yoast SEO plugin. -->","yoast_head_json":{"title":"Saavutettavuusseloste - Jatkumo","description":"Organisaation Lapin ammattikorkeakoulu Oy \/ JATKUMO - Korkeakoulut yritysten jatkuvan oppimisen tukena - hankkeen saavutettavuusseloste.","robots":{"index":"index","follow":"follow","max-snippet":"max-snippet:-1","max-image-preview":"max-image-preview:large","max-video-preview":"max-video-preview:-1"},"canonical":"https:\/\/blogi.eoppimispalvelut.fi\/jatkumo\/saavutettavuusseloste\/","og_locale":"fi_FI","og_type":"article","og_title":"Saavutettavuusseloste - Jatkumo","og_description":"Organisaation Lapin ammattikorkeakoulu Oy \/ JATKUMO - Korkeakoulut yritysten jatkuvan oppimisen tukena - hankkeen saavutettavuusseloste.","og_url":"https:\/\/blogi.eoppimispalvelut.fi\/jatkumo\/saavutettavuusseloste\/","og_site_name":"Jatkumo","article_modified_time":"2022-09-21T09:46:35+00:00","twitter_card":"summary_large_image","twitter_misc":{"Est. reading time":"2 minutes"},"schema":{"@context":"https:\/\/schema.org","@graph":[{"@type":"WebPage","@id":"https:\/\/blogi.eoppimispalvelut.fi\/jatkumo\/saavutettavuusseloste\/","url":"https:\/\/blogi.eoppimispalvelut.fi\/jatkumo\/saavutettavuusseloste\/","name":"Saavutettavuusseloste - Jatkumo","isPartOf":{"@id":"https:\/\/blogi.eoppimispalvelut.fi\/jatkumo\/#website"},"datePublished":"2022-08-03T08:08:00+00:00","dateModified":"2022-09-21T09:46:35+00:00","description":"Organisaation Lapin ammattikorkeakoulu Oy \/ JATKUMO - Korkeakoulut yritysten jatkuvan oppimisen tukena - hankkeen saavutettavuusseloste.","breadcrumb":{"@id":"https:\/\/blogi.eoppimispalvelut.fi\/jatkumo\/saavutettavuusseloste\/#breadcrumb"},"inLanguage":"fi","potentialAction":[{"@type":"ReadAction","target":["https:\/\/blogi.eoppimispalvelut.fi\/jatkumo\/saavutettavuusseloste\/"]}]},{"@type":"BreadcrumbList","@id":"https:\/\/blogi.eoppimispalvelut.fi\/jatkumo\/saavutettavuusseloste\/#breadcrumb","itemListElement":[{"@type":"ListItem","position":1,"name":"Home","item":"https:\/\/blogi.eoppimispalvelut.fi\/jatkumo\/"},{"@type":"ListItem","position":2,"name":"Saavutettavuusseloste"}]},{"@type":"WebSite","@id":"https:\/\/blogi.eoppimispalvelut.fi\/jatkumo\/#website","url":"https:\/\/blogi.eoppimispalvelut.fi\/jatkumo\/","name":"Jatkumo","description":"Ammattikorkeakoulut yritysten jatkuvan oppimisen tukena","potentialAction":[{"@type":"SearchAction","target":{"@type":"EntryPoint","urlTemplate":"https:\/\/blogi.eoppimispalvelut.fi\/jatkumo\/?s={search_term_string}"},"query-input":{"@type":"PropertyValueSpecification","valueRequired":true,"valueName":"search_term_string"}}],"inLanguage":"fi"}]}},"_links":{"self":[{"href":"https:\/\/blogi.eoppimispalvelut.fi\/jatkumo\/wp-json\/wp\/v2\/pages\/465","targetHints":{"allow":["GET"]}}],"collection":[{"href":"https:\/\/blogi.eoppimispalvelut.fi\/jatkumo\/wp-json\/wp\/v2\/pages"}],"about":[{"href":"https:\/\/blogi.eoppimispalvelut.fi\/jatkumo\/wp-json\/wp\/v2\/types\/page"}],"author":[{"embeddable":true,"href":"https:\/\/blogi.eoppimispalvelut.fi\/jatkumo\/wp-json\/wp\/v2\/users\/9227"}],"replies":[{"embeddable":true,"href":"https:\/\/blogi.eoppimispalvelut.fi\/jatkumo\/wp-json\/wp\/v2\/comments?post=465"}],"version-history":[{"count":5,"href":"https:\/\/blogi.eoppimispalvelut.fi\/jatkumo\/wp-json\/wp\/v2\/pages\/465\/revisions"}],"predecessor-version":[{"id":550,"href":"https:\/\/blogi.eoppimispalvelut.fi\/jatkumo\/wp-json\/wp\/v2\/pages\/465\/revisions\/550"}],"wp:attachment":[{"href":"https:\/\/blogi.eoppimispalvelut.fi\/jatkumo\/wp-json\/wp\/v2\/media?parent=465"}],"curies":[{"name":"wp","href":"https:\/\/api.w.org\/{rel}","templated":true}]}}