{"id":307,"date":"2023-04-04T12:53:02","date_gmt":"2023-04-04T09:53:02","guid":{"rendered":"https:\/\/blogi.eoppimispalvelut.fi\/jatkuvaoppiminen\/?page_id=307"},"modified":"2023-10-18T14:59:46","modified_gmt":"2023-10-18T11:59:46","slug":"info","status":"publish","type":"page","link":"https:\/\/blogi.eoppimispalvelut.fi\/jatkuvaoppiminen\/info\/","title":{"rendered":"Ohjeet"},"content":{"rendered":"\n<p>Alla olevat ohjeet opastavat, miten suorittaa mikro-opintoja ja annat niist\u00e4 palautetta. N\u00e4m\u00e4 opinnot on toteutettu valtakunnallisen MUUVI \u2013 Yritysten muutoskyvykkyys, vihre\u00e4 siirtym\u00e4 ja digitalisaatio -hankkeen aikana.* Mikro-opinnot sopivat yritt\u00e4jille ja yritysten henkil\u00f6kunnalle.<\/p>\n\n\n\n<p>Koska mikro-opinnot on tuotettu Euroopan sosiaalirahaston REACT-EU-rahoituksella, hankkeen tulee todentaa mikro-opintoihin osallistuneiden lukum\u00e4\u00e4r\u00e4, jotka kuuluvat hankkeen kohderyhm\u00e4\u00e4n.&nbsp;Jokaisen mikro-opinnon alussa on kysely. Siin\u00e4 pyydet\u00e4\u00e4n sinua antamaan tiedot, oletko yritt\u00e4j\u00e4 tai ty\u00f6suhteessa sek\u00e4 kotimaakuntasi.<\/p>\n\n\n\n<div style=\"height:40px\" aria-hidden=\"true\" class=\"wp-block-spacer\"><\/div>\n\n\n\n<h3 class=\"wp-block-heading\">Miten aloitat opinnot?<\/h3>\n\n\n\n<div class=\"wp-block-columns is-layout-flex wp-container-core-columns-is-layout-9d6595d7 wp-block-columns-is-layout-flex\">\n<div class=\"wp-block-column is-vertically-aligned-top is-layout-flow wp-block-column-is-layout-flow\" style=\"flex-basis:33.33%\">\n<h2 class=\"wp-block-heading has-text-align-center has-text-color\" style=\"color:#ff5032\">1<\/h2>\n<\/div>\n\n\n\n<div class=\"wp-block-column is-vertically-aligned-top is-layout-flow wp-block-column-is-layout-flow\" style=\"flex-basis:66.66%\">\n<p>Rekister\u00f6idy oppimisalustalle. Luo itsellesi tili osoitteessa:   <a rel=\"noreferrer noopener\" href=\"https:\/\/blogi.eoppimispalvelut.fi\/jatkuvaoppiminen\/login\/\" target=\"_blank\">https:\/\/blogi.eoppimispalvelut.fi\/jatkuvaoppiminen\/login\/<\/a> . Jos olet jo aiemmin luonut tilin Lapin AMK:n verkko-oppimisalustalle, voit kirjautua sis\u00e4\u00e4n.&nbsp;<a rel=\"noreferrer noopener\" href=\"https:\/\/blogi.eoppimispalvelut.fi\/jatkuvaoppiminen\/tietosuoja\/\" target=\"_blank\">Lue tietosuojalauseke henkil\u00f6tietojesi k\u00e4yt\u00f6st\u00e4. &gt;<\/a><\/p>\n<\/div>\n<\/div>\n\n\n\n<div class=\"wp-block-columns is-layout-flex wp-container-core-columns-is-layout-9d6595d7 wp-block-columns-is-layout-flex\">\n<div class=\"wp-block-column is-vertically-aligned-top is-layout-flow wp-block-column-is-layout-flow\" style=\"flex-basis:33.33%\">\n<h2 class=\"wp-block-heading has-text-align-center has-text-color\" style=\"color:#ff5032\">2<\/h2>\n<\/div>\n\n\n\n<div class=\"wp-block-column is-vertically-aligned-top is-layout-flow wp-block-column-is-layout-flow\" style=\"flex-basis:66.66%\">\n<p>Selaa Lapin AMK:n tarjoamaa mikro-opintovalikoimaa. Valitse sinua kiinnostava opinto. <a rel=\"noreferrer noopener\" href=\"https:\/\/blogi.eoppimispalvelut.fi\/jatkuvaoppiminen\/mikro-opinnot\/\" target=\"_blank\">Siirry selaamaan opintovalikoimaa.&gt;&nbsp;<\/a><\/p>\n<\/div>\n<\/div>\n\n\n\n<div class=\"wp-block-columns is-layout-flex wp-container-core-columns-is-layout-9d6595d7 wp-block-columns-is-layout-flex\">\n<div class=\"wp-block-column is-vertically-aligned-top is-layout-flow wp-block-column-is-layout-flow\" style=\"flex-basis:33.33%\">\n<h2 class=\"wp-block-heading has-text-align-center has-text-color\" style=\"color:#ff5032\">3<\/h2>\n<\/div>\n\n\n\n<div class=\"wp-block-column is-vertically-aligned-top is-layout-flow wp-block-column-is-layout-flow\" style=\"flex-basis:66.66%\">\n<p>Aloita opiskelu klikkaamalla valitsemasi opinnon kohdalla painiketta &#8220;Aloita opinnot&#8221;.&nbsp;<\/p>\n<\/div>\n<\/div>\n\n\n\n<div class=\"wp-block-columns is-layout-flex wp-container-core-columns-is-layout-9d6595d7 wp-block-columns-is-layout-flex\">\n<div class=\"wp-block-column is-vertically-aligned-top is-layout-flow wp-block-column-is-layout-flow\" style=\"flex-basis:33.33%\">\n<h2 class=\"wp-block-heading has-text-align-center has-text-color\" style=\"color:#ff5032\">4<\/h2>\n<\/div>\n\n\n\n<div class=\"wp-block-column is-vertically-aligned-top is-layout-flow wp-block-column-is-layout-flow\" style=\"flex-basis:66.66%\">\n<p>Hienoa, voit aloittaa opinnot! Voit suorittaa opinnot oman aikataulusi mukaan. Oppimisalusta on k\u00e4yt\u00f6ss\u00e4si 24\/7. Kiitos osallistumisesta!<\/p>\n<\/div>\n<\/div>\n\n\n\n<p>*Jokaisella hankkeeseen osallistuneella korkeakoululla on omat verkko-opinto -sivusto. Jos haluat menn\u00e4 katsomaan valtakunnalista opintotarjontaa, siirry sivustolle <a rel=\"noreferrer noopener\" href=\"https:\/\/www.yritystenmuutoskumppanina.fi\/\" target=\"_blank\">Y<\/a><a rel=\"noreferrer noopener\" href=\"https:\/\/www.yritystenmuutoskumppanina.fi\/\" target=\"_blank\">r<\/a><a rel=\"noreferrer noopener\" href=\"https:\/\/www.yritystenmuutoskumppanina.fi\/\" target=\"_blank\">i<\/a><a rel=\"noreferrer noopener\" href=\"https:\/\/www.yritystenmuutoskumppanina.fi\/\" target=\"_blank\">t<\/a><a rel=\"noreferrer noopener\" href=\"https:\/\/www.yritystenmuutoskumppanina.fi\/\" target=\"_blank\">y<\/a><a rel=\"noreferrer noopener\" href=\"https:\/\/www.yritystenmuutoskumppanina.fi\/\" target=\"_blank\">s<\/a><a rel=\"noreferrer noopener\" href=\"https:\/\/www.yritystenmuutoskumppanina.fi\/\" target=\"_blank\">t<\/a><a rel=\"noreferrer noopener\" href=\"https:\/\/www.yritystenmuutoskumppanina.fi\/\" target=\"_blank\">e<\/a><a rel=\"noreferrer noopener\" href=\"https:\/\/www.yritystenmuutoskumppanina.fi\/\" target=\"_blank\">n<\/a><a rel=\"noreferrer noopener\" href=\"https:\/\/www.yritystenmuutoskumppanina.fi\/\" target=\"_blank\"> <\/a><a rel=\"noreferrer noopener\" href=\"https:\/\/www.yritystenmuutoskumppanina.fi\/\" target=\"_blank\">m<\/a><a rel=\"noreferrer noopener\" href=\"https:\/\/www.yritystenmuutoskumppanina.fi\/\" target=\"_blank\">u<\/a><a rel=\"noreferrer noopener\" href=\"https:\/\/www.yritystenmuutoskumppanina.fi\/\" target=\"_blank\">u<\/a><a rel=\"noreferrer noopener\" href=\"https:\/\/www.yritystenmuutoskumppanina.fi\/\" target=\"_blank\">t<\/a><a rel=\"noreferrer noopener\" href=\"https:\/\/www.yritystenmuutoskumppanina.fi\/\" target=\"_blank\">o<\/a><a rel=\"noreferrer noopener\" href=\"https:\/\/www.yritystenmuutoskumppanina.fi\/\" target=\"_blank\">s<\/a><a rel=\"noreferrer noopener\" href=\"https:\/\/www.yritystenmuutoskumppanina.fi\/\" target=\"_blank\">k<\/a><a rel=\"noreferrer noopener\" href=\"https:\/\/www.yritystenmuutoskumppanina.fi\/\" target=\"_blank\">u<\/a><a rel=\"noreferrer noopener\" href=\"https:\/\/www.yritystenmuutoskumppanina.fi\/\" target=\"_blank\">m<\/a><a rel=\"noreferrer noopener\" href=\"https:\/\/www.yritystenmuutoskumppanina.fi\/\" target=\"_blank\">p<\/a><a rel=\"noreferrer noopener\" href=\"https:\/\/www.yritystenmuutoskumppanina.fi\/\" target=\"_blank\">p<\/a><a rel=\"noreferrer noopener\" href=\"https:\/\/www.yritystenmuutoskumppanina.fi\/\" target=\"_blank\">a<\/a><a rel=\"noreferrer noopener\" href=\"https:\/\/www.yritystenmuutoskumppanina.fi\/\" target=\"_blank\">n<\/a><a rel=\"noreferrer noopener\" href=\"https:\/\/www.yritystenmuutoskumppanina.fi\/\" target=\"_blank\">i<\/a><a rel=\"noreferrer noopener\" href=\"https:\/\/www.yritystenmuutoskumppanina.fi\/\" target=\"_blank\">n<\/a><a href=\"https:\/\/www.yritystenmuutoskumppanina.fi\/\" target=\"_blank\" rel=\"noreferrer noopener\">a<\/a>.<\/p>\n\n\n\n<div style=\"height:40px\" aria-hidden=\"true\" class=\"wp-block-spacer\"><\/div>\n\n\n\n<h3 class=\"wp-block-heading\">Miten annat palautetta?<\/h3>\n\n\n\n<div class=\"wp-block-columns is-layout-flex wp-container-core-columns-is-layout-9d6595d7 wp-block-columns-is-layout-flex\">\n<div class=\"wp-block-column is-vertically-aligned-top is-layout-flow wp-block-column-is-layout-flow\" style=\"flex-basis:33.33%\">\n<h2 class=\"wp-block-heading has-text-align-center has-text-color\" style=\"color:#ff5032\">1<\/h2>\n<\/div>\n\n\n\n<div class=\"wp-block-column is-vertically-aligned-top is-layout-flow wp-block-column-is-layout-flow\" style=\"flex-basis:66.66%\">\n<p>Palaute annetaan suoraan oppimisalustalla. Paina painiketta <strong>Palaute<\/strong> sivun oikeassa laidassa, jotta palautelaatikko aukeaa.<\/p>\n\n\n\n<figure class=\"wp-block-image size-large\"><img loading=\"lazy\" decoding=\"async\" width=\"1024\" height=\"583\" src=\"https:\/\/blogi.eoppimispalvelut.fi\/jatkuvaoppiminen\/files\/2023\/06\/hotjar-palautelaatikko-sivulla-1024x583.png\" alt=\"\" class=\"wp-image-2426\" srcset=\"https:\/\/blogi.eoppimispalvelut.fi\/jatkuvaoppiminen\/files\/2023\/06\/hotjar-palautelaatikko-sivulla-1024x583.png 1024w, https:\/\/blogi.eoppimispalvelut.fi\/jatkuvaoppiminen\/files\/2023\/06\/hotjar-palautelaatikko-sivulla-980x558.png 980w, https:\/\/blogi.eoppimispalvelut.fi\/jatkuvaoppiminen\/files\/2023\/06\/hotjar-palautelaatikko-sivulla-480x273.png 480w\" sizes=\"(min-width: 0px) and (max-width: 480px) 480px, (min-width: 481px) and (max-width: 980px) 980px, (min-width: 981px) 1024px, 100vw\" \/><\/figure>\n<\/div>\n<\/div>\n\n\n\n<div class=\"wp-block-columns is-layout-flex wp-container-core-columns-is-layout-9d6595d7 wp-block-columns-is-layout-flex\">\n<div class=\"wp-block-column is-vertically-aligned-top is-layout-flow wp-block-column-is-layout-flow\" style=\"flex-basis:33.33%\">\n<h2 class=\"wp-block-heading has-text-align-center has-text-color\" style=\"color:#ff5032\">2<\/h2>\n<\/div>\n\n\n\n<div class=\"wp-block-column is-vertically-aligned-top is-layout-flow wp-block-column-is-layout-flow\" style=\"flex-basis:66.66%\">\n<p><strong>Mink\u00e4 arvion annat k\u00e4ytt\u00f6kokemuksellesi?<\/strong> Valitse yksi hymi\u00f6ist\u00e4. <\/p>\n\n\n\n<figure class=\"wp-block-image size-large\"><img loading=\"lazy\" decoding=\"async\" width=\"1024\" height=\"581\" src=\"https:\/\/blogi.eoppimispalvelut.fi\/jatkuvaoppiminen\/files\/2023\/06\/hotjar-palautelaatikko-hymio-1024x581.png\" alt=\"\" class=\"wp-image-2427\" srcset=\"https:\/\/blogi.eoppimispalvelut.fi\/jatkuvaoppiminen\/files\/2023\/06\/hotjar-palautelaatikko-hymio-1024x581.png 1024w, https:\/\/blogi.eoppimispalvelut.fi\/jatkuvaoppiminen\/files\/2023\/06\/hotjar-palautelaatikko-hymio-980x556.png 980w, https:\/\/blogi.eoppimispalvelut.fi\/jatkuvaoppiminen\/files\/2023\/06\/hotjar-palautelaatikko-hymio-480x272.png 480w\" sizes=\"(min-width: 0px) and (max-width: 480px) 480px, (min-width: 481px) and (max-width: 980px) 980px, (min-width: 981px) 1024px, 100vw\" \/><\/figure>\n<\/div>\n<\/div>\n\n\n\n<div class=\"wp-block-columns is-layout-flex wp-container-core-columns-is-layout-9d6595d7 wp-block-columns-is-layout-flex\">\n<div class=\"wp-block-column is-vertically-aligned-top is-layout-flow wp-block-column-is-layout-flow\" style=\"flex-basis:33.33%\">\n<h2 class=\"wp-block-heading has-text-align-center has-text-color\" style=\"color:#ff5032\">3<\/h2>\n<\/div>\n\n\n\n<div class=\"wp-block-column is-vertically-aligned-top is-layout-flow wp-block-column-is-layout-flow\" style=\"flex-basis:66.66%\">\n<p><strong>Kerro meille kokemuksestasi&#8230;<\/strong> Kirjoita sanallinen palautteesi tekstilaatikkoon.<\/p>\n\n\n\n<figure class=\"wp-block-image size-large\"><img loading=\"lazy\" decoding=\"async\" width=\"1024\" height=\"582\" src=\"https:\/\/blogi.eoppimispalvelut.fi\/jatkuvaoppiminen\/files\/2023\/06\/hotjar-palautelaatikko-tekstilaatikko-1024x582.png\" alt=\"\" class=\"wp-image-2428\" srcset=\"https:\/\/blogi.eoppimispalvelut.fi\/jatkuvaoppiminen\/files\/2023\/06\/hotjar-palautelaatikko-tekstilaatikko-1024x582.png 1024w, https:\/\/blogi.eoppimispalvelut.fi\/jatkuvaoppiminen\/files\/2023\/06\/hotjar-palautelaatikko-tekstilaatikko-980x557.png 980w, https:\/\/blogi.eoppimispalvelut.fi\/jatkuvaoppiminen\/files\/2023\/06\/hotjar-palautelaatikko-tekstilaatikko-480x273.png 480w\" sizes=\"(min-width: 0px) and (max-width: 480px) 480px, (min-width: 481px) and (max-width: 980px) 980px, (min-width: 981px) 1024px, 100vw\" \/><\/figure>\n<\/div>\n<\/div>\n\n\n\n<div class=\"wp-block-columns is-layout-flex wp-container-core-columns-is-layout-9d6595d7 wp-block-columns-is-layout-flex\">\n<div class=\"wp-block-column is-vertically-aligned-top is-layout-flow wp-block-column-is-layout-flow\" style=\"flex-basis:33.33%\">\n<h2 class=\"wp-block-heading has-text-align-center has-text-color\" style=\"color:#ff5032\">(4)<\/h2>\n<\/div>\n\n\n\n<div class=\"wp-block-column is-vertically-aligned-top is-layout-flow wp-block-column-is-layout-flow\" style=\"flex-basis:66.66%\">\n<p><strong>Valitse jokin elementti sivulta.<\/strong> Jos haluat kohdistaa palautteesi sivun tiettyyn osaan, esimerkiksi tekstiin, paina palautelaatikon vasemmassa alalaidassa olevaa valintaruutua.  <\/p>\n\n\n\n<figure class=\"wp-block-image size-large\"><img loading=\"lazy\" decoding=\"async\" width=\"1024\" height=\"582\" src=\"https:\/\/blogi.eoppimispalvelut.fi\/jatkuvaoppiminen\/files\/2023\/06\/hotjar-palautelaatikko-kuvapalaute-1024x582.png\" alt=\"\" class=\"wp-image-2429\" srcset=\"https:\/\/blogi.eoppimispalvelut.fi\/jatkuvaoppiminen\/files\/2023\/06\/hotjar-palautelaatikko-kuvapalaute-1024x582.png 1024w, https:\/\/blogi.eoppimispalvelut.fi\/jatkuvaoppiminen\/files\/2023\/06\/hotjar-palautelaatikko-kuvapalaute-980x557.png 980w, https:\/\/blogi.eoppimispalvelut.fi\/jatkuvaoppiminen\/files\/2023\/06\/hotjar-palautelaatikko-kuvapalaute-480x273.png 480w\" sizes=\"(min-width: 0px) and (max-width: 480px) 480px, (min-width: 481px) and (max-width: 980px) 980px, (min-width: 981px) 1024px, 100vw\" \/><\/figure>\n<\/div>\n<\/div>\n\n\n\n<div class=\"wp-block-columns is-layout-flex wp-container-core-columns-is-layout-9d6595d7 wp-block-columns-is-layout-flex\">\n<div class=\"wp-block-column is-vertically-aligned-top is-layout-flow wp-block-column-is-layout-flow\" style=\"flex-basis:33.33%\">\n<h2 class=\"wp-block-heading has-text-align-center has-text-color\" style=\"color:#ff5032\">(5)<\/h2>\n<\/div>\n\n\n\n<div class=\"wp-block-column is-vertically-aligned-top is-layout-flow wp-block-column-is-layout-flow\" style=\"flex-basis:66.66%\">\n<p><strong>Valitse jokin elementti sivulta x.<\/strong> Valitse teksti \/ muu elementtti sivulla, johon haluat kohdistaa palautteesi.  <\/p>\n\n\n\n<figure class=\"wp-block-image size-large\"><img loading=\"lazy\" decoding=\"async\" width=\"1024\" height=\"582\" src=\"https:\/\/blogi.eoppimispalvelut.fi\/jatkuvaoppiminen\/files\/2023\/06\/hotjar-palautelaatikko-kuvapalaute-elementti-valittu-1024x582.png\" alt=\"\" class=\"wp-image-2431\" srcset=\"https:\/\/blogi.eoppimispalvelut.fi\/jatkuvaoppiminen\/files\/2023\/06\/hotjar-palautelaatikko-kuvapalaute-elementti-valittu-1024x582.png 1024w, https:\/\/blogi.eoppimispalvelut.fi\/jatkuvaoppiminen\/files\/2023\/06\/hotjar-palautelaatikko-kuvapalaute-elementti-valittu-980x557.png 980w, https:\/\/blogi.eoppimispalvelut.fi\/jatkuvaoppiminen\/files\/2023\/06\/hotjar-palautelaatikko-kuvapalaute-elementti-valittu-480x273.png 480w\" sizes=\"(min-width: 0px) and (max-width: 480px) 480px, (min-width: 481px) and (max-width: 980px) 980px, (min-width: 981px) 1024px, 100vw\" \/><\/figure>\n<\/div>\n<\/div>\n\n\n\n<div class=\"wp-block-columns is-layout-flex wp-container-core-columns-is-layout-9d6595d7 wp-block-columns-is-layout-flex\">\n<div class=\"wp-block-column is-vertically-aligned-top is-layout-flow wp-block-column-is-layout-flow\" style=\"flex-basis:33.33%\">\n<h2 class=\"wp-block-heading has-text-align-center has-text-color\" style=\"color:#ff5032\">6<\/h2>\n<\/div>\n\n\n\n<div class=\"wp-block-column is-vertically-aligned-center is-layout-flow wp-block-column-is-layout-flow\" style=\"flex-basis:66.66%\">\n<p><strong>L\u00e4het\u00e4 <\/strong>palautteesi. Paina painiketta L\u00e4het\u00e4.   <\/p>\n\n\n\n<figure class=\"wp-block-image size-large\"><img loading=\"lazy\" decoding=\"async\" width=\"1024\" height=\"581\" src=\"https:\/\/blogi.eoppimispalvelut.fi\/jatkuvaoppiminen\/files\/2023\/06\/hotjar-palautelaatikko-laheta-1024x581.png\" alt=\"\" class=\"wp-image-2432\" srcset=\"https:\/\/blogi.eoppimispalvelut.fi\/jatkuvaoppiminen\/files\/2023\/06\/hotjar-palautelaatikko-laheta-1024x581.png 1024w, https:\/\/blogi.eoppimispalvelut.fi\/jatkuvaoppiminen\/files\/2023\/06\/hotjar-palautelaatikko-laheta-980x557.png 980w, https:\/\/blogi.eoppimispalvelut.fi\/jatkuvaoppiminen\/files\/2023\/06\/hotjar-palautelaatikko-laheta-480x273.png 480w\" sizes=\"(min-width: 0px) and (max-width: 480px) 480px, (min-width: 481px) and (max-width: 980px) 980px, (min-width: 981px) 1024px, 100vw\" \/><\/figure>\n<\/div>\n<\/div>\n\n\n\n<div class=\"wp-block-columns is-layout-flex wp-container-core-columns-is-layout-9d6595d7 wp-block-columns-is-layout-flex\">\n<div class=\"wp-block-column is-vertically-aligned-top is-layout-flow wp-block-column-is-layout-flow\" style=\"flex-basis:33.33%\">\n<h2 class=\"wp-block-heading has-text-align-center has-text-color\" style=\"color:#ff5032\">7<\/h2>\n<\/div>\n\n\n\n<div class=\"wp-block-column is-vertically-aligned-top is-layout-flow wp-block-column-is-layout-flow\" style=\"flex-basis:66.66%\">\n<p><strong>Kiitos antamastasi palauteesta!<\/strong> Olemme vastaanottaneet palauteesi kun n\u00e4et kiitosviestin. Voit sulkea palautelaatikon x-painikkeesta.    <\/p>\n\n\n\n<figure class=\"wp-block-image size-large\"><img loading=\"lazy\" decoding=\"async\" width=\"1024\" height=\"582\" src=\"https:\/\/blogi.eoppimispalvelut.fi\/jatkuvaoppiminen\/files\/2023\/06\/hotjar-palautelaatikko-kiitos-palautteesta-sulje-1024x582.png\" alt=\"\" class=\"wp-image-2434\" srcset=\"https:\/\/blogi.eoppimispalvelut.fi\/jatkuvaoppiminen\/files\/2023\/06\/hotjar-palautelaatikko-kiitos-palautteesta-sulje-1024x582.png 1024w, https:\/\/blogi.eoppimispalvelut.fi\/jatkuvaoppiminen\/files\/2023\/06\/hotjar-palautelaatikko-kiitos-palautteesta-sulje-980x557.png 980w, https:\/\/blogi.eoppimispalvelut.fi\/jatkuvaoppiminen\/files\/2023\/06\/hotjar-palautelaatikko-kiitos-palautteesta-sulje-480x273.png 480w\" sizes=\"(min-width: 0px) and (max-width: 480px) 480px, (min-width: 481px) and (max-width: 980px) 980px, (min-width: 981px) 1024px, 100vw\" \/><\/figure>\n<\/div>\n<\/div>\n\n\n\n<p><\/p>\n\n\n\n<p><\/p>\n","protected":false},"excerpt":{"rendered":"<p>Alla olevat ohjeet opastavat, miten suorittaa mikro-opintoja ja annat niist\u00e4 palautetta. N\u00e4m\u00e4 opinnot on toteutettu valtakunnallisen MUUVI \u2013 Yritysten muutoskyvykkyys, vihre\u00e4 siirtym\u00e4 ja digitalisaatio -hankkeen aikana.* Mikro-opinnot sopivat yritt\u00e4jille ja yritysten henkil\u00f6kunnalle. Koska mikro-opinnot on tuotettu Euroopan sosiaalirahaston REACT-EU-rahoituksella, hankkeen tulee todentaa mikro-opintoihin osallistuneiden lukum\u00e4\u00e4r\u00e4, jotka kuuluvat hankkeen kohderyhm\u00e4\u00e4n.&nbsp;Jokaisen mikro-opinnon alussa on kysely. Siin\u00e4 pyydet\u00e4\u00e4n [&hellip;]<\/p>\n","protected":false},"author":4381,"featured_media":0,"parent":0,"menu_order":0,"comment_status":"closed","ping_status":"closed","template":"","meta":{"_et_pb_use_builder":"","_et_pb_old_content":"","_et_gb_content_width":"","footnotes":""},"class_list":["post-307","page","type-page","status-publish","hentry"],"_links":{"self":[{"href":"https:\/\/blogi.eoppimispalvelut.fi\/jatkuvaoppiminen\/wp-json\/wp\/v2\/pages\/307","targetHints":{"allow":["GET"]}}],"collection":[{"href":"https:\/\/blogi.eoppimispalvelut.fi\/jatkuvaoppiminen\/wp-json\/wp\/v2\/pages"}],"about":[{"href":"https:\/\/blogi.eoppimispalvelut.fi\/jatkuvaoppiminen\/wp-json\/wp\/v2\/types\/page"}],"author":[{"embeddable":true,"href":"https:\/\/blogi.eoppimispalvelut.fi\/jatkuvaoppiminen\/wp-json\/wp\/v2\/users\/4381"}],"replies":[{"embeddable":true,"href":"https:\/\/blogi.eoppimispalvelut.fi\/jatkuvaoppiminen\/wp-json\/wp\/v2\/comments?post=307"}],"version-history":[{"count":25,"href":"https:\/\/blogi.eoppimispalvelut.fi\/jatkuvaoppiminen\/wp-json\/wp\/v2\/pages\/307\/revisions"}],"predecessor-version":[{"id":6759,"href":"https:\/\/blogi.eoppimispalvelut.fi\/jatkuvaoppiminen\/wp-json\/wp\/v2\/pages\/307\/revisions\/6759"}],"wp:attachment":[{"href":"https:\/\/blogi.eoppimispalvelut.fi\/jatkuvaoppiminen\/wp-json\/wp\/v2\/media?parent=307"}],"curies":[{"name":"wp","href":"https:\/\/api.w.org\/{rel}","templated":true}]}}